{"id":7,"date":"2019-12-04T23:00:00","date_gmt":"2019-06-17T14:08:45","guid":{"rendered":"http:\/\/asso.unilim.fr\/rerdh\/contact\/"},"modified":"2023-05-04T16:11:15","modified_gmt":"2023-05-04T14:11:15","slug":"contact","status":"publish","type":"page","link":"https:\/\/asso.unilim.fr\/rerdh\/contact\/","title":{"rendered":"Contact"},"content":{"rendered":"        <div class=\"container-fluid  \" style=\"\">\n                      <div class=\"container\">\n                <div class=\"row \" style=\"margin-top: 30px;margin-bottom: 30px\">        <div class=\"col-md-12 \">\n                    <div class=\"row\">\n                    <div class=\"col-sm-6\">\n                    <div class=\"clearfix ul-element-text \">\n            \n<h3 class=\"ul-bold\"><strong>Pour toute information :<\/strong><br \/><\/h3>\n<h3 class=\"ul-bold\"><\/h3>\n<p class=\"ul-bold\">fdse.rerdh@unilim.fr<\/p>\n<p><\/p>\n<p data-mce-style=\"text-align: justify;\" style=\"text-align: justify\" class=\"ul-bold\">R\u00e9seau Europ\u00e9en de Recherche en Droits de l&rsquo;Homme<\/p>\n<p data-mce-style=\"text-align: justify;\" style=\"text-align: justify\" class=\"ul-bold\">Facult\u00e9 de Droit et des Sciences \u00e9conomiques de Limoges<\/p>\n<p data-mce-style=\"text-align: justify;\" style=\"text-align: justify\" class=\"ul-bold\">5 rue F\u00e9lix \u00c9bou\u00e9<\/p>\n<p data-mce-style=\"text-align: justify;\" style=\"text-align: justify\" class=\"ul-bold\">87000&nbsp;LIMOGES<\/p>\n        <\/div>\n                <\/div>\n                <div class=\"col-sm-6\">\n                        <div class=\"ul-element-personne \" style=\"margin: 15px 0; display: table;\">\n                <div style=\"display:table-row\" class=\"element-body\">\n                    <div style=\"display: table-cell; vertical-align: top;\" class=\"element-image\">\n                                                            <img decoding=\"async\" src=\"https:\/\/asso.unilim.fr\/rerdh\/wp-content\/themes\/wordpress-bootstrap-master-child\/admin\/page-live-editor\/images\/user.png\" class=\"img pull-left\" style=\"width:80px;height:80px;margin-right:15px;\"\/>\n                                            <\/div>\n                    <div style=\"display: table-cell; vertical-align: top;\" class=\"element-content\">\n                        <h4>AUJOL Sylvestre<\/h4>\n                                                <p>\n                            <span>Pr\u00e9sident<\/span><br\/>                                                                                <\/p>\n                                                <p style=\"white-space:nowrap;\">\n                                                                                                                                                                        <i class=\"fa fa-envelope-o fa-fw\"><\/i> <a href=\"mailto:sylvestre.aujol@unilim.fr\" target=\"_blank\">sylvestre.aujol@unilim.fr<\/a><br\/>                                                    <\/p>\n                        <p>\n                                                                                <\/p>\n                    <\/div>\n                <\/div>\n            <\/div>\n                    <div class=\"ul-element-personne \" style=\"margin: 15px 0; display: table;\">\n                <div style=\"display:table-row\" class=\"element-body\">\n                    <div style=\"display: table-cell; vertical-align: top;\" class=\"element-image\">\n                                                            <img decoding=\"async\" src=\"https:\/\/asso.unilim.fr\/rerdh\/wp-content\/themes\/wordpress-bootstrap-master-child\/admin\/page-live-editor\/images\/user.png\" class=\"img pull-left\" style=\"width:80px;height:80px;margin-right:15px;\"\/>\n                                            <\/div>\n                    <div style=\"display: table-cell; vertical-align: top;\" class=\"element-content\">\n                        <h4>FADERNE Aur\u00e9lien<\/h4>\n                                                <p>\n                            <span>Vice-Pr\u00e9sident<\/span><br\/>                                                                                <\/p>\n                                                <p style=\"white-space:nowrap;\">\n                                                                                                                                                                        <i class=\"fa fa-envelope-o fa-fw\"><\/i> <a href=\"mailto:aurelien.faderne@unilim.fr\" target=\"_blank\">aurelien.faderne@unilim.fr<\/a><br\/>                                                    <\/p>\n                        <p>\n                                                                                <\/p>\n                    <\/div>\n                <\/div>\n            <\/div>\n                    <div class=\"ul-element-personne \" style=\"margin: 15px 0; display: table;\">\n                <div style=\"display:table-row\" class=\"element-body\">\n                    <div style=\"display: table-cell; vertical-align: top;\" class=\"element-image\">\n                                                            <img decoding=\"async\" src=\"https:\/\/asso.unilim.fr\/rerdh\/wp-content\/themes\/wordpress-bootstrap-master-child\/admin\/page-live-editor\/images\/user.png\" class=\"img pull-left\" style=\"width:80px;height:80px;margin-right:15px;\"\/>\n                                            <\/div>\n                    <div style=\"display: table-cell; vertical-align: top;\" class=\"element-content\">\n                        <h4>BOUVIER SAM<\/h4>\n                                                <p>\n                            <span>Secr\u00e9taire g\u00e9n\u00e9ral<\/span><br\/>                                                                                <\/p>\n                                                <p style=\"white-space:nowrap;\">\n                                                                                                                                                                        <i class=\"fa fa-envelope-o fa-fw\"><\/i> <a href=\"mailto:sam.bouvier@unilim.fr\" target=\"_blank\">sam.bouvier@unilim.fr<\/a><br\/>                                                    <\/p>\n                        <p>\n                                                                                <\/p>\n                    <\/div>\n                <\/div>\n            <\/div>\n                    <div class=\"ul-element-personne \" style=\"margin: 15px 0; display: table;\">\n                <div style=\"display:table-row\" class=\"element-body\">\n                    <div style=\"display: table-cell; vertical-align: top;\" class=\"element-image\">\n                                                            <img decoding=\"async\" src=\"https:\/\/asso.unilim.fr\/rerdh\/wp-content\/themes\/wordpress-bootstrap-master-child\/admin\/page-live-editor\/images\/user.png\" class=\"img pull-left\" style=\"width:80px;height:80px;margin-right:15px;\"\/>\n                                            <\/div>\n                    <div style=\"display: table-cell; vertical-align: top;\" class=\"element-content\">\n                        <h4>RICORDEL Quentin<\/h4>\n                                                <p>\n                            <span>Secr\u00e9taire g\u00e9n\u00e9ral adjoint<\/span><br\/>                                                                                <\/p>\n                                                <p style=\"white-space:nowrap;\">\n                                                                                                                                                                        <i class=\"fa fa-envelope-o fa-fw\"><\/i> <a href=\"mailto:quentin.ricordel@unilim.fr\" target=\"_blank\">quentin.ricordel@unilim.fr<\/a><br\/>                                                    <\/p>\n                        <p>\n                                                                                <\/p>\n                    <\/div>\n                <\/div>\n            <\/div>\n                    <div class=\"ul-element-personne \" style=\"margin: 15px 0; display: table;\">\n                <div style=\"display:table-row\" class=\"element-body\">\n                    <div style=\"display: table-cell; vertical-align: top;\" class=\"element-image\">\n                                                            <img decoding=\"async\" src=\"https:\/\/asso.unilim.fr\/rerdh\/wp-content\/themes\/wordpress-bootstrap-master-child\/admin\/page-live-editor\/images\/user.png\" class=\"img pull-left\" style=\"width:80px;height:80px;margin-right:15px;\"\/>\n                                            <\/div>\n                    <div style=\"display: table-cell; vertical-align: top;\" class=\"element-content\">\n                        <h4>VILLENEUVE Romain<\/h4>\n                                                <p>\n                            <span>Tr\u00e9sorier<\/span><br\/>                                                                                <\/p>\n                                                <p style=\"white-space:nowrap;\">\n                                                                                                                                                                        <i class=\"fa fa-envelope-o fa-fw\"><\/i> <a href=\"mailto:romain.villeneuve@unilim.fr\" target=\"_blank\">romain.villeneuve@unilim.fr<\/a><br\/>                                                    <\/p>\n                        <p>\n                                                                                <\/p>\n                    <\/div>\n                <\/div>\n            <\/div>\n                    <div class=\"ul-element-personne \" style=\"margin: 15px 0; display: table;\">\n                <div style=\"display:table-row\" class=\"element-body\">\n                    <div style=\"display: table-cell; vertical-align: top;\" class=\"element-image\">\n                                                            <img decoding=\"async\" src=\"https:\/\/asso.unilim.fr\/rerdh\/wp-content\/themes\/wordpress-bootstrap-master-child\/admin\/page-live-editor\/images\/user.png\" class=\"img pull-left\" style=\"width:80px;height:80px;margin-right:15px;\"\/>\n                                            <\/div>\n                    <div style=\"display: table-cell; vertical-align: top;\" class=\"element-content\">\n                        <h4>MONGROLLE Julien<\/h4>\n                                                <p>\n                            <span>Tr\u00e9sorier adjoint<\/span><br\/>                                                                                <\/p>\n                                                <p style=\"white-space:nowrap;\">\n                                                                                                                                                                        <i class=\"fa fa-envelope-o fa-fw\"><\/i> <a href=\"mailto:julien.mongrolle@unilim.fr\" target=\"_blank\">julien.mongrolle@unilim.fr<\/a><br\/>                                                    <\/p>\n                        <p>\n                                                                                <\/p>\n                    <\/div>\n                <\/div>\n            <\/div>\n                <\/div>\n                <\/div>\n                <\/div>\n        <\/div>\n            <\/div>\n                  <\/div>\n        \n","protected":false},"excerpt":{"rendered":"","protected":false},"author":1,"featured_media":0,"parent":0,"menu_order":0,"comment_status":"closed","ping_status":"closed","template":"page-le.php","meta":{"footnotes":""},"class_list":["post-7","page","type-page","status-publish","hentry"],"yoast_head":"<!-- This site is optimized with the Yoast SEO plugin v26.3 - https:\/\/yoast.com\/wordpress\/plugins\/seo\/ -->\n<title>Contact - R\u00e9seau Europ\u00e9en de Recherche en Droits de l&#039;Homme (R.E.R.D.H.)<\/title>\n<meta name=\"robots\" content=\"index, follow, max-snippet:-1, max-image-preview:large, max-video-preview:-1\" \/>\n<link rel=\"canonical\" href=\"https:\/\/asso.unilim.fr\/rerdh\/contact\/\" \/>\n<meta property=\"og:locale\" content=\"fr_FR\" \/>\n<meta property=\"og:type\" content=\"article\" \/>\n<meta property=\"og:title\" content=\"Contact - R\u00e9seau Europ\u00e9en de Recherche en Droits de l&#039;Homme (R.E.R.D.H.)\" \/>\n<meta property=\"og:url\" content=\"https:\/\/asso.unilim.fr\/rerdh\/contact\/\" \/>\n<meta property=\"og:site_name\" content=\"R\u00e9seau Europ\u00e9en de Recherche en Droits de l&#039;Homme (R.E.R.D.H.)\" \/>\n<meta property=\"article:modified_time\" content=\"2023-05-04T14:11:15+00:00\" \/>\n<meta name=\"twitter:card\" content=\"summary_large_image\" \/>\n<meta name=\"twitter:label1\" content=\"Dur\u00e9e de lecture estim\u00e9e\" \/>\n\t<meta name=\"twitter:data1\" content=\"2 minutes\" \/>\n<script type=\"application\/ld+json\" class=\"yoast-schema-graph\">{\"@context\":\"https:\/\/schema.org\",\"@graph\":[{\"@type\":\"WebPage\",\"@id\":\"https:\/\/asso.unilim.fr\/rerdh\/contact\/\",\"url\":\"https:\/\/asso.unilim.fr\/rerdh\/contact\/\",\"name\":\"Contact - R\u00e9seau Europ\u00e9en de Recherche en Droits de l&#039;Homme (R.E.R.D.H.)\",\"isPartOf\":{\"@id\":\"https:\/\/asso.unilim.fr\/rerdh\/#website\"},\"datePublished\":\"2019-06-17T14:08:45+00:00\",\"dateModified\":\"2023-05-04T14:11:15+00:00\",\"breadcrumb\":{\"@id\":\"https:\/\/asso.unilim.fr\/rerdh\/contact\/#breadcrumb\"},\"inLanguage\":\"fr-FR\",\"potentialAction\":[{\"@type\":\"ReadAction\",\"target\":[\"https:\/\/asso.unilim.fr\/rerdh\/contact\/\"]}]},{\"@type\":\"BreadcrumbList\",\"@id\":\"https:\/\/asso.unilim.fr\/rerdh\/contact\/#breadcrumb\",\"itemListElement\":[{\"@type\":\"ListItem\",\"position\":1,\"name\":\"Accueil\",\"item\":\"https:\/\/asso.unilim.fr\/rerdh\/\"},{\"@type\":\"ListItem\",\"position\":2,\"name\":\"Contact\"}]},{\"@type\":\"WebSite\",\"@id\":\"https:\/\/asso.unilim.fr\/rerdh\/#website\",\"url\":\"https:\/\/asso.unilim.fr\/rerdh\/\",\"name\":\"R\u00e9seau Europ\u00e9en de Recherche en Droits de l&#039;Homme (R.E.R.D.H.)\",\"description\":\"universit\u00e9 ouverte source de r\u00e9ussites\",\"potentialAction\":[{\"@type\":\"SearchAction\",\"target\":{\"@type\":\"EntryPoint\",\"urlTemplate\":\"https:\/\/asso.unilim.fr\/rerdh\/?s={search_term_string}\"},\"query-input\":{\"@type\":\"PropertyValueSpecification\",\"valueRequired\":true,\"valueName\":\"search_term_string\"}}],\"inLanguage\":\"fr-FR\"}]}<\/script>\n<!-- \/ Yoast SEO plugin. -->","yoast_head_json":{"title":"Contact - R\u00e9seau Europ\u00e9en de Recherche en Droits de l&#039;Homme (R.E.R.D.H.)","robots":{"index":"index","follow":"follow","max-snippet":"max-snippet:-1","max-image-preview":"max-image-preview:large","max-video-preview":"max-video-preview:-1"},"canonical":"https:\/\/asso.unilim.fr\/rerdh\/contact\/","og_locale":"fr_FR","og_type":"article","og_title":"Contact - R\u00e9seau Europ\u00e9en de Recherche en Droits de l&#039;Homme (R.E.R.D.H.)","og_url":"https:\/\/asso.unilim.fr\/rerdh\/contact\/","og_site_name":"R\u00e9seau Europ\u00e9en de Recherche en Droits de l&#039;Homme (R.E.R.D.H.)","article_modified_time":"2023-05-04T14:11:15+00:00","twitter_card":"summary_large_image","twitter_misc":{"Dur\u00e9e de lecture estim\u00e9e":"2 minutes"},"schema":{"@context":"https:\/\/schema.org","@graph":[{"@type":"WebPage","@id":"https:\/\/asso.unilim.fr\/rerdh\/contact\/","url":"https:\/\/asso.unilim.fr\/rerdh\/contact\/","name":"Contact - R\u00e9seau Europ\u00e9en de Recherche en Droits de l&#039;Homme (R.E.R.D.H.)","isPartOf":{"@id":"https:\/\/asso.unilim.fr\/rerdh\/#website"},"datePublished":"2019-06-17T14:08:45+00:00","dateModified":"2023-05-04T14:11:15+00:00","breadcrumb":{"@id":"https:\/\/asso.unilim.fr\/rerdh\/contact\/#breadcrumb"},"inLanguage":"fr-FR","potentialAction":[{"@type":"ReadAction","target":["https:\/\/asso.unilim.fr\/rerdh\/contact\/"]}]},{"@type":"BreadcrumbList","@id":"https:\/\/asso.unilim.fr\/rerdh\/contact\/#breadcrumb","itemListElement":[{"@type":"ListItem","position":1,"name":"Accueil","item":"https:\/\/asso.unilim.fr\/rerdh\/"},{"@type":"ListItem","position":2,"name":"Contact"}]},{"@type":"WebSite","@id":"https:\/\/asso.unilim.fr\/rerdh\/#website","url":"https:\/\/asso.unilim.fr\/rerdh\/","name":"R\u00e9seau Europ\u00e9en de Recherche en Droits de l&#039;Homme (R.E.R.D.H.)","description":"universit\u00e9 ouverte source de r\u00e9ussites","potentialAction":[{"@type":"SearchAction","target":{"@type":"EntryPoint","urlTemplate":"https:\/\/asso.unilim.fr\/rerdh\/?s={search_term_string}"},"query-input":{"@type":"PropertyValueSpecification","valueRequired":true,"valueName":"search_term_string"}}],"inLanguage":"fr-FR"}]}},"_links":{"self":[{"href":"https:\/\/asso.unilim.fr\/rerdh\/wp-json\/wp\/v2\/pages\/7","targetHints":{"allow":["GET"]}}],"collection":[{"href":"https:\/\/asso.unilim.fr\/rerdh\/wp-json\/wp\/v2\/pages"}],"about":[{"href":"https:\/\/asso.unilim.fr\/rerdh\/wp-json\/wp\/v2\/types\/page"}],"author":[{"embeddable":true,"href":"https:\/\/asso.unilim.fr\/rerdh\/wp-json\/wp\/v2\/users\/1"}],"replies":[{"embeddable":true,"href":"https:\/\/asso.unilim.fr\/rerdh\/wp-json\/wp\/v2\/comments?post=7"}],"version-history":[{"count":0,"href":"https:\/\/asso.unilim.fr\/rerdh\/wp-json\/wp\/v2\/pages\/7\/revisions"}],"wp:attachment":[{"href":"https:\/\/asso.unilim.fr\/rerdh\/wp-json\/wp\/v2\/media?parent=7"}],"curies":[{"name":"wp","href":"https:\/\/api.w.org\/{rel}","templated":true}]}}

<div class="container-fluid  " style="">
                      <div class="container">
                <div class="row " style="margin-top: 30px;margin-bottom: 30px">        <div class="col-md-12 ">
                    <div class="row">
                    <div class="col-sm-6">
                    <div class="clearfix ul-element-text ">
            
<h3 class="ul-bold"><strong>Pour toute information :</strong><br /></h3>
<h3 class="ul-bold"></h3>
<p class="ul-bold">fdse.rerdh@unilim.fr</p>
<p></p>
<p data-mce-style="text-align: justify;" style="text-align: justify" class="ul-bold">Réseau Européen de Recherche en Droits de l&rsquo;Homme</p>
<p data-mce-style="text-align: justify;" style="text-align: justify" class="ul-bold">Faculté de Droit et des Sciences économiques de Limoges</p>
<p data-mce-style="text-align: justify;" style="text-align: justify" class="ul-bold">5 rue Félix Éboué</p>
<p data-mce-style="text-align: justify;" style="text-align: justify" class="ul-bold">87000&nbsp;LIMOGES</p>
        </div>
                </div>
                <div class="col-sm-6">
                        <div class="ul-element-personne " style="margin: 15px 0; display: table;">
                <div style="display:table-row" class="element-body">
                    <div style="display: table-cell; vertical-align: top;" class="element-image">
                                                            <img decoding="async" src="https://asso.unilim.fr/rerdh/wp-content/themes/wordpress-bootstrap-master-child/admin/page-live-editor/images/user.png" class="img pull-left" style="width:80px;height:80px;margin-right:15px;"/>
                                            </div>
                    <div style="display: table-cell; vertical-align: top;" class="element-content">
                        <h4>AUJOL Sylvestre</h4>
                                                <p>
                            <span>Président</span><br/>                                                                                </p>
                                                <p style="white-space:nowrap;">
                                                                                                                                                                        <i class="fa fa-envelope-o fa-fw"></i> <a href="mailto:sylvestre.aujol@unilim.fr" target="_blank">sylvestre.aujol@unilim.fr</a><br/>                                                    </p>
                        <p>
                                                                                </p>
                    </div>
                </div>
            </div>
                    <div class="ul-element-personne " style="margin: 15px 0; display: table;">
                <div style="display:table-row" class="element-body">
                    <div style="display: table-cell; vertical-align: top;" class="element-image">
                                                            <img decoding="async" src="https://asso.unilim.fr/rerdh/wp-content/themes/wordpress-bootstrap-master-child/admin/page-live-editor/images/user.png" class="img pull-left" style="width:80px;height:80px;margin-right:15px;"/>
                                            </div>
                    <div style="display: table-cell; vertical-align: top;" class="element-content">
                        <h4>FADERNE Aurélien</h4>
                                                <p>
                            <span>Vice-Président</span><br/>                                                                                </p>
                                                <p style="white-space:nowrap;">
                                                                                                                                                                        <i class="fa fa-envelope-o fa-fw"></i> <a href="mailto:aurelien.faderne@unilim.fr" target="_blank">aurelien.faderne@unilim.fr</a><br/>                                                    </p>
                        <p>
                                                                                </p>
                    </div>
                </div>
            </div>
                    <div class="ul-element-personne " style="margin: 15px 0; display: table;">
                <div style="display:table-row" class="element-body">
                    <div style="display: table-cell; vertical-align: top;" class="element-image">
                                                            <img decoding="async" src="https://asso.unilim.fr/rerdh/wp-content/themes/wordpress-bootstrap-master-child/admin/page-live-editor/images/user.png" class="img pull-left" style="width:80px;height:80px;margin-right:15px;"/>
                                            </div>
                    <div style="display: table-cell; vertical-align: top;" class="element-content">
                        <h4>BOUVIER SAM</h4>
                                                <p>
                            <span>Secrétaire général</span><br/>                                                                                </p>
                                                <p style="white-space:nowrap;">
                                                                                                                                                                        <i class="fa fa-envelope-o fa-fw"></i> <a href="mailto:sam.bouvier@unilim.fr" target="_blank">sam.bouvier@unilim.fr</a><br/>                                                    </p>
                        <p>
                                                                                </p>
                    </div>
                </div>
            </div>
                    <div class="ul-element-personne " style="margin: 15px 0; display: table;">
                <div style="display:table-row" class="element-body">
                    <div style="display: table-cell; vertical-align: top;" class="element-image">
                                                            <img decoding="async" src="https://asso.unilim.fr/rerdh/wp-content/themes/wordpress-bootstrap-master-child/admin/page-live-editor/images/user.png" class="img pull-left" style="width:80px;height:80px;margin-right:15px;"/>
                                            </div>
                    <div style="display: table-cell; vertical-align: top;" class="element-content">
                        <h4>RICORDEL Quentin</h4>
                                                <p>
                            <span>Secrétaire général adjoint</span><br/>                                                                                </p>
                                                <p style="white-space:nowrap;">
                                                                                                                                                                        <i class="fa fa-envelope-o fa-fw"></i> <a href="mailto:quentin.ricordel@unilim.fr" target="_blank">quentin.ricordel@unilim.fr</a><br/>                                                    </p>
                        <p>
                                                                                </p>
                    </div>
                </div>
            </div>
                    <div class="ul-element-personne " style="margin: 15px 0; display: table;">
                <div style="display:table-row" class="element-body">
                    <div style="display: table-cell; vertical-align: top;" class="element-image">
                                                            <img decoding="async" src="https://asso.unilim.fr/rerdh/wp-content/themes/wordpress-bootstrap-master-child/admin/page-live-editor/images/user.png" class="img pull-left" style="width:80px;height:80px;margin-right:15px;"/>
                                            </div>
                    <div style="display: table-cell; vertical-align: top;" class="element-content">
                        <h4>VILLENEUVE Romain</h4>
                                                <p>
                            <span>Trésorier</span><br/>                                                                                </p>
                                                <p style="white-space:nowrap;">
                                                                                                                                                                        <i class="fa fa-envelope-o fa-fw"></i> <a href="mailto:romain.villeneuve@unilim.fr" target="_blank">romain.villeneuve@unilim.fr</a><br/>                                                    </p>
                        <p>
                                                                                </p>
                    </div>
                </div>
            </div>
                    <div class="ul-element-personne " style="margin: 15px 0; display: table;">
                <div style="display:table-row" class="element-body">
                    <div style="display: table-cell; vertical-align: top;" class="element-image">
                                                            <img decoding="async" src="https://asso.unilim.fr/rerdh/wp-content/themes/wordpress-bootstrap-master-child/admin/page-live-editor/images/user.png" class="img pull-left" style="width:80px;height:80px;margin-right:15px;"/>
                                            </div>
                    <div style="display: table-cell; vertical-align: top;" class="element-content">
                        <h4>MONGROLLE Julien</h4>
                                                <p>
                            <span>Trésorier adjoint</span><br/>                                                                                </p>
                                                <p style="white-space:nowrap;">
                                                                                                                                                                        <i class="fa fa-envelope-o fa-fw"></i> <a href="mailto:julien.mongrolle@unilim.fr" target="_blank">julien.mongrolle@unilim.fr</a><br/>                                                    </p>
                        <p>
                                                                                </p>
                    </div>
                </div>
            </div>
                </div>
                </div>
                </div>
        </div>
            </div>
                  </div>

<!-- This site is optimized with the Yoast SEO plugin v26.3 - https://yoast.com/wordpress/plugins/seo/ -->
<title>Contact - Réseau Européen de Recherche en Droits de l&#039;Homme (R.E.R.D.H.)</title>
<meta name="robots" content="index, follow, max-snippet:-1, max-image-preview:large, max-video-preview:-1" />
<link rel="canonical" href="https://asso.unilim.fr/rerdh/contact/" />
<meta property="og:locale" content="fr_FR" />
<meta property="og:type" content="article" />
<meta property="og:title" content="Contact - Réseau Européen de Recherche en Droits de l&#039;Homme (R.E.R.D.H.)" />
<meta property="og:url" content="https://asso.unilim.fr/rerdh/contact/" />
<meta property="og:site_name" content="Réseau Européen de Recherche en Droits de l&#039;Homme (R.E.R.D.H.)" />
<meta property="article:modified_time" content="2023-05-04T14:11:15+00:00" />
<meta name="twitter:card" content="summary_large_image" />
<meta name="twitter:label1" content="Durée de lecture estimée" />
	<meta name="twitter:data1" content="2 minutes" />
<script type="application/ld+json" class="yoast-schema-graph">{"@context":"https://schema.org","@graph":[{"@type":"WebPage","@id":"https://asso.unilim.fr/rerdh/contact/","url":"https://asso.unilim.fr/rerdh/contact/","name":"Contact - Réseau Européen de Recherche en Droits de l&#039;Homme (R.E.R.D.H.)","isPartOf":{"@id":"https://asso.unilim.fr/rerdh/#website"},"datePublished":"2019-06-17T14:08:45+00:00","dateModified":"2023-05-04T14:11:15+00:00","breadcrumb":{"@id":"https://asso.unilim.fr/rerdh/contact/#breadcrumb"},"inLanguage":"fr-FR","potentialAction":[{"@type":"ReadAction","target":["https://asso.unilim.fr/rerdh/contact/"]}]},{"@type":"BreadcrumbList","@id":"https://asso.unilim.fr/rerdh/contact/#breadcrumb","itemListElement":[{"@type":"ListItem","position":1,"name":"Accueil","item":"https://asso.unilim.fr/rerdh/"},{"@type":"ListItem","position":2,"name":"Contact"}]},{"@type":"WebSite","@id":"https://asso.unilim.fr/rerdh/#website","url":"https://asso.unilim.fr/rerdh/","name":"Réseau Européen de Recherche en Droits de l&#039;Homme (R.E.R.D.H.)","description":"université ouverte source de réussites","potentialAction":[{"@type":"SearchAction","target":{"@type":"EntryPoint","urlTemplate":"https://asso.unilim.fr/rerdh/?s={search_term_string}"},"query-input":{"@type":"PropertyValueSpecification","valueRequired":true,"valueName":"search_term_string"}}],"inLanguage":"fr-FR"}]}</script>
<!-- / Yoast SEO plugin. -->

Contact - Réseau Européen de Recherche en Droits de l&#039;Homme (R.E.R.D.H.)

Réseau Européen de Recherche en Droits de l&#039;Homme (R.E.R.D.H.)

université ouverte source de réussites
