{"id":45,"date":"2019-07-23T19:43:51","date_gmt":"2019-07-23T17:43:51","guid":{"rendered":"http:\/\/asso.unilim.fr\/rerdh\/?page_id=45"},"modified":"2021-06-27T14:49:57","modified_gmt":"2021-06-27T12:49:57","slug":"lassemblee-generale","status":"publish","type":"page","link":"https:\/\/asso.unilim.fr\/rerdh\/lassemblee-generale\/","title":{"rendered":"L&rsquo;Assembl\u00e9e g\u00e9n\u00e9rale"},"content":{"rendered":"<h4>Composition<\/h4>\n<p>Conform\u00e9ment aux statuts de l&rsquo;association, l&rsquo;assembl\u00e9e se compose de l&rsquo;ensemble des membres de l&rsquo;association, quel que soit le titre de leur affiliation (membre observateur, adh\u00e9rent ou bienfaiteur).<\/p>\n<h4>R\u00e9union<\/h4>\n<p>L\u2019assembl\u00e9e g\u00e9n\u00e9rale ordinaire se r\u00e9unit au moins une fois par an sur proposition du pr\u00e9sident ou de la moiti\u00e9 des membres inscrits. Quinze jours au moins avant la date fix\u00e9e, les membres de l\u2019association sont convoqu\u00e9s par les soins du secr\u00e9taire g\u00e9n\u00e9ral ou, \u00e0 d\u00e9faut, du secr\u00e9taire g\u00e9n\u00e9ral adjoint. L\u2019ordre du jour est indiqu\u00e9 sur les convocations.<\/p>\n<p>Le pr\u00e9sident, assist\u00e9 des membres du bureau, pr\u00e9side l\u2019assembl\u00e9e et expose la situation morale de l\u2019association.<br \/>\nLe tr\u00e9sorier rend compte de sa gestion et soumet le bilan \u00e0 l\u2019approbation de l\u2019assembl\u00e9e.<\/p>\n<h4>Pouvoirs<\/h4>\n<p>L\u2019assembl\u00e9e g\u00e9n\u00e9rale est <strong>exclusivement<\/strong> comp\u00e9tente pour se prononcer sur :<\/p>\n<ul>\n<li>La d\u00e9termination du th\u00e8me des manifestations scientifiques organis\u00e9es par l\u2019association ;<\/li>\n<li>L\u2019\u00e9lection des membres du conseil d\u2019administration ;<\/li>\n<li>La r\u00e9vision des statuts de l\u2019association ;<\/li>\n<li>La dissolution de l\u2019association.<\/li>\n<\/ul>\n<h4>Proc\u00e8s-verbaux<\/h4>\n<p><a href=\"https:\/\/asso.unilim.fr\/rerdh\/wp-content\/uploads\/sites\/11\/2021\/06\/2021.02.02-PV-AG.docx.pdf\" target=\"_blank\" rel=\"noopener noreferrer\">Assembl\u00e9e g\u00e9n\u00e9rale du 2 f\u00e9vrier 2021<\/a><\/p>\n<p><a href=\"https:\/\/asso.unilim.fr\/rerdh\/wp-content\/uploads\/sites\/11\/2021\/06\/2020.10.20-PV-AG.docx.pdf\">Assembl\u00e9e g\u00e9n\u00e9rale du 20 octobre 2020<\/a><\/p>\n<p><a href=\"https:\/\/asso.unilim.fr\/rerdh\/wp-content\/uploads\/sites\/11\/2021\/06\/2020.02.07-PV-AG.pdf\" target=\"_blank\" rel=\"noopener noreferrer\">Assembl\u00e9e g\u00e9n\u00e9rale du 7 f\u00e9vrier 2020<\/a><\/p>\n<p><a href=\"http:\/\/www.unilim.fr\/rerdh\/wp-content\/uploads\/sites\/11\/2019\/12\/AG-PV-du-4.12.2019.pdf\" target=\"_blank\" rel=\"noopener noreferrer\">Assembl\u00e9e g\u00e9n\u00e9rale du 4 d\u00e9cembre 2019<\/a><\/p>\n<p><a href=\"http:\/\/www.unilim.fr\/rerdh\/wp-content\/uploads\/sites\/11\/2019\/09\/AG-PV-du-29.03.2019.pdf\">Assembl\u00e9e g\u00e9n\u00e9rale du 29 mars 2019<\/a><\/p>\n<p><a href=\"http:\/\/www.unilim.fr\/rerdh\/wp-content\/uploads\/sites\/11\/2019\/09\/AG-PV-du-8.11.2018.pdf\" target=\"_blank\" rel=\"noopener noreferrer\">Assembl\u00e9e g\u00e9n\u00e9rale du 8 novembre 2018<\/a><\/p>\n<p><a href=\"http:\/\/www.unilim.fr\/rerdh\/wp-content\/uploads\/sites\/11\/2019\/09\/AG-PV-du-21.09.2018.pdf\">Assembl\u00e9e g\u00e9n\u00e9rale du 21 septembre 2018<\/a><\/p>\n<p><a href=\"http:\/\/www.unilim.fr\/rerdh\/wp-content\/uploads\/sites\/11\/2019\/09\/AG-PV-du-29.06.2018.pdf\" target=\"_blank\" rel=\"noopener noreferrer\">Assembl\u00e9e g\u00e9n\u00e9rale du 29 juin 2018<\/a><\/p>\n<p><a href=\"http:\/\/www.unilim.fr\/rerdh\/wp-content\/uploads\/sites\/11\/2019\/09\/AG-16-mai-2018-1.pdf\" target=\"_blank\" rel=\"noopener noreferrer\">Assembl\u00e9e g\u00e9n\u00e9rale du 16 mai 2018<\/a><\/p>\n<p><a href=\"http:\/\/www.unilim.fr\/rerdh\/wp-content\/uploads\/sites\/11\/2019\/09\/PV-AG-RERDH-02.02.2018.pdf\" target=\"_blank\" rel=\"noopener noreferrer\">Assembl\u00e9e g\u00e9n\u00e9rale du 2 f\u00e9vrier 2018<\/a><\/p>\n","protected":false},"excerpt":{"rendered":"<p>Composition Conform\u00e9ment aux statuts de l&rsquo;association, l&rsquo;assembl\u00e9e se compose de l&rsquo;ensemble des membres de l&rsquo;association, quel que soit le titre de leur affiliation (membre observateur, adh\u00e9rent ou bienfaiteur). R\u00e9union L\u2019assembl\u00e9e g\u00e9n\u00e9rale ordinaire se r\u00e9unit au moins une fois par an sur proposition du pr\u00e9sident ou de la moiti\u00e9 des membres inscrits. Quinze jours au moins [&hellip;]<\/p>\n","protected":false},"author":99,"featured_media":0,"parent":0,"menu_order":0,"comment_status":"closed","ping_status":"closed","template":"","meta":{"footnotes":""},"class_list":["post-45","page","type-page","status-publish","hentry"],"yoast_head":"<!-- This site is optimized with the Yoast SEO plugin v26.3 - https:\/\/yoast.com\/wordpress\/plugins\/seo\/ -->\n<title>L&#039;Assembl\u00e9e g\u00e9n\u00e9rale - R\u00e9seau Europ\u00e9en de Recherche en Droits de l&#039;Homme (R.E.R.D.H.)<\/title>\n<meta name=\"robots\" content=\"index, follow, max-snippet:-1, max-image-preview:large, max-video-preview:-1\" \/>\n<link rel=\"canonical\" href=\"https:\/\/asso.unilim.fr\/rerdh\/lassemblee-generale\/\" \/>\n<meta property=\"og:locale\" content=\"fr_FR\" \/>\n<meta property=\"og:type\" content=\"article\" \/>\n<meta property=\"og:title\" content=\"L&#039;Assembl\u00e9e g\u00e9n\u00e9rale - R\u00e9seau Europ\u00e9en de Recherche en Droits de l&#039;Homme (R.E.R.D.H.)\" \/>\n<meta property=\"og:description\" content=\"Composition Conform\u00e9ment aux statuts de l&rsquo;association, l&rsquo;assembl\u00e9e se compose de l&rsquo;ensemble des membres de l&rsquo;association, quel que soit le titre de leur affiliation (membre observateur, adh\u00e9rent ou bienfaiteur). R\u00e9union L\u2019assembl\u00e9e g\u00e9n\u00e9rale ordinaire se r\u00e9unit au moins une fois par an sur proposition du pr\u00e9sident ou de la moiti\u00e9 des membres inscrits. Quinze jours au moins [&hellip;]\" \/>\n<meta property=\"og:url\" content=\"https:\/\/asso.unilim.fr\/rerdh\/lassemblee-generale\/\" \/>\n<meta property=\"og:site_name\" content=\"R\u00e9seau Europ\u00e9en de Recherche en Droits de l&#039;Homme (R.E.R.D.H.)\" \/>\n<meta property=\"article:modified_time\" content=\"2021-06-27T12:49:57+00:00\" \/>\n<meta name=\"twitter:card\" content=\"summary_large_image\" \/>\n<meta name=\"twitter:label1\" content=\"Dur\u00e9e de lecture estim\u00e9e\" \/>\n\t<meta name=\"twitter:data1\" content=\"1 minute\" \/>\n<script type=\"application\/ld+json\" class=\"yoast-schema-graph\">{\"@context\":\"https:\/\/schema.org\",\"@graph\":[{\"@type\":\"WebPage\",\"@id\":\"https:\/\/asso.unilim.fr\/rerdh\/lassemblee-generale\/\",\"url\":\"https:\/\/asso.unilim.fr\/rerdh\/lassemblee-generale\/\",\"name\":\"L'Assembl\u00e9e g\u00e9n\u00e9rale - R\u00e9seau Europ\u00e9en de Recherche en Droits de l&#039;Homme (R.E.R.D.H.)\",\"isPartOf\":{\"@id\":\"https:\/\/asso.unilim.fr\/rerdh\/#website\"},\"datePublished\":\"2019-07-23T17:43:51+00:00\",\"dateModified\":\"2021-06-27T12:49:57+00:00\",\"breadcrumb\":{\"@id\":\"https:\/\/asso.unilim.fr\/rerdh\/lassemblee-generale\/#breadcrumb\"},\"inLanguage\":\"fr-FR\",\"potentialAction\":[{\"@type\":\"ReadAction\",\"target\":[\"https:\/\/asso.unilim.fr\/rerdh\/lassemblee-generale\/\"]}]},{\"@type\":\"BreadcrumbList\",\"@id\":\"https:\/\/asso.unilim.fr\/rerdh\/lassemblee-generale\/#breadcrumb\",\"itemListElement\":[{\"@type\":\"ListItem\",\"position\":1,\"name\":\"Accueil\",\"item\":\"https:\/\/asso.unilim.fr\/rerdh\/\"},{\"@type\":\"ListItem\",\"position\":2,\"name\":\"L&rsquo;Assembl\u00e9e g\u00e9n\u00e9rale\"}]},{\"@type\":\"WebSite\",\"@id\":\"https:\/\/asso.unilim.fr\/rerdh\/#website\",\"url\":\"https:\/\/asso.unilim.fr\/rerdh\/\",\"name\":\"R\u00e9seau Europ\u00e9en de Recherche en Droits de l&#039;Homme (R.E.R.D.H.)\",\"description\":\"universit\u00e9 ouverte source de r\u00e9ussites\",\"potentialAction\":[{\"@type\":\"SearchAction\",\"target\":{\"@type\":\"EntryPoint\",\"urlTemplate\":\"https:\/\/asso.unilim.fr\/rerdh\/?s={search_term_string}\"},\"query-input\":{\"@type\":\"PropertyValueSpecification\",\"valueRequired\":true,\"valueName\":\"search_term_string\"}}],\"inLanguage\":\"fr-FR\"}]}<\/script>\n<!-- \/ Yoast SEO plugin. -->","yoast_head_json":{"title":"L'Assembl\u00e9e g\u00e9n\u00e9rale - R\u00e9seau Europ\u00e9en de Recherche en Droits de l&#039;Homme (R.E.R.D.H.)","robots":{"index":"index","follow":"follow","max-snippet":"max-snippet:-1","max-image-preview":"max-image-preview:large","max-video-preview":"max-video-preview:-1"},"canonical":"https:\/\/asso.unilim.fr\/rerdh\/lassemblee-generale\/","og_locale":"fr_FR","og_type":"article","og_title":"L'Assembl\u00e9e g\u00e9n\u00e9rale - R\u00e9seau Europ\u00e9en de Recherche en Droits de l&#039;Homme (R.E.R.D.H.)","og_description":"Composition Conform\u00e9ment aux statuts de l&rsquo;association, l&rsquo;assembl\u00e9e se compose de l&rsquo;ensemble des membres de l&rsquo;association, quel que soit le titre de leur affiliation (membre observateur, adh\u00e9rent ou bienfaiteur). R\u00e9union L\u2019assembl\u00e9e g\u00e9n\u00e9rale ordinaire se r\u00e9unit au moins une fois par an sur proposition du pr\u00e9sident ou de la moiti\u00e9 des membres inscrits. Quinze jours au moins [&hellip;]","og_url":"https:\/\/asso.unilim.fr\/rerdh\/lassemblee-generale\/","og_site_name":"R\u00e9seau Europ\u00e9en de Recherche en Droits de l&#039;Homme (R.E.R.D.H.)","article_modified_time":"2021-06-27T12:49:57+00:00","twitter_card":"summary_large_image","twitter_misc":{"Dur\u00e9e de lecture estim\u00e9e":"1 minute"},"schema":{"@context":"https:\/\/schema.org","@graph":[{"@type":"WebPage","@id":"https:\/\/asso.unilim.fr\/rerdh\/lassemblee-generale\/","url":"https:\/\/asso.unilim.fr\/rerdh\/lassemblee-generale\/","name":"L'Assembl\u00e9e g\u00e9n\u00e9rale - R\u00e9seau Europ\u00e9en de Recherche en Droits de l&#039;Homme (R.E.R.D.H.)","isPartOf":{"@id":"https:\/\/asso.unilim.fr\/rerdh\/#website"},"datePublished":"2019-07-23T17:43:51+00:00","dateModified":"2021-06-27T12:49:57+00:00","breadcrumb":{"@id":"https:\/\/asso.unilim.fr\/rerdh\/lassemblee-generale\/#breadcrumb"},"inLanguage":"fr-FR","potentialAction":[{"@type":"ReadAction","target":["https:\/\/asso.unilim.fr\/rerdh\/lassemblee-generale\/"]}]},{"@type":"BreadcrumbList","@id":"https:\/\/asso.unilim.fr\/rerdh\/lassemblee-generale\/#breadcrumb","itemListElement":[{"@type":"ListItem","position":1,"name":"Accueil","item":"https:\/\/asso.unilim.fr\/rerdh\/"},{"@type":"ListItem","position":2,"name":"L&rsquo;Assembl\u00e9e g\u00e9n\u00e9rale"}]},{"@type":"WebSite","@id":"https:\/\/asso.unilim.fr\/rerdh\/#website","url":"https:\/\/asso.unilim.fr\/rerdh\/","name":"R\u00e9seau Europ\u00e9en de Recherche en Droits de l&#039;Homme (R.E.R.D.H.)","description":"universit\u00e9 ouverte source de r\u00e9ussites","potentialAction":[{"@type":"SearchAction","target":{"@type":"EntryPoint","urlTemplate":"https:\/\/asso.unilim.fr\/rerdh\/?s={search_term_string}"},"query-input":{"@type":"PropertyValueSpecification","valueRequired":true,"valueName":"search_term_string"}}],"inLanguage":"fr-FR"}]}},"_links":{"self":[{"href":"https:\/\/asso.unilim.fr\/rerdh\/wp-json\/wp\/v2\/pages\/45","targetHints":{"allow":["GET"]}}],"collection":[{"href":"https:\/\/asso.unilim.fr\/rerdh\/wp-json\/wp\/v2\/pages"}],"about":[{"href":"https:\/\/asso.unilim.fr\/rerdh\/wp-json\/wp\/v2\/types\/page"}],"author":[{"embeddable":true,"href":"https:\/\/asso.unilim.fr\/rerdh\/wp-json\/wp\/v2\/users\/99"}],"replies":[{"embeddable":true,"href":"https:\/\/asso.unilim.fr\/rerdh\/wp-json\/wp\/v2\/comments?post=45"}],"version-history":[{"count":0,"href":"https:\/\/asso.unilim.fr\/rerdh\/wp-json\/wp\/v2\/pages\/45\/revisions"}],"wp:attachment":[{"href":"https:\/\/asso.unilim.fr\/rerdh\/wp-json\/wp\/v2\/media?parent=45"}],"curies":[{"name":"wp","href":"https:\/\/api.w.org\/{rel}","templated":true}]}}