{"id":414,"date":"2021-04-09T12:06:53","date_gmt":"2021-04-09T10:06:53","guid":{"rendered":"http:\/\/asso.unilim.fr\/rerdh\/?page_id=414"},"modified":"2021-04-14T16:31:18","modified_gmt":"2021-04-14T14:31:18","slug":"2022-libertes-vestimentaire-s","status":"publish","type":"page","link":"https:\/\/asso.unilim.fr\/rerdh\/2022-libertes-vestimentaire-s\/","title":{"rendered":"2022 | Libert\u00e9(s) vestimentaire (s)"},"content":{"rendered":"<p><img loading=\"lazy\" decoding=\"async\" class=\"alignnone wp-image-407\" src=\"https:\/\/asso.unilim.fr\/rerdh\/wp-content\/uploads\/sites\/11\/2021\/04\/FACEBOOK_COUVERTURE-1-e1617961230783.jpg\" alt=\"\" width=\"753\" height=\"271\" srcset=\"https:\/\/asso.unilim.fr\/rerdh\/wp-content\/uploads\/sites\/11\/2021\/04\/FACEBOOK_COUVERTURE-1-e1617961230783.jpg 1200w, https:\/\/asso.unilim.fr\/rerdh\/wp-content\/uploads\/sites\/11\/2021\/04\/FACEBOOK_COUVERTURE-1-e1617961230783-300x108.jpg 300w, https:\/\/asso.unilim.fr\/rerdh\/wp-content\/uploads\/sites\/11\/2021\/04\/FACEBOOK_COUVERTURE-1-e1617961230783-1024x369.jpg 1024w, https:\/\/asso.unilim.fr\/rerdh\/wp-content\/uploads\/sites\/11\/2021\/04\/FACEBOOK_COUVERTURE-1-e1617961230783-768x276.jpg 768w\" sizes=\"auto, (max-width: 753px) 100vw, 753px\" \/><\/p>\n<p style=\"text-align: justify\">Tous les dix-huit mois, l\u2019association organise un<strong>\u00a0colloque pluridisciplinaire<\/strong>, \u00e0 destination de la communaut\u00e9 \u00e9tudiante et scientifique, sur une th\u00e9matique originale. Ces \u00e9v\u00e9nements accueillent des professeurs, ma\u00eetres de conf\u00e9rence, docteurs et doctorants d\u2019universit\u00e9s fran\u00e7aises et \u00e9trang\u00e8res. Leur vocation pluridisciplinaire a un double int\u00e9r\u00eat : la vulgarisation du droit d\u2019une part, la valorisation du rayonnement extra-juridique de la mati\u00e8re d\u2019autre part.<\/p>\n<p style=\"text-align: justify\">Chaque colloque fait l\u2019objet d\u2019une publication chez de grands \u00e9diteurs ce qui v\u00e9rifie la qualit\u00e9 de l\u2019\u00e9v\u00e9nement scientifique d\u2019un c\u00f4t\u00e9, et promeut les travaux de recherche de l\u2019association d\u2019un autre c\u00f4t\u00e9.<\/p>\n<p style=\"text-align: justify\"><span style=\"color: #800000\"><strong>La crise sanitaire a n\u00e9anmoins bouscul\u00e9 le calendrier du R.E.R.D.H. Aussi l&rsquo;actuel Bureau a-t-il \u00e9t\u00e9 contraint de repousser leur prochain \u00e9v\u00e8nement scientifique <span style=\"text-decoration: underline\">au printemps 2022<\/span>.<\/strong><\/span><\/p>\n<h1>Le projet<\/h1>\n<p style=\"text-align: justify\">Dans la lign\u00e9e des pr\u00e9c\u00e9dentes manifestations scientifiques, le projet port\u00e9 par l\u2019association R.E.R.D.H. s\u2019inscrit dans une\u00a0<strong>approche ouverte et pluridisciplinaire<\/strong>. La forme retenue pour ce projet assure son dynamisme.<\/p>\n<p>Le plan du colloque est en cours de r\u00e9alisation : toutes les id\u00e9es sont les bienvenues.<\/p>\n","protected":false},"excerpt":{"rendered":"<p>Tous les dix-huit mois, l\u2019association organise un\u00a0colloque pluridisciplinaire, \u00e0 destination de la communaut\u00e9 \u00e9tudiante et scientifique, sur une th\u00e9matique originale. Ces \u00e9v\u00e9nements accueillent des professeurs, ma\u00eetres de conf\u00e9rence, docteurs et doctorants d\u2019universit\u00e9s fran\u00e7aises et \u00e9trang\u00e8res. Leur vocation pluridisciplinaire a un double int\u00e9r\u00eat : la vulgarisation du droit d\u2019une part, la valorisation du rayonnement extra-juridique de [&hellip;]<\/p>\n","protected":false},"author":99,"featured_media":0,"parent":0,"menu_order":0,"comment_status":"closed","ping_status":"closed","template":"","meta":{"footnotes":""},"class_list":["post-414","page","type-page","status-publish","hentry"],"yoast_head":"<!-- This site is optimized with the Yoast SEO plugin v26.3 - https:\/\/yoast.com\/wordpress\/plugins\/seo\/ -->\n<title>2022 | Libert\u00e9(s) vestimentaire (s) - R\u00e9seau Europ\u00e9en de Recherche en Droits de l&#039;Homme (R.E.R.D.H.)<\/title>\n<meta name=\"robots\" content=\"index, follow, max-snippet:-1, max-image-preview:large, max-video-preview:-1\" \/>\n<link rel=\"canonical\" href=\"https:\/\/asso.unilim.fr\/rerdh\/2022-libertes-vestimentaire-s\/\" \/>\n<meta property=\"og:locale\" content=\"fr_FR\" \/>\n<meta property=\"og:type\" content=\"article\" \/>\n<meta property=\"og:title\" content=\"2022 | Libert\u00e9(s) vestimentaire (s) - R\u00e9seau Europ\u00e9en de Recherche en Droits de l&#039;Homme (R.E.R.D.H.)\" \/>\n<meta property=\"og:description\" content=\"Tous les dix-huit mois, l\u2019association organise un\u00a0colloque pluridisciplinaire, \u00e0 destination de la communaut\u00e9 \u00e9tudiante et scientifique, sur une th\u00e9matique originale. Ces \u00e9v\u00e9nements accueillent des professeurs, ma\u00eetres de conf\u00e9rence, docteurs et doctorants d\u2019universit\u00e9s fran\u00e7aises et \u00e9trang\u00e8res. Leur vocation pluridisciplinaire a un double int\u00e9r\u00eat : la vulgarisation du droit d\u2019une part, la valorisation du rayonnement extra-juridique de [&hellip;]\" \/>\n<meta property=\"og:url\" content=\"https:\/\/asso.unilim.fr\/rerdh\/2022-libertes-vestimentaire-s\/\" \/>\n<meta property=\"og:site_name\" content=\"R\u00e9seau Europ\u00e9en de Recherche en Droits de l&#039;Homme (R.E.R.D.H.)\" \/>\n<meta property=\"article:modified_time\" content=\"2021-04-14T14:31:18+00:00\" \/>\n<meta property=\"og:image\" content=\"https:\/\/asso.unilim.fr\/rerdh\/wp-content\/uploads\/sites\/11\/2021\/04\/FACEBOOK_COUVERTURE-1-e1617961230783.jpg\" \/>\n<meta name=\"twitter:card\" content=\"summary_large_image\" \/>\n<meta name=\"twitter:label1\" content=\"Dur\u00e9e de lecture estim\u00e9e\" \/>\n\t<meta name=\"twitter:data1\" content=\"1 minute\" \/>\n<script type=\"application\/ld+json\" class=\"yoast-schema-graph\">{\"@context\":\"https:\/\/schema.org\",\"@graph\":[{\"@type\":\"WebPage\",\"@id\":\"https:\/\/asso.unilim.fr\/rerdh\/2022-libertes-vestimentaire-s\/\",\"url\":\"https:\/\/asso.unilim.fr\/rerdh\/2022-libertes-vestimentaire-s\/\",\"name\":\"2022 | Libert\u00e9(s) vestimentaire (s) - R\u00e9seau Europ\u00e9en de Recherche en Droits de l&#039;Homme (R.E.R.D.H.)\",\"isPartOf\":{\"@id\":\"https:\/\/asso.unilim.fr\/rerdh\/#website\"},\"primaryImageOfPage\":{\"@id\":\"https:\/\/asso.unilim.fr\/rerdh\/2022-libertes-vestimentaire-s\/#primaryimage\"},\"image\":{\"@id\":\"https:\/\/asso.unilim.fr\/rerdh\/2022-libertes-vestimentaire-s\/#primaryimage\"},\"thumbnailUrl\":\"https:\/\/asso.unilim.fr\/rerdh\/wp-content\/uploads\/sites\/11\/2021\/04\/FACEBOOK_COUVERTURE-1-e1617961230783.jpg\",\"datePublished\":\"2021-04-09T10:06:53+00:00\",\"dateModified\":\"2021-04-14T14:31:18+00:00\",\"breadcrumb\":{\"@id\":\"https:\/\/asso.unilim.fr\/rerdh\/2022-libertes-vestimentaire-s\/#breadcrumb\"},\"inLanguage\":\"fr-FR\",\"potentialAction\":[{\"@type\":\"ReadAction\",\"target\":[\"https:\/\/asso.unilim.fr\/rerdh\/2022-libertes-vestimentaire-s\/\"]}]},{\"@type\":\"ImageObject\",\"inLanguage\":\"fr-FR\",\"@id\":\"https:\/\/asso.unilim.fr\/rerdh\/2022-libertes-vestimentaire-s\/#primaryimage\",\"url\":\"https:\/\/asso.unilim.fr\/rerdh\/wp-content\/uploads\/sites\/11\/2021\/04\/FACEBOOK_COUVERTURE-1-e1617961230783.jpg\",\"contentUrl\":\"https:\/\/asso.unilim.fr\/rerdh\/wp-content\/uploads\/sites\/11\/2021\/04\/FACEBOOK_COUVERTURE-1-e1617961230783.jpg\"},{\"@type\":\"BreadcrumbList\",\"@id\":\"https:\/\/asso.unilim.fr\/rerdh\/2022-libertes-vestimentaire-s\/#breadcrumb\",\"itemListElement\":[{\"@type\":\"ListItem\",\"position\":1,\"name\":\"Accueil\",\"item\":\"https:\/\/asso.unilim.fr\/rerdh\/\"},{\"@type\":\"ListItem\",\"position\":2,\"name\":\"2022 | Libert\u00e9(s) vestimentaire (s)\"}]},{\"@type\":\"WebSite\",\"@id\":\"https:\/\/asso.unilim.fr\/rerdh\/#website\",\"url\":\"https:\/\/asso.unilim.fr\/rerdh\/\",\"name\":\"R\u00e9seau Europ\u00e9en de Recherche en Droits de l&#039;Homme (R.E.R.D.H.)\",\"description\":\"universit\u00e9 ouverte source de r\u00e9ussites\",\"potentialAction\":[{\"@type\":\"SearchAction\",\"target\":{\"@type\":\"EntryPoint\",\"urlTemplate\":\"https:\/\/asso.unilim.fr\/rerdh\/?s={search_term_string}\"},\"query-input\":{\"@type\":\"PropertyValueSpecification\",\"valueRequired\":true,\"valueName\":\"search_term_string\"}}],\"inLanguage\":\"fr-FR\"}]}<\/script>\n<!-- \/ Yoast SEO plugin. -->","yoast_head_json":{"title":"2022 | Libert\u00e9(s) vestimentaire (s) - R\u00e9seau Europ\u00e9en de Recherche en Droits de l&#039;Homme (R.E.R.D.H.)","robots":{"index":"index","follow":"follow","max-snippet":"max-snippet:-1","max-image-preview":"max-image-preview:large","max-video-preview":"max-video-preview:-1"},"canonical":"https:\/\/asso.unilim.fr\/rerdh\/2022-libertes-vestimentaire-s\/","og_locale":"fr_FR","og_type":"article","og_title":"2022 | Libert\u00e9(s) vestimentaire (s) - R\u00e9seau Europ\u00e9en de Recherche en Droits de l&#039;Homme (R.E.R.D.H.)","og_description":"Tous les dix-huit mois, l\u2019association organise un\u00a0colloque pluridisciplinaire, \u00e0 destination de la communaut\u00e9 \u00e9tudiante et scientifique, sur une th\u00e9matique originale. Ces \u00e9v\u00e9nements accueillent des professeurs, ma\u00eetres de conf\u00e9rence, docteurs et doctorants d\u2019universit\u00e9s fran\u00e7aises et \u00e9trang\u00e8res. Leur vocation pluridisciplinaire a un double int\u00e9r\u00eat : la vulgarisation du droit d\u2019une part, la valorisation du rayonnement extra-juridique de [&hellip;]","og_url":"https:\/\/asso.unilim.fr\/rerdh\/2022-libertes-vestimentaire-s\/","og_site_name":"R\u00e9seau Europ\u00e9en de Recherche en Droits de l&#039;Homme (R.E.R.D.H.)","article_modified_time":"2021-04-14T14:31:18+00:00","og_image":[{"url":"https:\/\/asso.unilim.fr\/rerdh\/wp-content\/uploads\/sites\/11\/2021\/04\/FACEBOOK_COUVERTURE-1-e1617961230783.jpg","type":"","width":"","height":""}],"twitter_card":"summary_large_image","twitter_misc":{"Dur\u00e9e de lecture estim\u00e9e":"1 minute"},"schema":{"@context":"https:\/\/schema.org","@graph":[{"@type":"WebPage","@id":"https:\/\/asso.unilim.fr\/rerdh\/2022-libertes-vestimentaire-s\/","url":"https:\/\/asso.unilim.fr\/rerdh\/2022-libertes-vestimentaire-s\/","name":"2022 | Libert\u00e9(s) vestimentaire (s) - R\u00e9seau Europ\u00e9en de Recherche en Droits de l&#039;Homme (R.E.R.D.H.)","isPartOf":{"@id":"https:\/\/asso.unilim.fr\/rerdh\/#website"},"primaryImageOfPage":{"@id":"https:\/\/asso.unilim.fr\/rerdh\/2022-libertes-vestimentaire-s\/#primaryimage"},"image":{"@id":"https:\/\/asso.unilim.fr\/rerdh\/2022-libertes-vestimentaire-s\/#primaryimage"},"thumbnailUrl":"https:\/\/asso.unilim.fr\/rerdh\/wp-content\/uploads\/sites\/11\/2021\/04\/FACEBOOK_COUVERTURE-1-e1617961230783.jpg","datePublished":"2021-04-09T10:06:53+00:00","dateModified":"2021-04-14T14:31:18+00:00","breadcrumb":{"@id":"https:\/\/asso.unilim.fr\/rerdh\/2022-libertes-vestimentaire-s\/#breadcrumb"},"inLanguage":"fr-FR","potentialAction":[{"@type":"ReadAction","target":["https:\/\/asso.unilim.fr\/rerdh\/2022-libertes-vestimentaire-s\/"]}]},{"@type":"ImageObject","inLanguage":"fr-FR","@id":"https:\/\/asso.unilim.fr\/rerdh\/2022-libertes-vestimentaire-s\/#primaryimage","url":"https:\/\/asso.unilim.fr\/rerdh\/wp-content\/uploads\/sites\/11\/2021\/04\/FACEBOOK_COUVERTURE-1-e1617961230783.jpg","contentUrl":"https:\/\/asso.unilim.fr\/rerdh\/wp-content\/uploads\/sites\/11\/2021\/04\/FACEBOOK_COUVERTURE-1-e1617961230783.jpg"},{"@type":"BreadcrumbList","@id":"https:\/\/asso.unilim.fr\/rerdh\/2022-libertes-vestimentaire-s\/#breadcrumb","itemListElement":[{"@type":"ListItem","position":1,"name":"Accueil","item":"https:\/\/asso.unilim.fr\/rerdh\/"},{"@type":"ListItem","position":2,"name":"2022 | Libert\u00e9(s) vestimentaire (s)"}]},{"@type":"WebSite","@id":"https:\/\/asso.unilim.fr\/rerdh\/#website","url":"https:\/\/asso.unilim.fr\/rerdh\/","name":"R\u00e9seau Europ\u00e9en de Recherche en Droits de l&#039;Homme (R.E.R.D.H.)","description":"universit\u00e9 ouverte source de r\u00e9ussites","potentialAction":[{"@type":"SearchAction","target":{"@type":"EntryPoint","urlTemplate":"https:\/\/asso.unilim.fr\/rerdh\/?s={search_term_string}"},"query-input":{"@type":"PropertyValueSpecification","valueRequired":true,"valueName":"search_term_string"}}],"inLanguage":"fr-FR"}]}},"_links":{"self":[{"href":"https:\/\/asso.unilim.fr\/rerdh\/wp-json\/wp\/v2\/pages\/414","targetHints":{"allow":["GET"]}}],"collection":[{"href":"https:\/\/asso.unilim.fr\/rerdh\/wp-json\/wp\/v2\/pages"}],"about":[{"href":"https:\/\/asso.unilim.fr\/rerdh\/wp-json\/wp\/v2\/types\/page"}],"author":[{"embeddable":true,"href":"https:\/\/asso.unilim.fr\/rerdh\/wp-json\/wp\/v2\/users\/99"}],"replies":[{"embeddable":true,"href":"https:\/\/asso.unilim.fr\/rerdh\/wp-json\/wp\/v2\/comments?post=414"}],"version-history":[{"count":0,"href":"https:\/\/asso.unilim.fr\/rerdh\/wp-json\/wp\/v2\/pages\/414\/revisions"}],"wp:attachment":[{"href":"https:\/\/asso.unilim.fr\/rerdh\/wp-json\/wp\/v2\/media?parent=414"}],"curies":[{"name":"wp","href":"https:\/\/api.w.org\/{rel}","templated":true}]}}

2022 | Liberté(s) vestimentaire (s)

<p><img loading="lazy" decoding="async" class="alignnone wp-image-407" src="https://asso.unilim.fr/rerdh/wp-content/uploads/sites/11/2021/04/FACEBOOK_COUVERTURE-1-e1617961230783.jpg" alt="" width="753" height="271" srcset="https://asso.unilim.fr/rerdh/wp-content/uploads/sites/11/2021/04/FACEBOOK_COUVERTURE-1-e1617961230783.jpg 1200w, https://asso.unilim.fr/rerdh/wp-content/uploads/sites/11/2021/04/FACEBOOK_COUVERTURE-1-e1617961230783-300x108.jpg 300w, https://asso.unilim.fr/rerdh/wp-content/uploads/sites/11/2021/04/FACEBOOK_COUVERTURE-1-e1617961230783-1024x369.jpg 1024w, https://asso.unilim.fr/rerdh/wp-content/uploads/sites/11/2021/04/FACEBOOK_COUVERTURE-1-e1617961230783-768x276.jpg 768w" sizes="auto, (max-width: 753px) 100vw, 753px" /></p>
<p style="text-align: justify">Tous les dix-huit mois, l’association organise un<strong> colloque pluridisciplinaire</strong>, à destination de la communauté étudiante et scientifique, sur une thématique originale. Ces événements accueillent des professeurs, maîtres de conférence, docteurs et doctorants d’universités françaises et étrangères. Leur vocation pluridisciplinaire a un double intérêt : la vulgarisation du droit d’une part, la valorisation du rayonnement extra-juridique de la matière d’autre part.</p>
<p style="text-align: justify">Chaque colloque fait l’objet d’une publication chez de grands éditeurs ce qui vérifie la qualité de l’événement scientifique d’un côté, et promeut les travaux de recherche de l’association d’un autre côté.</p>
<p style="text-align: justify"><span style="color: #800000"><strong>La crise sanitaire a néanmoins bousculé le calendrier du R.E.R.D.H. Aussi l&rsquo;actuel Bureau a-t-il été contraint de repousser leur prochain évènement scientifique <span style="text-decoration: underline">au printemps 2022</span>.</strong></span></p>
<h1>Le projet</h1>
<p style="text-align: justify">Dans la lignée des précédentes manifestations scientifiques, le projet porté par l’association R.E.R.D.H. s’inscrit dans une <strong>approche ouverte et pluridisciplinaire</strong>. La forme retenue pour ce projet assure son dynamisme.</p>
<p>Le plan du colloque est en cours de réalisation : toutes les idées sont les bienvenues.</p>

<p>Tous les dix-huit mois, l’association organise un colloque pluridisciplinaire, à destination de la communauté étudiante et scientifique, sur une thématique originale. Ces événements accueillent des professeurs, maîtres de conférence, docteurs et doctorants d’universités françaises et étrangères. Leur vocation pluridisciplinaire a un double intérêt : la vulgarisation du droit d’une part, la valorisation du rayonnement extra-juridique de [&hellip;]</p>

<!-- This site is optimized with the Yoast SEO plugin v26.3 - https://yoast.com/wordpress/plugins/seo/ -->
<title>2022 | Liberté(s) vestimentaire (s) - Réseau Européen de Recherche en Droits de l&#039;Homme (R.E.R.D.H.)</title>
<meta name="robots" content="index, follow, max-snippet:-1, max-image-preview:large, max-video-preview:-1" />
<link rel="canonical" href="https://asso.unilim.fr/rerdh/2022-libertes-vestimentaire-s/" />
<meta property="og:locale" content="fr_FR" />
<meta property="og:type" content="article" />
<meta property="og:title" content="2022 | Liberté(s) vestimentaire (s) - Réseau Européen de Recherche en Droits de l&#039;Homme (R.E.R.D.H.)" />
<meta property="og:description" content="Tous les dix-huit mois, l’association organise un colloque pluridisciplinaire, à destination de la communauté étudiante et scientifique, sur une thématique originale. Ces événements accueillent des professeurs, maîtres de conférence, docteurs et doctorants d’universités françaises et étrangères. Leur vocation pluridisciplinaire a un double intérêt : la vulgarisation du droit d’une part, la valorisation du rayonnement extra-juridique de [&hellip;]" />
<meta property="og:url" content="https://asso.unilim.fr/rerdh/2022-libertes-vestimentaire-s/" />
<meta property="og:site_name" content="Réseau Européen de Recherche en Droits de l&#039;Homme (R.E.R.D.H.)" />
<meta property="article:modified_time" content="2021-04-14T14:31:18+00:00" />
<meta property="og:image" content="https://asso.unilim.fr/rerdh/wp-content/uploads/sites/11/2021/04/FACEBOOK_COUVERTURE-1-e1617961230783.jpg" />
<meta name="twitter:card" content="summary_large_image" />
<meta name="twitter:label1" content="Durée de lecture estimée" />
	<meta name="twitter:data1" content="1 minute" />
<script type="application/ld+json" class="yoast-schema-graph">{"@context":"https://schema.org","@graph":[{"@type":"WebPage","@id":"https://asso.unilim.fr/rerdh/2022-libertes-vestimentaire-s/","url":"https://asso.unilim.fr/rerdh/2022-libertes-vestimentaire-s/","name":"2022 | Liberté(s) vestimentaire (s) - Réseau Européen de Recherche en Droits de l&#039;Homme (R.E.R.D.H.)","isPartOf":{"@id":"https://asso.unilim.fr/rerdh/#website"},"primaryImageOfPage":{"@id":"https://asso.unilim.fr/rerdh/2022-libertes-vestimentaire-s/#primaryimage"},"image":{"@id":"https://asso.unilim.fr/rerdh/2022-libertes-vestimentaire-s/#primaryimage"},"thumbnailUrl":"https://asso.unilim.fr/rerdh/wp-content/uploads/sites/11/2021/04/FACEBOOK_COUVERTURE-1-e1617961230783.jpg","datePublished":"2021-04-09T10:06:53+00:00","dateModified":"2021-04-14T14:31:18+00:00","breadcrumb":{"@id":"https://asso.unilim.fr/rerdh/2022-libertes-vestimentaire-s/#breadcrumb"},"inLanguage":"fr-FR","potentialAction":[{"@type":"ReadAction","target":["https://asso.unilim.fr/rerdh/2022-libertes-vestimentaire-s/"]}]},{"@type":"ImageObject","inLanguage":"fr-FR","@id":"https://asso.unilim.fr/rerdh/2022-libertes-vestimentaire-s/#primaryimage","url":"https://asso.unilim.fr/rerdh/wp-content/uploads/sites/11/2021/04/FACEBOOK_COUVERTURE-1-e1617961230783.jpg","contentUrl":"https://asso.unilim.fr/rerdh/wp-content/uploads/sites/11/2021/04/FACEBOOK_COUVERTURE-1-e1617961230783.jpg"},{"@type":"BreadcrumbList","@id":"https://asso.unilim.fr/rerdh/2022-libertes-vestimentaire-s/#breadcrumb","itemListElement":[{"@type":"ListItem","position":1,"name":"Accueil","item":"https://asso.unilim.fr/rerdh/"},{"@type":"ListItem","position":2,"name":"2022 | Liberté(s) vestimentaire (s)"}]},{"@type":"WebSite","@id":"https://asso.unilim.fr/rerdh/#website","url":"https://asso.unilim.fr/rerdh/","name":"Réseau Européen de Recherche en Droits de l&#039;Homme (R.E.R.D.H.)","description":"université ouverte source de réussites","potentialAction":[{"@type":"SearchAction","target":{"@type":"EntryPoint","urlTemplate":"https://asso.unilim.fr/rerdh/?s={search_term_string}"},"query-input":{"@type":"PropertyValueSpecification","valueRequired":true,"valueName":"search_term_string"}}],"inLanguage":"fr-FR"}]}</script>
<!-- / Yoast SEO plugin. -->

2022 | Liberté(s) vestimentaire (s) - Réseau Européen de Recherche en Droits de l&#039;Homme (R.E.R.D.H.)

Tous les dix-huit mois, l’association organise un colloque pluridisciplinaire, à destination de la communauté étudiante et scientifique, sur une thématique originale. Ces événements accueillent des professeurs, maîtres de conférence, docteurs et doctorants d’universités françaises et étrangères. Leur vocation pluridisciplinaire a un double intérêt : la vulgarisation du droit d’une part, la valorisation du rayonnement extra-juridique de [&hellip;]

Réseau Européen de Recherche en Droits de l&#039;Homme (R.E.R.D.H.)

université ouverte source de réussites
