{"id":235,"date":"2019-09-08T17:43:49","date_gmt":"2019-09-08T15:43:49","guid":{"rendered":"http:\/\/asso.unilim.fr\/rerdh\/?page_id=235"},"modified":"2019-09-15T11:11:00","modified_gmt":"2019-09-15T09:11:00","slug":"2013-heroisme-et-droit","status":"publish","type":"page","link":"https:\/\/asso.unilim.fr\/rerdh\/2013-heroisme-et-droit\/","title":{"rendered":"2013 | H\u00e9ro\u00efsme et Droit"},"content":{"rendered":"<blockquote><p><em>H\u00e9ro\u00efsme et droit<\/em>, coll. Th\u00e8mes et commentaires, Dalloz, 2014, 248 pages.<\/p><\/blockquote>\n<p><img loading=\"lazy\" decoding=\"async\" class=\"size-full wp-image-85 aligncenter\" src=\"http:\/\/www.unilim.fr\/rerdh\/wp-content\/uploads\/sites\/11\/2019\/07\/heroisme-et-droit.jpg\" alt=\"\" width=\"212\" height=\"300\" \/><\/p>\n<h1>Pr\u00e9sentation :<\/h1>\n<p>La volont\u00e9 de l\u2019association fut ici de confronter deux notions apparemment contradictoires : d\u2019une part, l\u2019h\u00e9ro\u00efsme suppose un comportement extra-ordinaire ; d\u2019autre part, le droit suppose la banalisation des comportements.<\/p>\n<p style=\"text-align: justify\">Aussi s\u2019agira-t-il, au cours des d\u00e9bats, de d\u00e9terminer comment le droit r\u00e9agit face \u00e0 l\u2019acte h\u00e9ro\u00efque : le sanctionne-t-il, l\u2019autorise-t-il, l\u2019impose-t-il, le garantit-il ? Le droit peut-il appr\u00e9hender des comportements qui sortent de l\u2019ordinaire et, par suite, les normaliser ?<\/p>\n<p style=\"text-align: justify\">Enfin, l\u2019h\u00e9ro\u00efsme normalis\u00e9 est-il toujours de l\u2019h\u00e9ro\u00efsme ? Les journ\u00e9es d\u2019\u00e9tude seront organis\u00e9es en deux temps : la premi\u00e8re journ\u00e9e sera consacr\u00e9e \u00e0 \u00ab l\u2019h\u00e9ro\u00efsme hors le droit \u00bb et la seconde \u00e0 \u00ab l\u2019h\u00e9ro\u00efsme dans le droit \u00bb.<\/p>\n<h1>Programme :<\/h1>\n<h2>Mercredi 10 avril : L&rsquo;h\u00e9ro\u00efsme hors le droit<\/h2>\n<p>Sous la pr\u00e9sidence de : Pierre-Marie Martin, Professeur \u00e0 l\u2019Universit\u00e9 de Toulouse I et de Jean-Pierre Margu\u00e9naud, Professeur \u00e0 l\u2019Universit\u00e9 de Limoges<\/p>\n<h3>Matin\u00e9e du Mercredi 10 avril 2013 sous la pr\u00e9sidence de Pierre-Marie Martin, Professeur \u00e0 l\u2019Universit\u00e9 de Toulouse I<\/h3>\n<p>H\u00e9l\u00e8ne Pauliat, Pr\u00e9sidente de l\u2019Universit\u00e9 de Limoges &#8211; <strong>Allocution d\u2019ouverture<\/strong><\/p>\n<p>Sophie Demonfort, Pr\u00e9sidente du RERDH, doctorante \u00e0 l\u2019Universit\u00e9 de Limoges &#8211; <strong>Pr\u00e9sentation des journ\u00e9es d\u2019\u00e9tude<\/strong><\/p>\n<p>Pierre-Marie Martin, Professeur \u00e0 l\u2019Universit\u00e9 de Toulouse I &#8211;<strong> L\u2019H\u00e9ro\u00efsme et le droit : quelques paradoxes<\/strong><\/p>\n<p>Amir Arjomand, Professeur \u00e0 l\u2019Universit\u00e9 de T\u00e9h\u00e9ran &#8211; <strong>De quelques moyens de r\u00e9sistance<\/strong><\/p>\n<p>Willy Tshitende, Doctorant \u00e0 l\u2019Universit\u00e9 de Limoges &#8211;<strong> L\u2019activisme des ONG face au principe de non-ing\u00e9rence<\/strong><\/p>\n<h3>Apr\u00e8s-midi du Mercredi 10 avril 2013 sous la pr\u00e9sidence de Jean-Pierre Margu\u00e9naud, Professeur \u00e0 l\u2019Universit\u00e9 de Limoges<\/h3>\n<p>Jean-Pierre Margu\u00e9naud, Professeur de droit \u00e0 l\u2019Universit\u00e9 de Limoges &#8211; <strong>Du droit, du rock et des h\u00e9ros<\/strong><\/p>\n<p>Alexandre Est\u00e8ve, doctorant en droit public \u00e0 l\u2019Universit\u00e9 de Limoges &#8211; <strong>L\u2019h\u00e9ro\u00efsme d\u2019opinion dans la soci\u00e9t\u00e9 civile<\/strong><\/p>\n<p>Jean-Baptiste Thierry, Ma\u00eetre de conf\u00e9rences \u00e0 l\u2019Universit\u00e9 de Nancy II &#8211; <strong>Le mouvement Real Life Super Heroes<\/strong><\/p>\n<p>Salwa Hamrouni, Maitre assistante \u00e0 la facult\u00e9 des sciences juridiques, politiques et sociales de Tunis &#8211; <strong>L\u2019h\u00e9ro\u00efsme dans les printemps arabes<\/strong><\/p>\n<p>Anne-Marie Tournepiche, Professeur \u00e0 l\u2019Universit\u00e9 de Bordeaux IV &#8211; <strong>De la l\u00e9gitimit\u00e9 \u00e0 la l\u00e9galit\u00e9<\/strong><\/p>\n<h2>Jeudi 11 avril : L&rsquo;h\u00e9ro\u00efsme dans le droit<\/h2>\n<p>Sous la pr\u00e9sidence de : Ibrahim Kaboglu, Professeur invit\u00e9 \u00e0 l\u2019Universit\u00e9 de Limoges et d\u2019Aur\u00e9lien Lemasson, Professeur \u00e0 l\u2019ULCO<\/p>\n<h3>Matin\u00e9e du Jeudi 11 avril 2013 : L\u2019h\u00e9ro\u00efsme progr\u00e8s du droit ous la pr\u00e9sidence d\u2019Ibrahim Kaboglu, Professeur invit\u00e9 \u00e0 l\u2019Universit\u00e9 de Limoges<\/h3>\n<p>Ibrahim Kaboglu, Professeur invit\u00e9 \u00e0 l\u2019Universit\u00e9 de Limoges &#8211; <strong>Propos introductifs<\/strong><\/p>\n<p>Julien Lacaze, Docteur en histoire du droit, ATER \u00e0 l\u2019Universit\u00e9 de Limoges &#8211; <strong>L\u00e9on Duguit ou la doctrine h\u00e9ro\u00efque<\/strong><\/p>\n<p>Adil Fathi, Adjoint du Procureur du Roi pr\u00e8s le tribunal de premi\u00e8re instance de Taza &#8211; <strong>Le courage de dire le droit<\/strong><\/p>\n<p>David Labouysse, Magistrat des tribunaux administratifs et des cours administratives d\u2019appel, Professeur invit\u00e9 \u00e0 l\u2019Universit\u00e9 de Limoges &#8211; <strong>Le courage du rapporteur public<\/strong><\/p>\n<h3>Apr\u00e8s-midi du Jeudi 11 avril 2013 : L\u2019h\u00e9ro\u00efsme par le droit sous la pr\u00e9sidence d\u2019Aur\u00e9lien Lemasson, Professeur \u00e0 l\u2019ULCO<\/h3>\n<p>Aur\u00e9lien Lemasson, Professeur \u00e0 l\u2019ULCO &#8211; <strong>Propos introductifs<\/strong><\/p>\n<p>Marie-Ang\u00e8le Hermitte, Directrice de recherche au CNRS &#8211; <strong>L\u2019h\u00e9ro\u00efsme dans la sph\u00e8re scientifique, l\u2019exemple des lanceurs d\u2019alerte<\/strong><\/p>\n<p>Ibrahima Dia, Doctorant en droit priv\u00e9 \u00e0 l\u2019Universit\u00e9 de Limoges &#8211; <strong>La l\u00e9gitimation de l\u2019acte h\u00e9ro\u00efque par le truchement des droits de l\u2019homme<\/strong><\/p>\n<p><strong>Regards crois\u00e9s sur l\u2019h\u00e9ro\u00efsme de circonstances<\/strong><br \/>\nAvec les interventions de :<br \/>\n&#8211; Aur\u00e9lien Lemasson, Professeur \u00e0 l\u2019ULCO &#8211; H\u00e9ro\u00efsme et obligation de porter secours<br \/>\n&#8211; David Charbonnel, doctorant \u00e0 l\u2019Universit\u00e9 de Limoges &#8211; L\u2019agent public face \u00e0 l\u2019ordre manifestement ill\u00e9gal<br \/>\n&#8211; Marie-Christine Sordino, Ma\u00eetre de conf\u00e9rences \u00e0 l\u2019Universit\u00e9 de Montpellier I &#8211; H\u00e9ro\u00efsme et \u00e9tat de n\u00e9cessit\u00e9<br \/>\n&#8211; Nathalie Deffains, Ma\u00eetre de conf\u00e9rences \u00e0 l\u2019Universit\u00e9 de Lorraine &#8211; L\u2019h\u00e9ro\u00efsme du collaborateur occasionnel du service public<\/p>\n<p>H\u00e9l\u00e8ne Pauliat, Pr\u00e9sidente de l\u2019Universit\u00e9 de Limoges &#8211; <strong>La r\u00e9compense du h\u00e9ros<\/strong><\/p>\n<p>Jean Morange, Professeur \u00e0 l\u2019Universit\u00e9 de Limoges &#8211;<strong> Synth\u00e8se des journ\u00e9es d\u2019\u00e9tude.<\/strong><\/p>\n","protected":false},"excerpt":{"rendered":"<p>H\u00e9ro\u00efsme et droit, coll. Th\u00e8mes et commentaires, Dalloz, 2014, 248 pages. Pr\u00e9sentation : La volont\u00e9 de l\u2019association fut ici de confronter deux notions apparemment contradictoires : d\u2019une part, l\u2019h\u00e9ro\u00efsme suppose un comportement extra-ordinaire ; d\u2019autre part, le droit suppose la banalisation des comportements. Aussi s\u2019agira-t-il, au cours des d\u00e9bats, de d\u00e9terminer comment le droit r\u00e9agit [&hellip;]<\/p>\n","protected":false},"author":99,"featured_media":0,"parent":0,"menu_order":0,"comment_status":"closed","ping_status":"closed","template":"","meta":{"footnotes":""},"class_list":["post-235","page","type-page","status-publish","hentry"],"yoast_head":"<!-- This site is optimized with the Yoast SEO plugin v26.3 - https:\/\/yoast.com\/wordpress\/plugins\/seo\/ -->\n<title>2013 | H\u00e9ro\u00efsme et Droit - R\u00e9seau Europ\u00e9en de Recherche en Droits de l&#039;Homme (R.E.R.D.H.)<\/title>\n<meta name=\"robots\" content=\"index, follow, max-snippet:-1, max-image-preview:large, max-video-preview:-1\" \/>\n<link rel=\"canonical\" href=\"https:\/\/asso.unilim.fr\/rerdh\/2013-heroisme-et-droit\/\" \/>\n<meta property=\"og:locale\" content=\"fr_FR\" \/>\n<meta property=\"og:type\" content=\"article\" \/>\n<meta property=\"og:title\" content=\"2013 | H\u00e9ro\u00efsme et Droit - R\u00e9seau Europ\u00e9en de Recherche en Droits de l&#039;Homme (R.E.R.D.H.)\" \/>\n<meta property=\"og:description\" content=\"H\u00e9ro\u00efsme et droit, coll. Th\u00e8mes et commentaires, Dalloz, 2014, 248 pages. Pr\u00e9sentation : La volont\u00e9 de l\u2019association fut ici de confronter deux notions apparemment contradictoires : d\u2019une part, l\u2019h\u00e9ro\u00efsme suppose un comportement extra-ordinaire ; d\u2019autre part, le droit suppose la banalisation des comportements. Aussi s\u2019agira-t-il, au cours des d\u00e9bats, de d\u00e9terminer comment le droit r\u00e9agit [&hellip;]\" \/>\n<meta property=\"og:url\" content=\"https:\/\/asso.unilim.fr\/rerdh\/2013-heroisme-et-droit\/\" \/>\n<meta property=\"og:site_name\" content=\"R\u00e9seau Europ\u00e9en de Recherche en Droits de l&#039;Homme (R.E.R.D.H.)\" \/>\n<meta property=\"article:modified_time\" content=\"2019-09-15T09:11:00+00:00\" \/>\n<meta property=\"og:image\" content=\"http:\/\/www.unilim.fr\/rerdh\/wp-content\/uploads\/sites\/11\/2019\/07\/heroisme-et-droit.jpg\" \/>\n<meta name=\"twitter:card\" content=\"summary_large_image\" \/>\n<meta name=\"twitter:label1\" content=\"Dur\u00e9e de lecture estim\u00e9e\" \/>\n\t<meta name=\"twitter:data1\" content=\"4 minutes\" \/>\n<script type=\"application\/ld+json\" class=\"yoast-schema-graph\">{\"@context\":\"https:\/\/schema.org\",\"@graph\":[{\"@type\":\"WebPage\",\"@id\":\"https:\/\/asso.unilim.fr\/rerdh\/2013-heroisme-et-droit\/\",\"url\":\"https:\/\/asso.unilim.fr\/rerdh\/2013-heroisme-et-droit\/\",\"name\":\"2013 | H\u00e9ro\u00efsme et Droit - R\u00e9seau Europ\u00e9en de Recherche en Droits de l&#039;Homme (R.E.R.D.H.)\",\"isPartOf\":{\"@id\":\"https:\/\/asso.unilim.fr\/rerdh\/#website\"},\"primaryImageOfPage\":{\"@id\":\"https:\/\/asso.unilim.fr\/rerdh\/2013-heroisme-et-droit\/#primaryimage\"},\"image\":{\"@id\":\"https:\/\/asso.unilim.fr\/rerdh\/2013-heroisme-et-droit\/#primaryimage\"},\"thumbnailUrl\":\"http:\/\/www.unilim.fr\/rerdh\/wp-content\/uploads\/sites\/11\/2019\/07\/heroisme-et-droit.jpg\",\"datePublished\":\"2019-09-08T15:43:49+00:00\",\"dateModified\":\"2019-09-15T09:11:00+00:00\",\"breadcrumb\":{\"@id\":\"https:\/\/asso.unilim.fr\/rerdh\/2013-heroisme-et-droit\/#breadcrumb\"},\"inLanguage\":\"fr-FR\",\"potentialAction\":[{\"@type\":\"ReadAction\",\"target\":[\"https:\/\/asso.unilim.fr\/rerdh\/2013-heroisme-et-droit\/\"]}]},{\"@type\":\"ImageObject\",\"inLanguage\":\"fr-FR\",\"@id\":\"https:\/\/asso.unilim.fr\/rerdh\/2013-heroisme-et-droit\/#primaryimage\",\"url\":\"http:\/\/www.unilim.fr\/rerdh\/wp-content\/uploads\/sites\/11\/2019\/07\/heroisme-et-droit.jpg\",\"contentUrl\":\"http:\/\/www.unilim.fr\/rerdh\/wp-content\/uploads\/sites\/11\/2019\/07\/heroisme-et-droit.jpg\"},{\"@type\":\"BreadcrumbList\",\"@id\":\"https:\/\/asso.unilim.fr\/rerdh\/2013-heroisme-et-droit\/#breadcrumb\",\"itemListElement\":[{\"@type\":\"ListItem\",\"position\":1,\"name\":\"Accueil\",\"item\":\"https:\/\/asso.unilim.fr\/rerdh\/\"},{\"@type\":\"ListItem\",\"position\":2,\"name\":\"2013 | H\u00e9ro\u00efsme et Droit\"}]},{\"@type\":\"WebSite\",\"@id\":\"https:\/\/asso.unilim.fr\/rerdh\/#website\",\"url\":\"https:\/\/asso.unilim.fr\/rerdh\/\",\"name\":\"R\u00e9seau Europ\u00e9en de Recherche en Droits de l&#039;Homme (R.E.R.D.H.)\",\"description\":\"universit\u00e9 ouverte source de r\u00e9ussites\",\"potentialAction\":[{\"@type\":\"SearchAction\",\"target\":{\"@type\":\"EntryPoint\",\"urlTemplate\":\"https:\/\/asso.unilim.fr\/rerdh\/?s={search_term_string}\"},\"query-input\":{\"@type\":\"PropertyValueSpecification\",\"valueRequired\":true,\"valueName\":\"search_term_string\"}}],\"inLanguage\":\"fr-FR\"}]}<\/script>\n<!-- \/ Yoast SEO plugin. -->","yoast_head_json":{"title":"2013 | H\u00e9ro\u00efsme et Droit - R\u00e9seau Europ\u00e9en de Recherche en Droits de l&#039;Homme (R.E.R.D.H.)","robots":{"index":"index","follow":"follow","max-snippet":"max-snippet:-1","max-image-preview":"max-image-preview:large","max-video-preview":"max-video-preview:-1"},"canonical":"https:\/\/asso.unilim.fr\/rerdh\/2013-heroisme-et-droit\/","og_locale":"fr_FR","og_type":"article","og_title":"2013 | H\u00e9ro\u00efsme et Droit - R\u00e9seau Europ\u00e9en de Recherche en Droits de l&#039;Homme (R.E.R.D.H.)","og_description":"H\u00e9ro\u00efsme et droit, coll. Th\u00e8mes et commentaires, Dalloz, 2014, 248 pages. Pr\u00e9sentation : La volont\u00e9 de l\u2019association fut ici de confronter deux notions apparemment contradictoires : d\u2019une part, l\u2019h\u00e9ro\u00efsme suppose un comportement extra-ordinaire ; d\u2019autre part, le droit suppose la banalisation des comportements. Aussi s\u2019agira-t-il, au cours des d\u00e9bats, de d\u00e9terminer comment le droit r\u00e9agit [&hellip;]","og_url":"https:\/\/asso.unilim.fr\/rerdh\/2013-heroisme-et-droit\/","og_site_name":"R\u00e9seau Europ\u00e9en de Recherche en Droits de l&#039;Homme (R.E.R.D.H.)","article_modified_time":"2019-09-15T09:11:00+00:00","og_image":[{"url":"http:\/\/www.unilim.fr\/rerdh\/wp-content\/uploads\/sites\/11\/2019\/07\/heroisme-et-droit.jpg","type":"","width":"","height":""}],"twitter_card":"summary_large_image","twitter_misc":{"Dur\u00e9e de lecture estim\u00e9e":"4 minutes"},"schema":{"@context":"https:\/\/schema.org","@graph":[{"@type":"WebPage","@id":"https:\/\/asso.unilim.fr\/rerdh\/2013-heroisme-et-droit\/","url":"https:\/\/asso.unilim.fr\/rerdh\/2013-heroisme-et-droit\/","name":"2013 | H\u00e9ro\u00efsme et Droit - R\u00e9seau Europ\u00e9en de Recherche en Droits de l&#039;Homme (R.E.R.D.H.)","isPartOf":{"@id":"https:\/\/asso.unilim.fr\/rerdh\/#website"},"primaryImageOfPage":{"@id":"https:\/\/asso.unilim.fr\/rerdh\/2013-heroisme-et-droit\/#primaryimage"},"image":{"@id":"https:\/\/asso.unilim.fr\/rerdh\/2013-heroisme-et-droit\/#primaryimage"},"thumbnailUrl":"http:\/\/www.unilim.fr\/rerdh\/wp-content\/uploads\/sites\/11\/2019\/07\/heroisme-et-droit.jpg","datePublished":"2019-09-08T15:43:49+00:00","dateModified":"2019-09-15T09:11:00+00:00","breadcrumb":{"@id":"https:\/\/asso.unilim.fr\/rerdh\/2013-heroisme-et-droit\/#breadcrumb"},"inLanguage":"fr-FR","potentialAction":[{"@type":"ReadAction","target":["https:\/\/asso.unilim.fr\/rerdh\/2013-heroisme-et-droit\/"]}]},{"@type":"ImageObject","inLanguage":"fr-FR","@id":"https:\/\/asso.unilim.fr\/rerdh\/2013-heroisme-et-droit\/#primaryimage","url":"http:\/\/www.unilim.fr\/rerdh\/wp-content\/uploads\/sites\/11\/2019\/07\/heroisme-et-droit.jpg","contentUrl":"http:\/\/www.unilim.fr\/rerdh\/wp-content\/uploads\/sites\/11\/2019\/07\/heroisme-et-droit.jpg"},{"@type":"BreadcrumbList","@id":"https:\/\/asso.unilim.fr\/rerdh\/2013-heroisme-et-droit\/#breadcrumb","itemListElement":[{"@type":"ListItem","position":1,"name":"Accueil","item":"https:\/\/asso.unilim.fr\/rerdh\/"},{"@type":"ListItem","position":2,"name":"2013 | H\u00e9ro\u00efsme et Droit"}]},{"@type":"WebSite","@id":"https:\/\/asso.unilim.fr\/rerdh\/#website","url":"https:\/\/asso.unilim.fr\/rerdh\/","name":"R\u00e9seau Europ\u00e9en de Recherche en Droits de l&#039;Homme (R.E.R.D.H.)","description":"universit\u00e9 ouverte source de r\u00e9ussites","potentialAction":[{"@type":"SearchAction","target":{"@type":"EntryPoint","urlTemplate":"https:\/\/asso.unilim.fr\/rerdh\/?s={search_term_string}"},"query-input":{"@type":"PropertyValueSpecification","valueRequired":true,"valueName":"search_term_string"}}],"inLanguage":"fr-FR"}]}},"_links":{"self":[{"href":"https:\/\/asso.unilim.fr\/rerdh\/wp-json\/wp\/v2\/pages\/235","targetHints":{"allow":["GET"]}}],"collection":[{"href":"https:\/\/asso.unilim.fr\/rerdh\/wp-json\/wp\/v2\/pages"}],"about":[{"href":"https:\/\/asso.unilim.fr\/rerdh\/wp-json\/wp\/v2\/types\/page"}],"author":[{"embeddable":true,"href":"https:\/\/asso.unilim.fr\/rerdh\/wp-json\/wp\/v2\/users\/99"}],"replies":[{"embeddable":true,"href":"https:\/\/asso.unilim.fr\/rerdh\/wp-json\/wp\/v2\/comments?post=235"}],"version-history":[{"count":0,"href":"https:\/\/asso.unilim.fr\/rerdh\/wp-json\/wp\/v2\/pages\/235\/revisions"}],"wp:attachment":[{"href":"https:\/\/asso.unilim.fr\/rerdh\/wp-json\/wp\/v2\/media?parent=235"}],"curies":[{"name":"wp","href":"https:\/\/api.w.org\/{rel}","templated":true}]}}