{"id":22,"date":"2019-07-23T19:23:01","date_gmt":"2019-07-23T17:23:01","guid":{"rendered":"http:\/\/asso.unilim.fr\/rerdh\/?page_id=22"},"modified":"2019-09-15T11:34:22","modified_gmt":"2019-09-15T09:34:22","slug":"la-creation-du-reseau","status":"publish","type":"page","link":"https:\/\/asso.unilim.fr\/rerdh\/la-creation-du-reseau\/","title":{"rendered":"La cr\u00e9ation du r\u00e9seau"},"content":{"rendered":"<h1 style=\"text-align: justify\"><img loading=\"lazy\" decoding=\"async\" class=\"wp-image-74 alignright\" src=\"http:\/\/www.unilim.fr\/rerdh\/wp-content\/uploads\/sites\/11\/2019\/07\/rerdh-vieux-logo-300x300.png\" alt=\"\" width=\"260\" height=\"260\" srcset=\"https:\/\/asso.unilim.fr\/rerdh\/wp-content\/uploads\/sites\/11\/2019\/07\/rerdh-vieux-logo-300x300.png 300w, https:\/\/asso.unilim.fr\/rerdh\/wp-content\/uploads\/sites\/11\/2019\/07\/rerdh-vieux-logo.png 400w\" sizes=\"auto, (max-width: 260px) 100vw, 260px\" \/>Depuis 2009&#8230;<\/h1>\n<p style=\"text-align: justify\">Le R\u00e9seau Europ\u00e9en de Recherche en Droits de l\u2019Homme (R.E.R.D.H.) est une association (loi 1901) de jeunes chercheurs \u2013 doctorants et docteurs \u2013 accompagn\u00e9s de chercheurs confirm\u00e9s \u2013 ma\u00eetres de conf\u00e9rences et professeurs.<\/p>\n<p style=\"text-align: justify\">Elle fut cr\u00e9\u00e9e en <span style=\"color: #9e0000\"><strong>octobre 2009<\/strong><\/span> \u00e0 l&rsquo;initiative de doctorants en droit de l&rsquo;OMIJ (Observatoire des Mutations Institutionnelles et Juridiques) de l&rsquo;Universit\u00e9 de Limoges. Depuis lors, l&rsquo;association n&rsquo;a cess\u00e9 de gagner en visibilit\u00e9 et en membres. Ces projets fleurissent sous le dynamisme des doctorants et docteurs en droit de l&rsquo;OMIJ et du CREOP (Centre de Recherches sur l&rsquo;Entreprise, les Organisations et le Patrimoine) et sous les conseils de l&rsquo;\u00e9quipe p\u00e9dagogique de la Facult\u00e9 de Droit et des Sciences \u00e9conomiques de Limoges.<\/p>\n<h1>Un d\u00e9veloppement constant<\/h1>\n<p style=\"text-align: justify\">Le R.E.R.D.H. est une association qui a vocation \u00e0 se p\u00e9renniser. Chaque ann\u00e9e, l&rsquo;association accueille les <strong>nouveaux doctorants<\/strong> en Droit de l&rsquo;Universit\u00e9 de Limoges et, avec eux, de nouvelles id\u00e9es et perspectives d\u2019\u00e9v\u00e9nements : de quoi vivifier et fortifier son activit\u00e9.<\/p>\n<p style=\"text-align: justify\">En outre, le R.E.R.D.H. reste moderne et ses nouveaux projets ne cessent de fleurir. Pour ses dix ans, le <strong>logo<\/strong> du r\u00e9seau fait peau neuve ! Une <strong>revue juridique<\/strong> en ligne est lanc\u00e9e. La valorisation de la recherche est renforc\u00e9e. Les activit\u00e9s culturelles \u00e0 destination des \u00e9tudiants se multiplient. L&rsquo;espoir que l&rsquo;association poursuive ses activit\u00e9s encore de nombreuses ann\u00e9es.<\/p>\n<p>&nbsp;<\/p>\n","protected":false},"excerpt":{"rendered":"<p>Depuis 2009&#8230; Le R\u00e9seau Europ\u00e9en de Recherche en Droits de l\u2019Homme (R.E.R.D.H.) est une association (loi 1901) de jeunes chercheurs \u2013 doctorants et docteurs \u2013 accompagn\u00e9s de chercheurs confirm\u00e9s \u2013 ma\u00eetres de conf\u00e9rences et professeurs. Elle fut cr\u00e9\u00e9e en octobre 2009 \u00e0 l&rsquo;initiative de doctorants en droit de l&rsquo;OMIJ (Observatoire des Mutations Institutionnelles et Juridiques) [&hellip;]<\/p>\n","protected":false},"author":99,"featured_media":0,"parent":0,"menu_order":0,"comment_status":"closed","ping_status":"closed","template":"","meta":{"footnotes":""},"class_list":["post-22","page","type-page","status-publish","hentry"],"yoast_head":"<!-- This site is optimized with the Yoast SEO plugin v26.3 - https:\/\/yoast.com\/wordpress\/plugins\/seo\/ -->\n<title>La cr\u00e9ation du r\u00e9seau - R\u00e9seau Europ\u00e9en de Recherche en Droits de l&#039;Homme (R.E.R.D.H.)<\/title>\n<meta name=\"robots\" content=\"index, follow, max-snippet:-1, max-image-preview:large, max-video-preview:-1\" \/>\n<link rel=\"canonical\" href=\"https:\/\/asso.unilim.fr\/rerdh\/la-creation-du-reseau\/\" \/>\n<meta property=\"og:locale\" content=\"fr_FR\" \/>\n<meta property=\"og:type\" content=\"article\" \/>\n<meta property=\"og:title\" content=\"La cr\u00e9ation du r\u00e9seau - R\u00e9seau Europ\u00e9en de Recherche en Droits de l&#039;Homme (R.E.R.D.H.)\" \/>\n<meta property=\"og:description\" content=\"Depuis 2009&#8230; Le R\u00e9seau Europ\u00e9en de Recherche en Droits de l\u2019Homme (R.E.R.D.H.) est une association (loi 1901) de jeunes chercheurs \u2013 doctorants et docteurs \u2013 accompagn\u00e9s de chercheurs confirm\u00e9s \u2013 ma\u00eetres de conf\u00e9rences et professeurs. Elle fut cr\u00e9\u00e9e en octobre 2009 \u00e0 l&rsquo;initiative de doctorants en droit de l&rsquo;OMIJ (Observatoire des Mutations Institutionnelles et Juridiques) [&hellip;]\" \/>\n<meta property=\"og:url\" content=\"https:\/\/asso.unilim.fr\/rerdh\/la-creation-du-reseau\/\" \/>\n<meta property=\"og:site_name\" content=\"R\u00e9seau Europ\u00e9en de Recherche en Droits de l&#039;Homme (R.E.R.D.H.)\" \/>\n<meta property=\"article:modified_time\" content=\"2019-09-15T09:34:22+00:00\" \/>\n<meta property=\"og:image\" content=\"http:\/\/www.unilim.fr\/rerdh\/wp-content\/uploads\/sites\/11\/2019\/07\/rerdh-vieux-logo-300x300.png\" \/>\n<meta name=\"twitter:card\" content=\"summary_large_image\" \/>\n<meta name=\"twitter:label1\" content=\"Dur\u00e9e de lecture estim\u00e9e\" \/>\n\t<meta name=\"twitter:data1\" content=\"1 minute\" \/>\n<script type=\"application\/ld+json\" class=\"yoast-schema-graph\">{\"@context\":\"https:\/\/schema.org\",\"@graph\":[{\"@type\":\"WebPage\",\"@id\":\"https:\/\/asso.unilim.fr\/rerdh\/la-creation-du-reseau\/\",\"url\":\"https:\/\/asso.unilim.fr\/rerdh\/la-creation-du-reseau\/\",\"name\":\"La cr\u00e9ation du r\u00e9seau - R\u00e9seau Europ\u00e9en de Recherche en Droits de l&#039;Homme (R.E.R.D.H.)\",\"isPartOf\":{\"@id\":\"https:\/\/asso.unilim.fr\/rerdh\/#website\"},\"primaryImageOfPage\":{\"@id\":\"https:\/\/asso.unilim.fr\/rerdh\/la-creation-du-reseau\/#primaryimage\"},\"image\":{\"@id\":\"https:\/\/asso.unilim.fr\/rerdh\/la-creation-du-reseau\/#primaryimage\"},\"thumbnailUrl\":\"http:\/\/www.unilim.fr\/rerdh\/wp-content\/uploads\/sites\/11\/2019\/07\/rerdh-vieux-logo-300x300.png\",\"datePublished\":\"2019-07-23T17:23:01+00:00\",\"dateModified\":\"2019-09-15T09:34:22+00:00\",\"breadcrumb\":{\"@id\":\"https:\/\/asso.unilim.fr\/rerdh\/la-creation-du-reseau\/#breadcrumb\"},\"inLanguage\":\"fr-FR\",\"potentialAction\":[{\"@type\":\"ReadAction\",\"target\":[\"https:\/\/asso.unilim.fr\/rerdh\/la-creation-du-reseau\/\"]}]},{\"@type\":\"ImageObject\",\"inLanguage\":\"fr-FR\",\"@id\":\"https:\/\/asso.unilim.fr\/rerdh\/la-creation-du-reseau\/#primaryimage\",\"url\":\"http:\/\/www.unilim.fr\/rerdh\/wp-content\/uploads\/sites\/11\/2019\/07\/rerdh-vieux-logo-300x300.png\",\"contentUrl\":\"http:\/\/www.unilim.fr\/rerdh\/wp-content\/uploads\/sites\/11\/2019\/07\/rerdh-vieux-logo-300x300.png\"},{\"@type\":\"BreadcrumbList\",\"@id\":\"https:\/\/asso.unilim.fr\/rerdh\/la-creation-du-reseau\/#breadcrumb\",\"itemListElement\":[{\"@type\":\"ListItem\",\"position\":1,\"name\":\"Accueil\",\"item\":\"https:\/\/asso.unilim.fr\/rerdh\/\"},{\"@type\":\"ListItem\",\"position\":2,\"name\":\"La cr\u00e9ation du r\u00e9seau\"}]},{\"@type\":\"WebSite\",\"@id\":\"https:\/\/asso.unilim.fr\/rerdh\/#website\",\"url\":\"https:\/\/asso.unilim.fr\/rerdh\/\",\"name\":\"R\u00e9seau Europ\u00e9en de Recherche en Droits de l&#039;Homme (R.E.R.D.H.)\",\"description\":\"universit\u00e9 ouverte source de r\u00e9ussites\",\"potentialAction\":[{\"@type\":\"SearchAction\",\"target\":{\"@type\":\"EntryPoint\",\"urlTemplate\":\"https:\/\/asso.unilim.fr\/rerdh\/?s={search_term_string}\"},\"query-input\":{\"@type\":\"PropertyValueSpecification\",\"valueRequired\":true,\"valueName\":\"search_term_string\"}}],\"inLanguage\":\"fr-FR\"}]}<\/script>\n<!-- \/ Yoast SEO plugin. -->","yoast_head_json":{"title":"La cr\u00e9ation du r\u00e9seau - R\u00e9seau Europ\u00e9en de Recherche en Droits de l&#039;Homme (R.E.R.D.H.)","robots":{"index":"index","follow":"follow","max-snippet":"max-snippet:-1","max-image-preview":"max-image-preview:large","max-video-preview":"max-video-preview:-1"},"canonical":"https:\/\/asso.unilim.fr\/rerdh\/la-creation-du-reseau\/","og_locale":"fr_FR","og_type":"article","og_title":"La cr\u00e9ation du r\u00e9seau - R\u00e9seau Europ\u00e9en de Recherche en Droits de l&#039;Homme (R.E.R.D.H.)","og_description":"Depuis 2009&#8230; Le R\u00e9seau Europ\u00e9en de Recherche en Droits de l\u2019Homme (R.E.R.D.H.) est une association (loi 1901) de jeunes chercheurs \u2013 doctorants et docteurs \u2013 accompagn\u00e9s de chercheurs confirm\u00e9s \u2013 ma\u00eetres de conf\u00e9rences et professeurs. Elle fut cr\u00e9\u00e9e en octobre 2009 \u00e0 l&rsquo;initiative de doctorants en droit de l&rsquo;OMIJ (Observatoire des Mutations Institutionnelles et Juridiques) [&hellip;]","og_url":"https:\/\/asso.unilim.fr\/rerdh\/la-creation-du-reseau\/","og_site_name":"R\u00e9seau Europ\u00e9en de Recherche en Droits de l&#039;Homme (R.E.R.D.H.)","article_modified_time":"2019-09-15T09:34:22+00:00","og_image":[{"url":"http:\/\/www.unilim.fr\/rerdh\/wp-content\/uploads\/sites\/11\/2019\/07\/rerdh-vieux-logo-300x300.png","type":"","width":"","height":""}],"twitter_card":"summary_large_image","twitter_misc":{"Dur\u00e9e de lecture estim\u00e9e":"1 minute"},"schema":{"@context":"https:\/\/schema.org","@graph":[{"@type":"WebPage","@id":"https:\/\/asso.unilim.fr\/rerdh\/la-creation-du-reseau\/","url":"https:\/\/asso.unilim.fr\/rerdh\/la-creation-du-reseau\/","name":"La cr\u00e9ation du r\u00e9seau - R\u00e9seau Europ\u00e9en de Recherche en Droits de l&#039;Homme (R.E.R.D.H.)","isPartOf":{"@id":"https:\/\/asso.unilim.fr\/rerdh\/#website"},"primaryImageOfPage":{"@id":"https:\/\/asso.unilim.fr\/rerdh\/la-creation-du-reseau\/#primaryimage"},"image":{"@id":"https:\/\/asso.unilim.fr\/rerdh\/la-creation-du-reseau\/#primaryimage"},"thumbnailUrl":"http:\/\/www.unilim.fr\/rerdh\/wp-content\/uploads\/sites\/11\/2019\/07\/rerdh-vieux-logo-300x300.png","datePublished":"2019-07-23T17:23:01+00:00","dateModified":"2019-09-15T09:34:22+00:00","breadcrumb":{"@id":"https:\/\/asso.unilim.fr\/rerdh\/la-creation-du-reseau\/#breadcrumb"},"inLanguage":"fr-FR","potentialAction":[{"@type":"ReadAction","target":["https:\/\/asso.unilim.fr\/rerdh\/la-creation-du-reseau\/"]}]},{"@type":"ImageObject","inLanguage":"fr-FR","@id":"https:\/\/asso.unilim.fr\/rerdh\/la-creation-du-reseau\/#primaryimage","url":"http:\/\/www.unilim.fr\/rerdh\/wp-content\/uploads\/sites\/11\/2019\/07\/rerdh-vieux-logo-300x300.png","contentUrl":"http:\/\/www.unilim.fr\/rerdh\/wp-content\/uploads\/sites\/11\/2019\/07\/rerdh-vieux-logo-300x300.png"},{"@type":"BreadcrumbList","@id":"https:\/\/asso.unilim.fr\/rerdh\/la-creation-du-reseau\/#breadcrumb","itemListElement":[{"@type":"ListItem","position":1,"name":"Accueil","item":"https:\/\/asso.unilim.fr\/rerdh\/"},{"@type":"ListItem","position":2,"name":"La cr\u00e9ation du r\u00e9seau"}]},{"@type":"WebSite","@id":"https:\/\/asso.unilim.fr\/rerdh\/#website","url":"https:\/\/asso.unilim.fr\/rerdh\/","name":"R\u00e9seau Europ\u00e9en de Recherche en Droits de l&#039;Homme (R.E.R.D.H.)","description":"universit\u00e9 ouverte source de r\u00e9ussites","potentialAction":[{"@type":"SearchAction","target":{"@type":"EntryPoint","urlTemplate":"https:\/\/asso.unilim.fr\/rerdh\/?s={search_term_string}"},"query-input":{"@type":"PropertyValueSpecification","valueRequired":true,"valueName":"search_term_string"}}],"inLanguage":"fr-FR"}]}},"_links":{"self":[{"href":"https:\/\/asso.unilim.fr\/rerdh\/wp-json\/wp\/v2\/pages\/22","targetHints":{"allow":["GET"]}}],"collection":[{"href":"https:\/\/asso.unilim.fr\/rerdh\/wp-json\/wp\/v2\/pages"}],"about":[{"href":"https:\/\/asso.unilim.fr\/rerdh\/wp-json\/wp\/v2\/types\/page"}],"author":[{"embeddable":true,"href":"https:\/\/asso.unilim.fr\/rerdh\/wp-json\/wp\/v2\/users\/99"}],"replies":[{"embeddable":true,"href":"https:\/\/asso.unilim.fr\/rerdh\/wp-json\/wp\/v2\/comments?post=22"}],"version-history":[{"count":0,"href":"https:\/\/asso.unilim.fr\/rerdh\/wp-json\/wp\/v2\/pages\/22\/revisions"}],"wp:attachment":[{"href":"https:\/\/asso.unilim.fr\/rerdh\/wp-json\/wp\/v2\/media?parent=22"}],"curies":[{"name":"wp","href":"https:\/\/api.w.org\/{rel}","templated":true}]}}