{"id":779,"date":"2022-02-17T00:00:00","date_gmt":"2021-07-02T12:20:09","guid":{"rendered":"http:\/\/asso.unilim.fr\/fablab19\/?page_id=779"},"modified":"2022-02-17T12:21:13","modified_gmt":"2022-02-17T11:21:13","slug":"projets","status":"publish","type":"page","link":"https:\/\/asso.unilim.fr\/fablab19\/projets\/","title":{"rendered":"Projets"},"content":{"rendered":"        <div class=\"container-fluid  \" style=\"\">\n                      <div class=\"container\">\n                <div class=\"row \" style=\"margin-top: 30px;margin-bottom: 30px\">        <div class=\"col-sm-2 \">\n                    <\/div>\n                <div class=\"col-sm-8 \">\n                    <div class=\"ul-element-tab Projet RatRig imprimante 3D\">\n            <ul class=\"nav nav-tabs\" role=\"tablist\" id=\"object7401\">\n                <li class=\"active\"><a href=\"#object7418\" role=\"tab\" data-toggle=\"tab\">Projet RatRig Impimante 3D - en cours<\/a><\/li><li class=\"\"><a href=\"#object8744\" role=\"tab\" data-toggle=\"tab\">Choix techniques<\/a><\/li>            <\/ul>\n            <div class=\"tab-content\">\n                <div class=\"tab-pane active\" id=\"object7418\"><h3 class=\"ul-bold\">Le Fablab19 se lance dans la r&eacute;alisation&nbsp; d&rsquo;une imprimante 3D de grande dimension 500 x 500 x 500 mm afin d&rsquo;offrir &agrave; ses adh&eacute;rents une solution pour imprimer des grands volumes.<\/h3>\n<p><a href=\"https:\/\/www.ratrig.com\/3d-printing-cnc\/v-core3configurable.html\" target=\"_blank\" rel=\"noopener noreferrer\">RatRig Site<\/a><\/p>\n<ul>\n<li>&nbsp;&#8230;<\/li>\n<li>01 juillet 2021 d&eacute;finition du&nbsp; type de machine (choix des divers composants )<\/li>\n<\/ul>\n<p>Le budget pr&eacute;visionnel est de 2500 euro TTC maximum<\/p>\n<ul>\n<li>Imprimante simple t&ecirc;te<\/li>\n<li>Plateau chauffant<\/li>\n<li>extrusion 2.85<\/li>\n<li>r&eacute;glage du plateau avec moteurs..<\/li>\n<li><\/li>\n<\/ul>\n<h5 class=\"ul-bold\">Si vous souhaitez participer &agrave; cette aventure&nbsp; devenez adh&eacute;rent du fablab19..<\/h5>\n<h5 class=\"ul-bold\"><a href=\"https:\/\/www.unilim.fr\/fablab19\/wp-content\/uploads\/sites\/8\/2018\/10\/icone_h.jpg\" class=\"\"><img loading=\"lazy\" decoding=\"async\" alt=\"\" src=\"https:\/\/www.unilim.fr\/fablab19\/wp-content\/uploads\/sites\/8\/2018\/10\/icone_h.jpg\" class=\"alignnone wp-image-39\" width=\"18\" height=\"19\" srcset=\"https:\/\/www.unilim.fr\/fablab19\/wp-content\/uploads\/sites\/8\/2018\/10\/icone_h.jpg 380w, https:\/\/www.unilim.fr\/fablab19\/wp-content\/uploads\/sites\/8\/2018\/10\/icone_h-279x300.jpg 279w, https:\/\/www.unilim.fr\/fablab19\/wp-content\/uploads\/sites\/8\/2018\/10\/icone_h-360x409.jpg 360w\" sizes=\"auto, (max-width: 18px) 100vw, 18px\" \/><\/a>&nbsp; Vous pouvez nous contacter <a href=\"https:\/\/www.unilim.fr\/fablab19\/nous-contacter-2\/\">via le formulaire <\/a><\/h5>\n<\/p>\n<p>&nbsp;<\/p><\/div><div class=\"tab-pane \" id=\"object8744\"><p>M&eacute;canique<\/p>\n<p>Controlleurs<\/p>\n<\/p><\/div>            <\/div>\n        <\/div>\n                        \n                <div class=\"row ul-fix-height ul-element-post ul-element-post--col  \">\n                                                <div class=\"col-sm-4\">\n                            <div class=\"bg-gray-lighter ul-fix-height-to-me\">\n                                <article class=\"\" id=\"post-1092\"  role=\"article\" >\n\n                                    <a href=\"https:\/\/asso.unilim.fr\/fablab19\/2024\/09\/05\/nouvelle-machine-dimpression-3d\/\" rel=\"bookmark\" title=\"Nouvelle machine d&rsquo;impression 3D\" class=\"\">\n                                                                                                                                    <img loading=\"lazy\" decoding=\"async\" width=\"512\" height=\"480\" src=\"https:\/\/www.unilim.fr\/fablab19\/wp-content\/uploads\/sites\/8\/2024\/09\/Bambulab_X1-512x480.jpg\" class=\"img-responsive wp-post-image\" alt=\"\" \/>                                                                                                                                                                    <\/a>\n\n                                                                        <p class=\"bg-primary text-light text-right ul-bold\" style=\"padding:10px;\">\n                                        <a href=\"https:\/\/asso.unilim.fr\/fablab19\/category\/actualite\/\" rel=\"category tag\">Actualit\u00e9<\/a> | <a href=\"https:\/\/asso.unilim.fr\/fablab19\/category\/equipements\/\" rel=\"category tag\">Equipements<\/a> | <a href=\"https:\/\/asso.unilim.fr\/fablab19\/category\/actualite\/presse\/\" rel=\"category tag\">Presse<\/a> | <a href=\"https:\/\/asso.unilim.fr\/fablab19\/category\/projets\/\" rel=\"category tag\">Projets<\/a> | <a href=\"https:\/\/asso.unilim.fr\/fablab19\/category\/realisations\/\" rel=\"category tag\">R\u00e9alisations<\/a>                                        <\/p>\n                                    \n                                    <div class=\"content panel-body\" style=\"padding:10px;\">\n                                        \n                                        <h4 class=\"ul-bold\">\n                                            <a class=\"text-gray header-readmore-arrow\" href=\"https:\/\/asso.unilim.fr\/fablab19\/2024\/09\/05\/nouvelle-machine-dimpression-3d\/\" rel=\"bookmark\" title=\"Nouvelle machine d&rsquo;impression 3D\">\n                                                Nouvelle machine d&rsquo;impression 3D&nbsp;<i class='text-primary fa fa-location-arrow hidden'><\/i>\n                                            <\/a>\n\n                                        <\/h4>\n\n                                                                                    <p>\n                                                En cette rentr\u00e9e de\u00a0 septembre 2024, le fablab19 vient de se doter d&rsquo;une nouvelle machine d&rsquo;impression 3D. C&rsquo;est une Bambu <a href='https:\/\/asso.unilim.fr\/fablab19\/2024\/09\/05\/nouvelle-machine-dimpression-3d\/' alt='Lire la suite' class='text-readmore-arrow'>[...]<\/a>                                            <\/p>\n                                        \n                                                                            <\/div>\n                                <\/article>\n                            <\/div>\n                        <\/div>\n                                                                        <div class=\"col-sm-4\">\n                            <div class=\"bg-gray-lighter ul-fix-height-to-me\">\n                                <article class=\"\" id=\"post-865\"  role=\"article\" >\n\n                                    <a href=\"https:\/\/asso.unilim.fr\/fablab19\/2023\/07\/17\/thermoformeuse-moyen-format\/\" rel=\"bookmark\" title=\"Thermoformeuse\" class=\"\">\n                                                                                                                                    <img loading=\"lazy\" decoding=\"async\" width=\"640\" height=\"355\" src=\"https:\/\/www.unilim.fr\/fablab19\/wp-content\/uploads\/sites\/8\/2022\/02\/thermofromeuse-640x355.png\" class=\"img-responsive wp-post-image\" alt=\"\" \/>                                                                                                                                                                    <\/a>\n\n                                                                        <p class=\"bg-primary text-light text-right ul-bold\" style=\"padding:10px;\">\n                                        <a href=\"https:\/\/asso.unilim.fr\/fablab19\/category\/projets\/\" rel=\"category tag\">Projets<\/a>                                        <\/p>\n                                    \n                                    <div class=\"content panel-body\" style=\"padding:10px;\">\n                                        \n                                        <h4 class=\"ul-bold\">\n                                            <a class=\"text-gray header-readmore-arrow\" href=\"https:\/\/asso.unilim.fr\/fablab19\/2023\/07\/17\/thermoformeuse-moyen-format\/\" rel=\"bookmark\" title=\"Thermoformeuse\">\n                                                Thermoformeuse&nbsp;<i class='text-primary fa fa-location-arrow hidden'><\/i>\n                                            <\/a>\n\n                                        <\/h4>\n\n                                                                                    <p>\n                                                Vous pouvez disposer d&rsquo;une petite Thermoformeuse dans les locaux du fabbab.\u00a0 C&rsquo;est une petite machine de thermoformage \u00a0 <a href='https:\/\/asso.unilim.fr\/fablab19\/2023\/07\/17\/thermoformeuse-moyen-format\/' alt='Lire la suite' class='text-readmore-arrow'>[...]<\/a>                                            <\/p>\n                                        \n                                                                            <\/div>\n                                <\/article>\n                            <\/div>\n                        <\/div>\n                                                                        <div class=\"col-sm-4\">\n                            <div class=\"bg-gray-lighter ul-fix-height-to-me\">\n                                <article class=\"\" id=\"post-832\"  role=\"article\" >\n\n                                    <a href=\"https:\/\/asso.unilim.fr\/fablab19\/2021\/11\/16\/projet-acquisition-brodeuse-numerique\/\" rel=\"bookmark\" title=\"Projet acquisition brodeuse num\u00e9rique &#8211; En attente\" class=\"\">\n                                                                                                                                    <img loading=\"lazy\" decoding=\"async\" width=\"640\" height=\"400\" src=\"https:\/\/www.unilim.fr\/fablab19\/wp-content\/uploads\/sites\/8\/2021\/11\/brodeuse-640x400.png\" class=\"img-responsive wp-post-image\" alt=\"\" \/>                                                                                                                                                                    <\/a>\n\n                                                                        <p class=\"bg-primary text-light text-right ul-bold\" style=\"padding:10px;\">\n                                        <a href=\"https:\/\/asso.unilim.fr\/fablab19\/category\/actualite\/\" rel=\"category tag\">Actualit\u00e9<\/a> | <a href=\"https:\/\/asso.unilim.fr\/fablab19\/category\/projets\/\" rel=\"category tag\">Projets<\/a> | <a href=\"https:\/\/asso.unilim.fr\/fablab19\/category\/ressources\/\" rel=\"category tag\">Ressources<\/a>                                        <\/p>\n                                    \n                                    <div class=\"content panel-body\" style=\"padding:10px;\">\n                                        \n                                        <h4 class=\"ul-bold\">\n                                            <a class=\"text-gray header-readmore-arrow\" href=\"https:\/\/asso.unilim.fr\/fablab19\/2021\/11\/16\/projet-acquisition-brodeuse-numerique\/\" rel=\"bookmark\" title=\"Projet acquisition brodeuse num\u00e9rique &#8211; En attente\">\n                                                Projet acquisition brodeuse num\u00e9rique &#8211; En attente&nbsp;<i class='text-primary fa fa-location-arrow hidden'><\/i>\n                                            <\/a>\n\n                                        <\/h4>\n\n                                                                                    <p>\n                                                Afin d&rsquo;attirer de nouveaux publics nous envisageons d&rsquo;acqu\u00e9rir une brodeuse num\u00e9rique. Ce type de machine permet, \u00e0 partir <a href='https:\/\/asso.unilim.fr\/fablab19\/2021\/11\/16\/projet-acquisition-brodeuse-numerique\/' alt='Lire la suite' class='text-readmore-arrow'>[...]<\/a>                                            <\/p>\n                                        \n                                                                            <\/div>\n                                <\/article>\n                            <\/div>\n                        <\/div>\n                                                                    <\/div>\n                        <\/div>\n                <div class=\"col-sm-2 \">\n                    <div class=\"ul-element-image \">\n            <a href=\"https:\/\/www.unilim.fr\/fablab19\/wp-content\/uploads\/sites\/8\/2021\/07\/Ratrig.png\" target=\"\"  rel=\"lightbox\">\n                <img decoding=\"async\" class=\"img-responsive\" src=\"https:\/\/www.unilim.fr\/fablab19\/wp-content\/uploads\/sites\/8\/2021\/07\/Ratrig.png\"\/>\n            <\/a>\n        <\/div>\n                <\/div>\n        <\/div>\n            <\/div>\n                  <\/div>\n        \n","protected":false},"excerpt":{"rendered":"","protected":false},"author":89,"featured_media":780,"parent":0,"menu_order":0,"comment_status":"closed","ping_status":"closed","template":"page-le.php","meta":{"footnotes":""},"class_list":["post-779","page","type-page","status-publish","has-post-thumbnail","hentry"],"yoast_head":"<!-- This site is optimized with the Yoast SEO plugin v26.3 - https:\/\/yoast.com\/wordpress\/plugins\/seo\/ -->\n<title>Projets - FABLAB19<\/title>\n<meta name=\"robots\" content=\"index, follow, max-snippet:-1, max-image-preview:large, max-video-preview:-1\" \/>\n<link rel=\"canonical\" href=\"https:\/\/asso.unilim.fr\/fablab19\/projets\/\" \/>\n<meta property=\"og:locale\" content=\"fr_FR\" \/>\n<meta property=\"og:type\" content=\"article\" \/>\n<meta property=\"og:title\" content=\"Projets - FABLAB19\" \/>\n<meta property=\"og:url\" content=\"https:\/\/asso.unilim.fr\/fablab19\/projets\/\" \/>\n<meta property=\"og:site_name\" content=\"FABLAB19\" \/>\n<meta property=\"article:modified_time\" content=\"2022-02-17T11:21:13+00:00\" \/>\n<meta property=\"og:image\" content=\"https:\/\/www.unilim.fr\/fablab19\/wp-content\/uploads\/sites\/8\/2021\/07\/Ratrig.png\" \/>\n\t<meta property=\"og:image:width\" content=\"476\" \/>\n\t<meta property=\"og:image:height\" content=\"569\" \/>\n\t<meta property=\"og:image:type\" content=\"image\/png\" \/>\n<meta name=\"twitter:card\" content=\"summary_large_image\" \/>\n<meta name=\"twitter:label1\" content=\"Dur\u00e9e de lecture estim\u00e9e\" \/>\n\t<meta name=\"twitter:data1\" content=\"1 minute\" \/>\n<script type=\"application\/ld+json\" class=\"yoast-schema-graph\">{\"@context\":\"https:\/\/schema.org\",\"@graph\":[{\"@type\":\"WebPage\",\"@id\":\"https:\/\/asso.unilim.fr\/fablab19\/projets\/\",\"url\":\"https:\/\/asso.unilim.fr\/fablab19\/projets\/\",\"name\":\"Projets - FABLAB19\",\"isPartOf\":{\"@id\":\"https:\/\/asso.unilim.fr\/fablab19\/#website\"},\"primaryImageOfPage\":{\"@id\":\"https:\/\/asso.unilim.fr\/fablab19\/projets\/#primaryimage\"},\"image\":{\"@id\":\"https:\/\/asso.unilim.fr\/fablab19\/projets\/#primaryimage\"},\"thumbnailUrl\":\"https:\/\/www.unilim.fr\/fablab19\/wp-content\/uploads\/sites\/8\/2021\/07\/Ratrig.png\",\"datePublished\":\"2021-07-02T12:20:09+00:00\",\"dateModified\":\"2022-02-17T11:21:13+00:00\",\"breadcrumb\":{\"@id\":\"https:\/\/asso.unilim.fr\/fablab19\/projets\/#breadcrumb\"},\"inLanguage\":\"fr-FR\",\"potentialAction\":[{\"@type\":\"ReadAction\",\"target\":[\"https:\/\/asso.unilim.fr\/fablab19\/projets\/\"]}]},{\"@type\":\"ImageObject\",\"inLanguage\":\"fr-FR\",\"@id\":\"https:\/\/asso.unilim.fr\/fablab19\/projets\/#primaryimage\",\"url\":\"https:\/\/www.unilim.fr\/fablab19\/wp-content\/uploads\/sites\/8\/2021\/07\/Ratrig.png\",\"contentUrl\":\"https:\/\/www.unilim.fr\/fablab19\/wp-content\/uploads\/sites\/8\/2021\/07\/Ratrig.png\",\"width\":476,\"height\":569},{\"@type\":\"BreadcrumbList\",\"@id\":\"https:\/\/asso.unilim.fr\/fablab19\/projets\/#breadcrumb\",\"itemListElement\":[{\"@type\":\"ListItem\",\"position\":1,\"name\":\"Accueil\",\"item\":\"https:\/\/asso.unilim.fr\/fablab19\/\"},{\"@type\":\"ListItem\",\"position\":2,\"name\":\"Projets\"}]},{\"@type\":\"WebSite\",\"@id\":\"https:\/\/asso.unilim.fr\/fablab19\/#website\",\"url\":\"https:\/\/asso.unilim.fr\/fablab19\/\",\"name\":\"FABLAB19\",\"description\":\"Fablab19 source de r\u00e9ussites\",\"potentialAction\":[{\"@type\":\"SearchAction\",\"target\":{\"@type\":\"EntryPoint\",\"urlTemplate\":\"https:\/\/asso.unilim.fr\/fablab19\/?s={search_term_string}\"},\"query-input\":{\"@type\":\"PropertyValueSpecification\",\"valueRequired\":true,\"valueName\":\"search_term_string\"}}],\"inLanguage\":\"fr-FR\"}]}<\/script>\n<!-- \/ Yoast SEO plugin. -->","yoast_head_json":{"title":"Projets - FABLAB19","robots":{"index":"index","follow":"follow","max-snippet":"max-snippet:-1","max-image-preview":"max-image-preview:large","max-video-preview":"max-video-preview:-1"},"canonical":"https:\/\/asso.unilim.fr\/fablab19\/projets\/","og_locale":"fr_FR","og_type":"article","og_title":"Projets - FABLAB19","og_url":"https:\/\/asso.unilim.fr\/fablab19\/projets\/","og_site_name":"FABLAB19","article_modified_time":"2022-02-17T11:21:13+00:00","og_image":[{"width":476,"height":569,"url":"https:\/\/www.unilim.fr\/fablab19\/wp-content\/uploads\/sites\/8\/2021\/07\/Ratrig.png","type":"image\/png"}],"twitter_card":"summary_large_image","twitter_misc":{"Dur\u00e9e de lecture estim\u00e9e":"1 minute"},"schema":{"@context":"https:\/\/schema.org","@graph":[{"@type":"WebPage","@id":"https:\/\/asso.unilim.fr\/fablab19\/projets\/","url":"https:\/\/asso.unilim.fr\/fablab19\/projets\/","name":"Projets - FABLAB19","isPartOf":{"@id":"https:\/\/asso.unilim.fr\/fablab19\/#website"},"primaryImageOfPage":{"@id":"https:\/\/asso.unilim.fr\/fablab19\/projets\/#primaryimage"},"image":{"@id":"https:\/\/asso.unilim.fr\/fablab19\/projets\/#primaryimage"},"thumbnailUrl":"https:\/\/www.unilim.fr\/fablab19\/wp-content\/uploads\/sites\/8\/2021\/07\/Ratrig.png","datePublished":"2021-07-02T12:20:09+00:00","dateModified":"2022-02-17T11:21:13+00:00","breadcrumb":{"@id":"https:\/\/asso.unilim.fr\/fablab19\/projets\/#breadcrumb"},"inLanguage":"fr-FR","potentialAction":[{"@type":"ReadAction","target":["https:\/\/asso.unilim.fr\/fablab19\/projets\/"]}]},{"@type":"ImageObject","inLanguage":"fr-FR","@id":"https:\/\/asso.unilim.fr\/fablab19\/projets\/#primaryimage","url":"https:\/\/www.unilim.fr\/fablab19\/wp-content\/uploads\/sites\/8\/2021\/07\/Ratrig.png","contentUrl":"https:\/\/www.unilim.fr\/fablab19\/wp-content\/uploads\/sites\/8\/2021\/07\/Ratrig.png","width":476,"height":569},{"@type":"BreadcrumbList","@id":"https:\/\/asso.unilim.fr\/fablab19\/projets\/#breadcrumb","itemListElement":[{"@type":"ListItem","position":1,"name":"Accueil","item":"https:\/\/asso.unilim.fr\/fablab19\/"},{"@type":"ListItem","position":2,"name":"Projets"}]},{"@type":"WebSite","@id":"https:\/\/asso.unilim.fr\/fablab19\/#website","url":"https:\/\/asso.unilim.fr\/fablab19\/","name":"FABLAB19","description":"Fablab19 source de r\u00e9ussites","potentialAction":[{"@type":"SearchAction","target":{"@type":"EntryPoint","urlTemplate":"https:\/\/asso.unilim.fr\/fablab19\/?s={search_term_string}"},"query-input":{"@type":"PropertyValueSpecification","valueRequired":true,"valueName":"search_term_string"}}],"inLanguage":"fr-FR"}]}},"_links":{"self":[{"href":"https:\/\/asso.unilim.fr\/fablab19\/wp-json\/wp\/v2\/pages\/779","targetHints":{"allow":["GET"]}}],"collection":[{"href":"https:\/\/asso.unilim.fr\/fablab19\/wp-json\/wp\/v2\/pages"}],"about":[{"href":"https:\/\/asso.unilim.fr\/fablab19\/wp-json\/wp\/v2\/types\/page"}],"author":[{"embeddable":true,"href":"https:\/\/asso.unilim.fr\/fablab19\/wp-json\/wp\/v2\/users\/89"}],"replies":[{"embeddable":true,"href":"https:\/\/asso.unilim.fr\/fablab19\/wp-json\/wp\/v2\/comments?post=779"}],"version-history":[{"count":0,"href":"https:\/\/asso.unilim.fr\/fablab19\/wp-json\/wp\/v2\/pages\/779\/revisions"}],"wp:featuredmedia":[{"embeddable":true,"href":"https:\/\/asso.unilim.fr\/fablab19\/wp-json\/wp\/v2\/media\/780"}],"wp:attachment":[{"href":"https:\/\/asso.unilim.fr\/fablab19\/wp-json\/wp\/v2\/media?parent=779"}],"curies":[{"name":"wp","href":"https:\/\/api.w.org\/{rel}","templated":true}]}}