{"id":26,"date":"2019-04-14T22:00:00","date_gmt":"2018-10-01T09:43:46","guid":{"rendered":"http:\/\/asso.unilim.fr\/fablab19\/horaires\/"},"modified":"2024-11-13T12:26:05","modified_gmt":"2024-11-13T11:26:05","slug":"horaires-et-acces","status":"publish","type":"page","link":"https:\/\/asso.unilim.fr\/fablab19\/horaires-et-acces\/","title":{"rendered":"Horaires et Acc\u00e8s"},"content":{"rendered":"        <div class=\"container-fluid  \" style=\"\">\n                      <div class=\"container\">\n                <div class=\"row \" style=\"margin-top: 30px;margin-bottom: 30px\">        <div class=\"col-sm-8 \">\n            \n        \n        <div class=\"ul-element-header text-left  \">\n\n            <h2 class=\"ul-bold  \" style=\"\">\n                                Horaires d'ouvertures  pour les adh\u00e9rents                            <\/h2>\n        <\/div>\n                <div class=\"clearfix ul-element-text \">\n            \n<p>Le Fablab19 est accessible&nbsp; les jours&nbsp; de 8h \u00e0 20h \u00e0 ses adh\u00e9rents( hors jours f\u00e9ri\u00e9s )<\/p>\n<p>pour cela vous devez faire une demande de carte d&rsquo;acc\u00e8s.&nbsp;<\/p>\n<p>Les adh\u00e9rents se r\u00e9unissent g\u00e9n\u00e9ralement les Mardi et Jeudi apr\u00e8s midi de 16h \u00e0 21h&nbsp; environ<\/p>\n<p><\/p>\n<p>_____ <\/p>\n<p>si vous souhaitez visiter notre fablab vous pouvez vous pr\u00e9senter&nbsp; lors de ces cr\u00e9neaux en envoyant au pr\u00e9alable un Message via le formulaire de contact<\/p>\n<p><\/p>\n        <\/div>\n                <div class=\"\">\n                        <div class=\"panel panel-primary\">\n                              <div class=\"panel-heading\">\n                    <h3 class=\"panel-title\"><i class=\"fa fa-fw fa-map\"><\/i>Acc\u00e9der au fablab19<\/h3>\n                <\/div>\n                              <div class=\"panel-body\">\n                  \n<h4 class=\"ul-bold\" style=\"text-align: left\"><img loading=\"lazy\" decoding=\"async\" alt=\"\" src=\"https:\/\/www.unilim.fr\/fablab19\/wp-content\/uploads\/sites\/8\/2024\/11\/batiment-300x158.jpg\" class=\"alignnone wp-image-1120\" width=\"300\" height=\"158\" style=\"float: right\" srcset=\"https:\/\/www.unilim.fr\/fablab19\/wp-content\/uploads\/sites\/8\/2024\/11\/batiment-300x158.jpg 300w, https:\/\/www.unilim.fr\/fablab19\/wp-content\/uploads\/sites\/8\/2024\/11\/batiment.jpg 708w\" sizes=\"auto, (max-width: 300px) 100vw, 300px\" \/> Le Fablab19 est h&eacute;berg&eacute; sur le Campus Universitaire de Brive .&nbsp; <strong>au 7 rue Jules Vall&egrave;s &agrave; Brive .&nbsp;Derri&egrave;re le&nbsp;&nbsp;D&eacute;partement GEII de l&rsquo;IUT du Limousin&nbsp;<\/strong><\/h4>\n<p><strong>Pour une premi&egrave;re visite merci de vous pr&eacute;senter &agrave; l&rsquo;accueil du campus<\/strong><\/p>\n                <\/div>\n                          <\/div>\n                    <\/div>\n                <\/div>\n                <div class=\"col-sm-4 \">\n            \n        \n        <div class=\"ul-element-header text-left  \">\n\n            <h2 class=\"ul-bold  \" style=\"\">\n                                Permanence du Jeudi                            <\/h2>\n        <\/div>\n                <div class=\"clearfix ul-element-text \">\n            \n<h4 class=\"ul-bold\">Pour les nouveaux adh\u00e9rents<\/h4>\n<p>ou les personnes voulant se renseigner sur le fonctionnement du Fablab<\/p>\n<p>Une permanence est organis\u00e9e&nbsp; les Jeudis de 15h30 \u00e0 19h30<\/p>\n<p><\/p>\n<p><\/p>\n        <\/div>\n                <div class=\"\">\n            <hr\/>\n        <\/div>\n                <div class=\"ul-element-image \">\n            <a href=\"https:\/\/www.unilim.fr\/fablab19\/wp-content\/uploads\/sites\/8\/2018\/10\/fab_2416-300x200.jpg\" target=\"\"  rel=\"lightbox\">\n                <img decoding=\"async\" class=\"img-responsive\" src=\"https:\/\/www.unilim.fr\/fablab19\/wp-content\/uploads\/sites\/8\/2018\/10\/fab_2416-300x200.jpg\"\/>\n            <\/a>\n        <\/div>\n                <\/div>\n        <\/div>\n            <\/div>\n                  <\/div>\n        \n","protected":false},"excerpt":{"rendered":"","protected":false},"author":89,"featured_media":0,"parent":0,"menu_order":0,"comment_status":"closed","ping_status":"closed","template":"page-le.php","meta":{"footnotes":""},"class_list":["post-26","page","type-page","status-publish","hentry"],"yoast_head":"<!-- This site is optimized with the Yoast SEO plugin v26.3 - https:\/\/yoast.com\/wordpress\/plugins\/seo\/ -->\n<title>Horaires et Acc\u00e8s - FABLAB19<\/title>\n<meta name=\"robots\" content=\"index, follow, max-snippet:-1, max-image-preview:large, max-video-preview:-1\" \/>\n<link rel=\"canonical\" href=\"https:\/\/asso.unilim.fr\/fablab19\/horaires-et-acces\/\" \/>\n<meta property=\"og:locale\" content=\"fr_FR\" \/>\n<meta property=\"og:type\" content=\"article\" \/>\n<meta property=\"og:title\" content=\"Horaires et Acc\u00e8s - FABLAB19\" \/>\n<meta property=\"og:url\" content=\"https:\/\/asso.unilim.fr\/fablab19\/horaires-et-acces\/\" \/>\n<meta property=\"og:site_name\" content=\"FABLAB19\" \/>\n<meta property=\"article:modified_time\" content=\"2024-11-13T11:26:05+00:00\" \/>\n<meta property=\"og:image\" content=\"https:\/\/www.unilim.fr\/fablab19\/wp-content\/uploads\/sites\/8\/2024\/11\/batiment.jpg\" \/>\n\t<meta property=\"og:image:width\" content=\"708\" \/>\n\t<meta property=\"og:image:height\" content=\"374\" \/>\n\t<meta property=\"og:image:type\" content=\"image\/jpeg\" \/>\n<meta name=\"twitter:card\" content=\"summary_large_image\" \/>\n<meta name=\"twitter:label1\" content=\"Dur\u00e9e de lecture estim\u00e9e\" \/>\n\t<meta name=\"twitter:data1\" content=\"2 minutes\" \/>\n<script type=\"application\/ld+json\" class=\"yoast-schema-graph\">{\"@context\":\"https:\/\/schema.org\",\"@graph\":[{\"@type\":\"WebPage\",\"@id\":\"https:\/\/asso.unilim.fr\/fablab19\/horaires-et-acces\/\",\"url\":\"https:\/\/asso.unilim.fr\/fablab19\/horaires-et-acces\/\",\"name\":\"Horaires et Acc\u00e8s - FABLAB19\",\"isPartOf\":{\"@id\":\"https:\/\/asso.unilim.fr\/fablab19\/#website\"},\"primaryImageOfPage\":{\"@id\":\"https:\/\/asso.unilim.fr\/fablab19\/horaires-et-acces\/#primaryimage\"},\"image\":{\"@id\":\"https:\/\/asso.unilim.fr\/fablab19\/horaires-et-acces\/#primaryimage\"},\"thumbnailUrl\":\"https:\/\/www.unilim.fr\/fablab19\/wp-content\/uploads\/sites\/8\/2024\/11\/batiment-300x158.jpg\",\"datePublished\":\"2018-10-01T09:43:46+00:00\",\"dateModified\":\"2024-11-13T11:26:05+00:00\",\"breadcrumb\":{\"@id\":\"https:\/\/asso.unilim.fr\/fablab19\/horaires-et-acces\/#breadcrumb\"},\"inLanguage\":\"fr-FR\",\"potentialAction\":[{\"@type\":\"ReadAction\",\"target\":[\"https:\/\/asso.unilim.fr\/fablab19\/horaires-et-acces\/\"]}]},{\"@type\":\"ImageObject\",\"inLanguage\":\"fr-FR\",\"@id\":\"https:\/\/asso.unilim.fr\/fablab19\/horaires-et-acces\/#primaryimage\",\"url\":\"https:\/\/www.unilim.fr\/fablab19\/wp-content\/uploads\/sites\/8\/2024\/11\/batiment-300x158.jpg\",\"contentUrl\":\"https:\/\/www.unilim.fr\/fablab19\/wp-content\/uploads\/sites\/8\/2024\/11\/batiment-300x158.jpg\"},{\"@type\":\"BreadcrumbList\",\"@id\":\"https:\/\/asso.unilim.fr\/fablab19\/horaires-et-acces\/#breadcrumb\",\"itemListElement\":[{\"@type\":\"ListItem\",\"position\":1,\"name\":\"Accueil\",\"item\":\"https:\/\/asso.unilim.fr\/fablab19\/\"},{\"@type\":\"ListItem\",\"position\":2,\"name\":\"Horaires et Acc\u00e8s\"}]},{\"@type\":\"WebSite\",\"@id\":\"https:\/\/asso.unilim.fr\/fablab19\/#website\",\"url\":\"https:\/\/asso.unilim.fr\/fablab19\/\",\"name\":\"FABLAB19\",\"description\":\"Fablab19 source de r\u00e9ussites\",\"potentialAction\":[{\"@type\":\"SearchAction\",\"target\":{\"@type\":\"EntryPoint\",\"urlTemplate\":\"https:\/\/asso.unilim.fr\/fablab19\/?s={search_term_string}\"},\"query-input\":{\"@type\":\"PropertyValueSpecification\",\"valueRequired\":true,\"valueName\":\"search_term_string\"}}],\"inLanguage\":\"fr-FR\"}]}<\/script>\n<!-- \/ Yoast SEO plugin. -->","yoast_head_json":{"title":"Horaires et Acc\u00e8s - FABLAB19","robots":{"index":"index","follow":"follow","max-snippet":"max-snippet:-1","max-image-preview":"max-image-preview:large","max-video-preview":"max-video-preview:-1"},"canonical":"https:\/\/asso.unilim.fr\/fablab19\/horaires-et-acces\/","og_locale":"fr_FR","og_type":"article","og_title":"Horaires et Acc\u00e8s - FABLAB19","og_url":"https:\/\/asso.unilim.fr\/fablab19\/horaires-et-acces\/","og_site_name":"FABLAB19","article_modified_time":"2024-11-13T11:26:05+00:00","og_image":[{"width":708,"height":374,"url":"https:\/\/www.unilim.fr\/fablab19\/wp-content\/uploads\/sites\/8\/2024\/11\/batiment.jpg","type":"image\/jpeg"}],"twitter_card":"summary_large_image","twitter_misc":{"Dur\u00e9e de lecture estim\u00e9e":"2 minutes"},"schema":{"@context":"https:\/\/schema.org","@graph":[{"@type":"WebPage","@id":"https:\/\/asso.unilim.fr\/fablab19\/horaires-et-acces\/","url":"https:\/\/asso.unilim.fr\/fablab19\/horaires-et-acces\/","name":"Horaires et Acc\u00e8s - FABLAB19","isPartOf":{"@id":"https:\/\/asso.unilim.fr\/fablab19\/#website"},"primaryImageOfPage":{"@id":"https:\/\/asso.unilim.fr\/fablab19\/horaires-et-acces\/#primaryimage"},"image":{"@id":"https:\/\/asso.unilim.fr\/fablab19\/horaires-et-acces\/#primaryimage"},"thumbnailUrl":"https:\/\/www.unilim.fr\/fablab19\/wp-content\/uploads\/sites\/8\/2024\/11\/batiment-300x158.jpg","datePublished":"2018-10-01T09:43:46+00:00","dateModified":"2024-11-13T11:26:05+00:00","breadcrumb":{"@id":"https:\/\/asso.unilim.fr\/fablab19\/horaires-et-acces\/#breadcrumb"},"inLanguage":"fr-FR","potentialAction":[{"@type":"ReadAction","target":["https:\/\/asso.unilim.fr\/fablab19\/horaires-et-acces\/"]}]},{"@type":"ImageObject","inLanguage":"fr-FR","@id":"https:\/\/asso.unilim.fr\/fablab19\/horaires-et-acces\/#primaryimage","url":"https:\/\/www.unilim.fr\/fablab19\/wp-content\/uploads\/sites\/8\/2024\/11\/batiment-300x158.jpg","contentUrl":"https:\/\/www.unilim.fr\/fablab19\/wp-content\/uploads\/sites\/8\/2024\/11\/batiment-300x158.jpg"},{"@type":"BreadcrumbList","@id":"https:\/\/asso.unilim.fr\/fablab19\/horaires-et-acces\/#breadcrumb","itemListElement":[{"@type":"ListItem","position":1,"name":"Accueil","item":"https:\/\/asso.unilim.fr\/fablab19\/"},{"@type":"ListItem","position":2,"name":"Horaires et Acc\u00e8s"}]},{"@type":"WebSite","@id":"https:\/\/asso.unilim.fr\/fablab19\/#website","url":"https:\/\/asso.unilim.fr\/fablab19\/","name":"FABLAB19","description":"Fablab19 source de r\u00e9ussites","potentialAction":[{"@type":"SearchAction","target":{"@type":"EntryPoint","urlTemplate":"https:\/\/asso.unilim.fr\/fablab19\/?s={search_term_string}"},"query-input":{"@type":"PropertyValueSpecification","valueRequired":true,"valueName":"search_term_string"}}],"inLanguage":"fr-FR"}]}},"_links":{"self":[{"href":"https:\/\/asso.unilim.fr\/fablab19\/wp-json\/wp\/v2\/pages\/26","targetHints":{"allow":["GET"]}}],"collection":[{"href":"https:\/\/asso.unilim.fr\/fablab19\/wp-json\/wp\/v2\/pages"}],"about":[{"href":"https:\/\/asso.unilim.fr\/fablab19\/wp-json\/wp\/v2\/types\/page"}],"author":[{"embeddable":true,"href":"https:\/\/asso.unilim.fr\/fablab19\/wp-json\/wp\/v2\/users\/89"}],"replies":[{"embeddable":true,"href":"https:\/\/asso.unilim.fr\/fablab19\/wp-json\/wp\/v2\/comments?post=26"}],"version-history":[{"count":1,"href":"https:\/\/asso.unilim.fr\/fablab19\/wp-json\/wp\/v2\/pages\/26\/revisions"}],"predecessor-version":[{"id":1121,"href":"https:\/\/asso.unilim.fr\/fablab19\/wp-json\/wp\/v2\/pages\/26\/revisions\/1121"}],"wp:attachment":[{"href":"https:\/\/asso.unilim.fr\/fablab19\/wp-json\/wp\/v2\/media?parent=26"}],"curies":[{"name":"wp","href":"https:\/\/api.w.org\/{rel}","templated":true}]}}

Horaires et Accès

<div class="container-fluid  " style="">
                      <div class="container">
                <div class="row " style="margin-top: 30px;margin-bottom: 30px">        <div class="col-sm-8 ">
            
        
        <div class="ul-element-header text-left  ">

            <h2 class="ul-bold  " style="">
                                Horaires d'ouvertures  pour les adhérents                            </h2>
        </div>
                <div class="clearfix ul-element-text ">
            
<p>Le Fablab19 est accessible&nbsp; les jours&nbsp; de 8h à 20h à ses adhérents( hors jours fériés )</p>
<p>pour cela vous devez faire une demande de carte d&rsquo;accès.&nbsp;</p>
<p>Les adhérents se réunissent généralement les Mardi et Jeudi après midi de 16h à 21h&nbsp; environ</p>
<p></p>
<p>_____ </p>
<p>si vous souhaitez visiter notre fablab vous pouvez vous présenter&nbsp; lors de ces créneaux en envoyant au préalable un Message via le formulaire de contact</p>
<p></p>
        </div>
                <div class="">
                        <div class="panel panel-primary">
                              <div class="panel-heading">
                    <h3 class="panel-title"><i class="fa fa-fw fa-map"></i>Accéder au fablab19</h3>
                </div>
                              <div class="panel-body">
                  
<h4 class="ul-bold" style="text-align: left"><img loading="lazy" decoding="async" alt="" src="https://www.unilim.fr/fablab19/wp-content/uploads/sites/8/2024/11/batiment-300x158.jpg" class="alignnone wp-image-1120" width="300" height="158" style="float: right" srcset="https://www.unilim.fr/fablab19/wp-content/uploads/sites/8/2024/11/batiment-300x158.jpg 300w, https://www.unilim.fr/fablab19/wp-content/uploads/sites/8/2024/11/batiment.jpg 708w" sizes="auto, (max-width: 300px) 100vw, 300px" /> Le Fablab19 est h&eacute;berg&eacute; sur le Campus Universitaire de Brive .&nbsp; <strong>au 7 rue Jules Vall&egrave;s &agrave; Brive .&nbsp;Derri&egrave;re le&nbsp;&nbsp;D&eacute;partement GEII de l&rsquo;IUT du Limousin&nbsp;</strong></h4>
<p><strong>Pour une premi&egrave;re visite merci de vous pr&eacute;senter &agrave; l&rsquo;accueil du campus</strong></p>
                </div>
                          </div>
                    </div>
                </div>
                <div class="col-sm-4 ">
            
        
        <div class="ul-element-header text-left  ">

            <h2 class="ul-bold  " style="">
                                Permanence du Jeudi                            </h2>
        </div>
                <div class="clearfix ul-element-text ">
            
<h4 class="ul-bold">Pour les nouveaux adhérents</h4>
<p>ou les personnes voulant se renseigner sur le fonctionnement du Fablab</p>
<p>Une permanence est organisée&nbsp; les Jeudis de 15h30 à 19h30</p>
<p></p>
<p></p>
        </div>
                <div class="">
            <hr/>
        </div>
                <div class="ul-element-image ">
            <a href="https://www.unilim.fr/fablab19/wp-content/uploads/sites/8/2018/10/fab_2416-300x200.jpg" target=""  rel="lightbox">
                <img decoding="async" class="img-responsive" src="https://www.unilim.fr/fablab19/wp-content/uploads/sites/8/2018/10/fab_2416-300x200.jpg"/>
            </a>
        </div>
                </div>
        </div>
            </div>
                  </div>

<!-- This site is optimized with the Yoast SEO plugin v26.3 - https://yoast.com/wordpress/plugins/seo/ -->
<title>Horaires et Accès - FABLAB19</title>
<meta name="robots" content="index, follow, max-snippet:-1, max-image-preview:large, max-video-preview:-1" />
<link rel="canonical" href="https://asso.unilim.fr/fablab19/horaires-et-acces/" />
<meta property="og:locale" content="fr_FR" />
<meta property="og:type" content="article" />
<meta property="og:title" content="Horaires et Accès - FABLAB19" />
<meta property="og:url" content="https://asso.unilim.fr/fablab19/horaires-et-acces/" />
<meta property="og:site_name" content="FABLAB19" />
<meta property="article:modified_time" content="2024-11-13T11:26:05+00:00" />
<meta property="og:image" content="https://www.unilim.fr/fablab19/wp-content/uploads/sites/8/2024/11/batiment.jpg" />
	<meta property="og:image:width" content="708" />
	<meta property="og:image:height" content="374" />
	<meta property="og:image:type" content="image/jpeg" />
<meta name="twitter:card" content="summary_large_image" />
<meta name="twitter:label1" content="Durée de lecture estimée" />
	<meta name="twitter:data1" content="2 minutes" />
<script type="application/ld+json" class="yoast-schema-graph">{"@context":"https://schema.org","@graph":[{"@type":"WebPage","@id":"https://asso.unilim.fr/fablab19/horaires-et-acces/","url":"https://asso.unilim.fr/fablab19/horaires-et-acces/","name":"Horaires et Accès - FABLAB19","isPartOf":{"@id":"https://asso.unilim.fr/fablab19/#website"},"primaryImageOfPage":{"@id":"https://asso.unilim.fr/fablab19/horaires-et-acces/#primaryimage"},"image":{"@id":"https://asso.unilim.fr/fablab19/horaires-et-acces/#primaryimage"},"thumbnailUrl":"https://www.unilim.fr/fablab19/wp-content/uploads/sites/8/2024/11/batiment-300x158.jpg","datePublished":"2018-10-01T09:43:46+00:00","dateModified":"2024-11-13T11:26:05+00:00","breadcrumb":{"@id":"https://asso.unilim.fr/fablab19/horaires-et-acces/#breadcrumb"},"inLanguage":"fr-FR","potentialAction":[{"@type":"ReadAction","target":["https://asso.unilim.fr/fablab19/horaires-et-acces/"]}]},{"@type":"ImageObject","inLanguage":"fr-FR","@id":"https://asso.unilim.fr/fablab19/horaires-et-acces/#primaryimage","url":"https://www.unilim.fr/fablab19/wp-content/uploads/sites/8/2024/11/batiment-300x158.jpg","contentUrl":"https://www.unilim.fr/fablab19/wp-content/uploads/sites/8/2024/11/batiment-300x158.jpg"},{"@type":"BreadcrumbList","@id":"https://asso.unilim.fr/fablab19/horaires-et-acces/#breadcrumb","itemListElement":[{"@type":"ListItem","position":1,"name":"Accueil","item":"https://asso.unilim.fr/fablab19/"},{"@type":"ListItem","position":2,"name":"Horaires et Accès"}]},{"@type":"WebSite","@id":"https://asso.unilim.fr/fablab19/#website","url":"https://asso.unilim.fr/fablab19/","name":"FABLAB19","description":"Fablab19 source de réussites","potentialAction":[{"@type":"SearchAction","target":{"@type":"EntryPoint","urlTemplate":"https://asso.unilim.fr/fablab19/?s={search_term_string}"},"query-input":{"@type":"PropertyValueSpecification","valueRequired":true,"valueName":"search_term_string"}}],"inLanguage":"fr-FR"}]}</script>
<!-- / Yoast SEO plugin. -->

Horaires et Accès - FABLAB19

Fablab19 source de réussites
