{"id":200,"date":"2018-10-26T12:31:29","date_gmt":"2018-10-26T12:31:29","guid":{"rendered":"http:\/\/asso.unilim.fr\/fablab19\/formations\/eagle\/"},"modified":"2023-01-20T16:35:46","modified_gmt":"2023-01-20T15:35:46","slug":"eagle","status":"publish","type":"page","link":"https:\/\/asso.unilim.fr\/fablab19\/formations\/eagle\/","title":{"rendered":"Eagle"},"content":{"rendered":"        <div class=\"container-fluid  \" style=\"\">\n                      <div class=\"container\">\n                <div class=\"row \" style=\"margin-top: 30px;margin-bottom: 30px\">        <div class=\"col-sm-6 \">\n                    <div class=\"\">\n                        <div class=\"panel panel-primary\">\n                              <div class=\"panel-heading\">\n                    <h3 class=\"panel-title\"><i class=\"fa fa-fw fa-\"><\/i>Atelier Eagle<\/h3>\n                <\/div>\n                              <div class=\"panel-body\">\n                  \n<h5><\/h5>\n[plus d&rsquo;actualit\u00e9 . Envisageable suivant demande &#8230; nous privil\u00e9gions Kicad]\n<h5 class=\"ul-bold\">D\u00e9couvrir le logiciel EAGLE pour \u00e9diter un sch\u00e9ma et r\u00e9aliser le typon. (2 s\u00e9ances\u00a0\u00a0 de 2h)<\/h5>\n<div><\/div>\n<div><strong>Contacter M.\u00a0 Claude REIGNER<\/strong> (cla.reig @ me.com)<\/div>\n<div><\/div>\n<h4 class=\"ul-bold\">Le contenu de la formation est le suivant :<\/h4>\n<div>&#8211; D\u00e9couvrir eagle<\/div>\n<div>&#8211; Saisir un sch\u00e9ma simple<\/div>\n<div>&#8211; Faire un premier circuit<\/div>\n<div>&#8211; Faire un composant (sch\u00e9ma, Empreinte)<\/div>\n<div>&#8211; Cr\u00e9er une librairie de composant<\/div>\n<div>&#8211; Exportation vers un typon (gravure chimique) et la LPKF (gravure Anglaise).<\/div>\n<div>&#8211; la formation sur la machine LPKF n&rsquo;est pas comprise.<\/div>\n<div><\/div>\n<div><\/div>\n<p><em><span style=\"text-decoration: underline\"><strong>Pr\u00e9requis :<\/strong><\/span> Connaissance des composants usuels (r\u00e9sistance, capa, self, diode&#8230;).<\/em><\/p>\n                <\/div>\n                          <\/div>\n                    <\/div>\n                <\/div>\n                <div class=\"col-sm-6 \">\n                    <div class=\"\">\n                        <div class=\"panel panel-primary\">\n                              <div class=\"panel-heading\">\n                    <h3 class=\"panel-title\"><i class=\"fa fa-fw fa-\"><\/i>Ressources<\/h3>\n                <\/div>\n                              <div class=\"panel-body\">\n                  \n<p><a href=\"https:\/\/www.autodesk.com\/products\/eagle\/free-download\" target=\"_blank\" rel=\"noopener noreferrer\">Installer Eagle<\/a><\/p>\n<p>Il faut avoir install\u00e9 la version FREE de Eagle sur son propre PC<\/p>\n                <\/div>\n                          <\/div>\n                    <\/div>\n                <\/div>\n        <\/div>\n            <\/div>\n                  <\/div>\n        \n","protected":false},"excerpt":{"rendered":"","protected":false},"author":89,"featured_media":0,"parent":181,"menu_order":0,"comment_status":"closed","ping_status":"closed","template":"page-le.php","meta":{"footnotes":""},"class_list":["post-200","page","type-page","status-publish","hentry"],"yoast_head":"<!-- This site is optimized with the Yoast SEO plugin v26.3 - https:\/\/yoast.com\/wordpress\/plugins\/seo\/ -->\n<title>Eagle - FABLAB19<\/title>\n<meta name=\"robots\" content=\"index, follow, max-snippet:-1, max-image-preview:large, max-video-preview:-1\" \/>\n<link rel=\"canonical\" href=\"https:\/\/asso.unilim.fr\/fablab19\/formations\/eagle\/\" \/>\n<meta property=\"og:locale\" content=\"fr_FR\" \/>\n<meta property=\"og:type\" content=\"article\" \/>\n<meta property=\"og:title\" content=\"Eagle - FABLAB19\" \/>\n<meta property=\"og:url\" content=\"https:\/\/asso.unilim.fr\/fablab19\/formations\/eagle\/\" \/>\n<meta property=\"og:site_name\" content=\"FABLAB19\" \/>\n<meta property=\"article:modified_time\" content=\"2023-01-20T15:35:46+00:00\" \/>\n<meta name=\"twitter:card\" content=\"summary_large_image\" \/>\n<meta name=\"twitter:label1\" content=\"Dur\u00e9e de lecture estim\u00e9e\" \/>\n\t<meta name=\"twitter:data1\" content=\"1 minute\" \/>\n<script type=\"application\/ld+json\" class=\"yoast-schema-graph\">{\"@context\":\"https:\/\/schema.org\",\"@graph\":[{\"@type\":\"WebPage\",\"@id\":\"https:\/\/asso.unilim.fr\/fablab19\/formations\/eagle\/\",\"url\":\"https:\/\/asso.unilim.fr\/fablab19\/formations\/eagle\/\",\"name\":\"Eagle - FABLAB19\",\"isPartOf\":{\"@id\":\"https:\/\/asso.unilim.fr\/fablab19\/#website\"},\"datePublished\":\"2018-10-26T12:31:29+00:00\",\"dateModified\":\"2023-01-20T15:35:46+00:00\",\"breadcrumb\":{\"@id\":\"https:\/\/asso.unilim.fr\/fablab19\/formations\/eagle\/#breadcrumb\"},\"inLanguage\":\"fr-FR\",\"potentialAction\":[{\"@type\":\"ReadAction\",\"target\":[\"https:\/\/asso.unilim.fr\/fablab19\/formations\/eagle\/\"]}]},{\"@type\":\"BreadcrumbList\",\"@id\":\"https:\/\/asso.unilim.fr\/fablab19\/formations\/eagle\/#breadcrumb\",\"itemListElement\":[{\"@type\":\"ListItem\",\"position\":1,\"name\":\"Accueil\",\"item\":\"https:\/\/asso.unilim.fr\/fablab19\/\"},{\"@type\":\"ListItem\",\"position\":2,\"name\":\"Formations\",\"item\":\"https:\/\/asso.unilim.fr\/fablab19\/formations\/\"},{\"@type\":\"ListItem\",\"position\":3,\"name\":\"Eagle\"}]},{\"@type\":\"WebSite\",\"@id\":\"https:\/\/asso.unilim.fr\/fablab19\/#website\",\"url\":\"https:\/\/asso.unilim.fr\/fablab19\/\",\"name\":\"FABLAB19\",\"description\":\"Fablab19 source de r\u00e9ussites\",\"potentialAction\":[{\"@type\":\"SearchAction\",\"target\":{\"@type\":\"EntryPoint\",\"urlTemplate\":\"https:\/\/asso.unilim.fr\/fablab19\/?s={search_term_string}\"},\"query-input\":{\"@type\":\"PropertyValueSpecification\",\"valueRequired\":true,\"valueName\":\"search_term_string\"}}],\"inLanguage\":\"fr-FR\"}]}<\/script>\n<!-- \/ Yoast SEO plugin. -->","yoast_head_json":{"title":"Eagle - FABLAB19","robots":{"index":"index","follow":"follow","max-snippet":"max-snippet:-1","max-image-preview":"max-image-preview:large","max-video-preview":"max-video-preview:-1"},"canonical":"https:\/\/asso.unilim.fr\/fablab19\/formations\/eagle\/","og_locale":"fr_FR","og_type":"article","og_title":"Eagle - FABLAB19","og_url":"https:\/\/asso.unilim.fr\/fablab19\/formations\/eagle\/","og_site_name":"FABLAB19","article_modified_time":"2023-01-20T15:35:46+00:00","twitter_card":"summary_large_image","twitter_misc":{"Dur\u00e9e de lecture estim\u00e9e":"1 minute"},"schema":{"@context":"https:\/\/schema.org","@graph":[{"@type":"WebPage","@id":"https:\/\/asso.unilim.fr\/fablab19\/formations\/eagle\/","url":"https:\/\/asso.unilim.fr\/fablab19\/formations\/eagle\/","name":"Eagle - FABLAB19","isPartOf":{"@id":"https:\/\/asso.unilim.fr\/fablab19\/#website"},"datePublished":"2018-10-26T12:31:29+00:00","dateModified":"2023-01-20T15:35:46+00:00","breadcrumb":{"@id":"https:\/\/asso.unilim.fr\/fablab19\/formations\/eagle\/#breadcrumb"},"inLanguage":"fr-FR","potentialAction":[{"@type":"ReadAction","target":["https:\/\/asso.unilim.fr\/fablab19\/formations\/eagle\/"]}]},{"@type":"BreadcrumbList","@id":"https:\/\/asso.unilim.fr\/fablab19\/formations\/eagle\/#breadcrumb","itemListElement":[{"@type":"ListItem","position":1,"name":"Accueil","item":"https:\/\/asso.unilim.fr\/fablab19\/"},{"@type":"ListItem","position":2,"name":"Formations","item":"https:\/\/asso.unilim.fr\/fablab19\/formations\/"},{"@type":"ListItem","position":3,"name":"Eagle"}]},{"@type":"WebSite","@id":"https:\/\/asso.unilim.fr\/fablab19\/#website","url":"https:\/\/asso.unilim.fr\/fablab19\/","name":"FABLAB19","description":"Fablab19 source de r\u00e9ussites","potentialAction":[{"@type":"SearchAction","target":{"@type":"EntryPoint","urlTemplate":"https:\/\/asso.unilim.fr\/fablab19\/?s={search_term_string}"},"query-input":{"@type":"PropertyValueSpecification","valueRequired":true,"valueName":"search_term_string"}}],"inLanguage":"fr-FR"}]}},"_links":{"self":[{"href":"https:\/\/asso.unilim.fr\/fablab19\/wp-json\/wp\/v2\/pages\/200","targetHints":{"allow":["GET"]}}],"collection":[{"href":"https:\/\/asso.unilim.fr\/fablab19\/wp-json\/wp\/v2\/pages"}],"about":[{"href":"https:\/\/asso.unilim.fr\/fablab19\/wp-json\/wp\/v2\/types\/page"}],"author":[{"embeddable":true,"href":"https:\/\/asso.unilim.fr\/fablab19\/wp-json\/wp\/v2\/users\/89"}],"replies":[{"embeddable":true,"href":"https:\/\/asso.unilim.fr\/fablab19\/wp-json\/wp\/v2\/comments?post=200"}],"version-history":[{"count":0,"href":"https:\/\/asso.unilim.fr\/fablab19\/wp-json\/wp\/v2\/pages\/200\/revisions"}],"up":[{"embeddable":true,"href":"https:\/\/asso.unilim.fr\/fablab19\/wp-json\/wp\/v2\/pages\/181"}],"wp:attachment":[{"href":"https:\/\/asso.unilim.fr\/fablab19\/wp-json\/wp\/v2\/media?parent=200"}],"curies":[{"name":"wp","href":"https:\/\/api.w.org\/{rel}","templated":true}]}}