{"id":66,"date":"2019-08-23T15:44:07","date_gmt":"2019-08-23T13:44:07","guid":{"rendered":"http:\/\/asso.unilim.fr\/daguesseau\/?page_id=66"},"modified":"2021-03-30T15:31:53","modified_gmt":"2021-03-30T13:31:53","slug":"lethique-des-gens-de-justice","status":"publish","type":"page","link":"https:\/\/asso.unilim.fr\/daguesseau\/lethique-des-gens-de-justice\/","title":{"rendered":"L&rsquo;\u00e9thique des gens de justice"},"content":{"rendered":"<p><strong><img loading=\"lazy\" decoding=\"async\" class=\"size-full wp-image-68 alignright\" src=\"https:\/\/www.daguesseau.fr\/wp-content\/uploads\/sites\/10\/2019\/08\/8.gif\" alt=\"\" width=\"125\" height=\"188\" \/>L&rsquo;\u00e9thique des gens de justice<\/strong><br \/>\nColloque tenu \u00e0 Limoges, 19 et 20 oct. 2000<\/p>\n<p>Coordination \u00e9ditoriale par Simone Gaboriau et H\u00e9l\u00e8ne Pauliat<\/p>\n<p>Des universitaires, avocats et magistrats de Limoges allient leurs exp\u00e9riences et partagent leurs r\u00e9flexions sur ce qui les r\u00e9unit tous, la justice. Ici, les analyses rassembl\u00e9es abordent une question plus d\u00e9battue jusqu&rsquo;\u00e0 pr\u00e9sent dans le monde anglo-saxon qu&rsquo;en France, l&rsquo;\u00e9thique des gens de justice. Car, au-del\u00e0 d&rsquo;une d\u00e9ontologie professionnelle, est en jeu un ensemble de r\u00e9f\u00e9rences innom\u00e9es, le plus souvent, qui construit la fonction de d\u00e9fense pour l&rsquo;avocat, l&rsquo;\u0153uvre de justice pour le magistrat. C&rsquo;est \u00e0 une r\u00e9flexion sur l&rsquo;\u00e9volution des pratiques professionnelles et leurs cons\u00e9quences en termes d&rsquo;\u00e9thique que contribue l&rsquo;ouvrage.<\/p>\n<p>Au sommaire notamment : Le nouvel \u00e2ge de l\u2019autorit\u00e9 (A. Garapon) ; Les avocats de la d\u00e9fense. Les avocats face au changement du droit et au changement dans la justice (Th. Grumbach) ; L\u2019\u00e9thique de l\u2019avocat de l\u2019enfant (St. Ambry) ; L\u2019\u00e9volution de l\u2019exercice de l\u2019action publique et l\u2019\u00e9tique des magistrats du Parquet (H. Desclaux) ; L\u2019administration de la justice dans les institutions fran\u00e7aises (H. Pauliat) ; Administration de la justice et acte juridictionnel (H. Dalle) ; Existe-t-il une communaut\u00e9 juridique et \u00e9thique ? Regards sur la justice en France et dans diff\u00e9rents pays \u00e9trangers (D. Soulez-Larivi\u00e8re) ; La jurisprudence de la Cour europ\u00e9enne des droits de l\u2019homme constitue-t-elle une source nouvelle de r\u00e9gulation de l\u2019\u00e9thique des magistrats ? (J.-P. Margu\u00e9naud) ; La qualit\u00e9 de la justice face aux attentes du justiciable (J.-P. Jean) ; La justice ente les deux \u00ab corps \u00bb de la d\u00e9mocratie (D. Salas) ; L\u2019impartialit\u00e9 du juge. Une probl\u00e9matique de tous les temps : d\u2019Aristote \u00e0 Hannah Arendt (M. Revault d\u2019Allonnes) ; Pour conclure (P. Martens).<\/p>\n<p>\u00c9diteur Presses universitaires de Limoges<br \/>\nSupport Livre broch\u00e9<br \/>\nNb de pages 232 p.<br \/>\nISBN-10 2-84287-189-8<br \/>\nISBN-13 978-2-84287-189-5<br \/>\nGTIN13 (EAN13) 9782842871895<\/p>\n","protected":false},"excerpt":{"rendered":"<p>L&rsquo;\u00e9thique des gens de justice Colloque tenu \u00e0 Limoges, 19 et 20 oct. 2000 Coordination \u00e9ditoriale par Simone Gaboriau et H\u00e9l\u00e8ne Pauliat Des universitaires, avocats et magistrats de Limoges allient leurs exp\u00e9riences et partagent leurs r\u00e9flexions sur ce qui les r\u00e9unit tous, la justice. Ici, les analyses rassembl\u00e9es abordent une question plus d\u00e9battue jusqu&rsquo;\u00e0 pr\u00e9sent [&hellip;]<\/p>\n","protected":false},"author":97,"featured_media":0,"parent":0,"menu_order":0,"comment_status":"closed","ping_status":"closed","template":"","meta":{"footnotes":""},"class_list":["post-66","page","type-page","status-publish","hentry"],"yoast_head":"<!-- This site is optimized with the Yoast SEO plugin v26.3 - https:\/\/yoast.com\/wordpress\/plugins\/seo\/ -->\n<title>L&#039;\u00e9thique des gens de justice - Entretiens d&#039;Aguesseau<\/title>\n<meta name=\"robots\" content=\"index, follow, max-snippet:-1, max-image-preview:large, max-video-preview:-1\" \/>\n<link rel=\"canonical\" href=\"http:\/\/asso.unilim.fr\/daguesseau\/lethique-des-gens-de-justice\/\" \/>\n<meta property=\"og:locale\" content=\"fr_FR\" \/>\n<meta property=\"og:type\" content=\"article\" \/>\n<meta property=\"og:title\" content=\"L&#039;\u00e9thique des gens de justice - Entretiens d&#039;Aguesseau\" \/>\n<meta property=\"og:description\" content=\"L&rsquo;\u00e9thique des gens de justice Colloque tenu \u00e0 Limoges, 19 et 20 oct. 2000 Coordination \u00e9ditoriale par Simone Gaboriau et H\u00e9l\u00e8ne Pauliat Des universitaires, avocats et magistrats de Limoges allient leurs exp\u00e9riences et partagent leurs r\u00e9flexions sur ce qui les r\u00e9unit tous, la justice. Ici, les analyses rassembl\u00e9es abordent une question plus d\u00e9battue jusqu&rsquo;\u00e0 pr\u00e9sent [&hellip;]\" \/>\n<meta property=\"og:url\" content=\"http:\/\/asso.unilim.fr\/daguesseau\/lethique-des-gens-de-justice\/\" \/>\n<meta property=\"og:site_name\" content=\"Entretiens d&#039;Aguesseau\" \/>\n<meta property=\"article:modified_time\" content=\"2021-03-30T13:31:53+00:00\" \/>\n<meta property=\"og:image\" content=\"https:\/\/www.daguesseau.fr\/wp-content\/uploads\/sites\/10\/2019\/08\/8.gif\" \/>\n<meta name=\"twitter:card\" content=\"summary_large_image\" \/>\n<meta name=\"twitter:label1\" content=\"Dur\u00e9e de lecture estim\u00e9e\" \/>\n\t<meta name=\"twitter:data1\" content=\"2 minutes\" \/>\n<script type=\"application\/ld+json\" class=\"yoast-schema-graph\">{\"@context\":\"https:\/\/schema.org\",\"@graph\":[{\"@type\":\"WebPage\",\"@id\":\"http:\/\/asso.unilim.fr\/daguesseau\/lethique-des-gens-de-justice\/\",\"url\":\"http:\/\/asso.unilim.fr\/daguesseau\/lethique-des-gens-de-justice\/\",\"name\":\"L'\u00e9thique des gens de justice - Entretiens d&#039;Aguesseau\",\"isPartOf\":{\"@id\":\"http:\/\/asso.unilim.fr\/daguesseau\/#website\"},\"primaryImageOfPage\":{\"@id\":\"http:\/\/asso.unilim.fr\/daguesseau\/lethique-des-gens-de-justice\/#primaryimage\"},\"image\":{\"@id\":\"http:\/\/asso.unilim.fr\/daguesseau\/lethique-des-gens-de-justice\/#primaryimage\"},\"thumbnailUrl\":\"https:\/\/www.daguesseau.fr\/wp-content\/uploads\/sites\/10\/2019\/08\/8.gif\",\"datePublished\":\"2019-08-23T13:44:07+00:00\",\"dateModified\":\"2021-03-30T13:31:53+00:00\",\"breadcrumb\":{\"@id\":\"http:\/\/asso.unilim.fr\/daguesseau\/lethique-des-gens-de-justice\/#breadcrumb\"},\"inLanguage\":\"fr-FR\",\"potentialAction\":[{\"@type\":\"ReadAction\",\"target\":[\"http:\/\/asso.unilim.fr\/daguesseau\/lethique-des-gens-de-justice\/\"]}]},{\"@type\":\"ImageObject\",\"inLanguage\":\"fr-FR\",\"@id\":\"http:\/\/asso.unilim.fr\/daguesseau\/lethique-des-gens-de-justice\/#primaryimage\",\"url\":\"https:\/\/www.daguesseau.fr\/wp-content\/uploads\/sites\/10\/2019\/08\/8.gif\",\"contentUrl\":\"https:\/\/www.daguesseau.fr\/wp-content\/uploads\/sites\/10\/2019\/08\/8.gif\"},{\"@type\":\"BreadcrumbList\",\"@id\":\"http:\/\/asso.unilim.fr\/daguesseau\/lethique-des-gens-de-justice\/#breadcrumb\",\"itemListElement\":[{\"@type\":\"ListItem\",\"position\":1,\"name\":\"Accueil\",\"item\":\"http:\/\/asso.unilim.fr\/daguesseau\/\"},{\"@type\":\"ListItem\",\"position\":2,\"name\":\"L&rsquo;\u00e9thique des gens de justice\"}]},{\"@type\":\"WebSite\",\"@id\":\"http:\/\/asso.unilim.fr\/daguesseau\/#website\",\"url\":\"http:\/\/asso.unilim.fr\/daguesseau\/\",\"name\":\"Entretiens d&#039;Aguesseau\",\"description\":\"universit\u00e9 ouverte source de r\u00e9ussites\",\"potentialAction\":[{\"@type\":\"SearchAction\",\"target\":{\"@type\":\"EntryPoint\",\"urlTemplate\":\"http:\/\/asso.unilim.fr\/daguesseau\/?s={search_term_string}\"},\"query-input\":{\"@type\":\"PropertyValueSpecification\",\"valueRequired\":true,\"valueName\":\"search_term_string\"}}],\"inLanguage\":\"fr-FR\"}]}<\/script>\n<!-- \/ Yoast SEO plugin. -->","yoast_head_json":{"title":"L'\u00e9thique des gens de justice - Entretiens d&#039;Aguesseau","robots":{"index":"index","follow":"follow","max-snippet":"max-snippet:-1","max-image-preview":"max-image-preview:large","max-video-preview":"max-video-preview:-1"},"canonical":"http:\/\/asso.unilim.fr\/daguesseau\/lethique-des-gens-de-justice\/","og_locale":"fr_FR","og_type":"article","og_title":"L'\u00e9thique des gens de justice - Entretiens d&#039;Aguesseau","og_description":"L&rsquo;\u00e9thique des gens de justice Colloque tenu \u00e0 Limoges, 19 et 20 oct. 2000 Coordination \u00e9ditoriale par Simone Gaboriau et H\u00e9l\u00e8ne Pauliat Des universitaires, avocats et magistrats de Limoges allient leurs exp\u00e9riences et partagent leurs r\u00e9flexions sur ce qui les r\u00e9unit tous, la justice. Ici, les analyses rassembl\u00e9es abordent une question plus d\u00e9battue jusqu&rsquo;\u00e0 pr\u00e9sent [&hellip;]","og_url":"http:\/\/asso.unilim.fr\/daguesseau\/lethique-des-gens-de-justice\/","og_site_name":"Entretiens d&#039;Aguesseau","article_modified_time":"2021-03-30T13:31:53+00:00","og_image":[{"url":"https:\/\/www.daguesseau.fr\/wp-content\/uploads\/sites\/10\/2019\/08\/8.gif","type":"","width":"","height":""}],"twitter_card":"summary_large_image","twitter_misc":{"Dur\u00e9e de lecture estim\u00e9e":"2 minutes"},"schema":{"@context":"https:\/\/schema.org","@graph":[{"@type":"WebPage","@id":"http:\/\/asso.unilim.fr\/daguesseau\/lethique-des-gens-de-justice\/","url":"http:\/\/asso.unilim.fr\/daguesseau\/lethique-des-gens-de-justice\/","name":"L'\u00e9thique des gens de justice - Entretiens d&#039;Aguesseau","isPartOf":{"@id":"http:\/\/asso.unilim.fr\/daguesseau\/#website"},"primaryImageOfPage":{"@id":"http:\/\/asso.unilim.fr\/daguesseau\/lethique-des-gens-de-justice\/#primaryimage"},"image":{"@id":"http:\/\/asso.unilim.fr\/daguesseau\/lethique-des-gens-de-justice\/#primaryimage"},"thumbnailUrl":"https:\/\/www.daguesseau.fr\/wp-content\/uploads\/sites\/10\/2019\/08\/8.gif","datePublished":"2019-08-23T13:44:07+00:00","dateModified":"2021-03-30T13:31:53+00:00","breadcrumb":{"@id":"http:\/\/asso.unilim.fr\/daguesseau\/lethique-des-gens-de-justice\/#breadcrumb"},"inLanguage":"fr-FR","potentialAction":[{"@type":"ReadAction","target":["http:\/\/asso.unilim.fr\/daguesseau\/lethique-des-gens-de-justice\/"]}]},{"@type":"ImageObject","inLanguage":"fr-FR","@id":"http:\/\/asso.unilim.fr\/daguesseau\/lethique-des-gens-de-justice\/#primaryimage","url":"https:\/\/www.daguesseau.fr\/wp-content\/uploads\/sites\/10\/2019\/08\/8.gif","contentUrl":"https:\/\/www.daguesseau.fr\/wp-content\/uploads\/sites\/10\/2019\/08\/8.gif"},{"@type":"BreadcrumbList","@id":"http:\/\/asso.unilim.fr\/daguesseau\/lethique-des-gens-de-justice\/#breadcrumb","itemListElement":[{"@type":"ListItem","position":1,"name":"Accueil","item":"http:\/\/asso.unilim.fr\/daguesseau\/"},{"@type":"ListItem","position":2,"name":"L&rsquo;\u00e9thique des gens de justice"}]},{"@type":"WebSite","@id":"http:\/\/asso.unilim.fr\/daguesseau\/#website","url":"http:\/\/asso.unilim.fr\/daguesseau\/","name":"Entretiens d&#039;Aguesseau","description":"universit\u00e9 ouverte source de r\u00e9ussites","potentialAction":[{"@type":"SearchAction","target":{"@type":"EntryPoint","urlTemplate":"http:\/\/asso.unilim.fr\/daguesseau\/?s={search_term_string}"},"query-input":{"@type":"PropertyValueSpecification","valueRequired":true,"valueName":"search_term_string"}}],"inLanguage":"fr-FR"}]}},"_links":{"self":[{"href":"https:\/\/asso.unilim.fr\/daguesseau\/wp-json\/wp\/v2\/pages\/66","targetHints":{"allow":["GET"]}}],"collection":[{"href":"https:\/\/asso.unilim.fr\/daguesseau\/wp-json\/wp\/v2\/pages"}],"about":[{"href":"https:\/\/asso.unilim.fr\/daguesseau\/wp-json\/wp\/v2\/types\/page"}],"author":[{"embeddable":true,"href":"https:\/\/asso.unilim.fr\/daguesseau\/wp-json\/wp\/v2\/users\/97"}],"replies":[{"embeddable":true,"href":"https:\/\/asso.unilim.fr\/daguesseau\/wp-json\/wp\/v2\/comments?post=66"}],"version-history":[{"count":0,"href":"https:\/\/asso.unilim.fr\/daguesseau\/wp-json\/wp\/v2\/pages\/66\/revisions"}],"wp:attachment":[{"href":"https:\/\/asso.unilim.fr\/daguesseau\/wp-json\/wp\/v2\/media?parent=66"}],"curies":[{"name":"wp","href":"https:\/\/api.w.org\/{rel}","templated":true}]}}