{"id":42,"date":"2019-11-05T00:00:00","date_gmt":"2019-10-13T19:08:41","guid":{"rendered":"http:\/\/asso.unilim.fr\/daguesseau\/?page_id=42"},"modified":"2020-01-14T14:30:48","modified_gmt":"2020-01-14T13:30:48","slug":"les-entretiens-daguesseau-2","status":"publish","type":"page","link":"https:\/\/asso.unilim.fr\/daguesseau\/","title":{"rendered":"Les Entretiens d\u2019Aguesseau"},"content":{"rendered":"        <div class=\"container-fluid  \" style=\"\">\n                      <div class=\"container\">\n                <div class=\"row \" style=\"margin-top: 30px;margin-bottom: 30px\">        <div class=\"col-sm-12 \">\n                            \n                <div class=\"row ul-fix-height ul-element-post ul-element-post--col  \">\n                                                <div class=\"col-sm-4\">\n                            <div class=\"bg-gray-lighter ul-fix-height-to-me\">\n                                <article class=\"\" id=\"post-764\"  role=\"article\" >\n\n                                    <a href=\"https:\/\/asso.unilim.fr\/daguesseau\/2026\/04\/23\/remise-du-prix-de-these-2026\/\" rel=\"bookmark\" title=\"Remise du prix de th\u00e8se 2026\" class=\"\">\n                                                                                                                                    <img loading=\"lazy\" decoding=\"async\" width=\"640\" height=\"480\" src=\"https:\/\/www.daguesseau.fr\/wp-content\/uploads\/sites\/10\/2026\/04\/Prix-de-these-640x480.jpg\" class=\"img-responsive wp-post-image\" alt=\"\" \/>                                                                                                                                                                    <\/a>\n\n                                                                        <p class=\"bg-primary text-light text-right ul-bold\" style=\"padding:10px;\">\n                                        <a href=\"https:\/\/asso.unilim.fr\/daguesseau\/category\/actualite\/\" rel=\"category tag\">Actualit\u00e9<\/a>                                        <\/p>\n                                    \n                                    <div class=\"content panel-body\" style=\"padding:10px;\">\n                                        \n                                        <h4 class=\"ul-bold\">\n                                            <a class=\"text-gray header-readmore-arrow\" href=\"https:\/\/asso.unilim.fr\/daguesseau\/2026\/04\/23\/remise-du-prix-de-these-2026\/\" rel=\"bookmark\" title=\"Remise du prix de th\u00e8se 2026\">\n                                                Remise du prix de th\u00e8se 2026&nbsp;<i class='text-primary fa fa-location-arrow hidden'><\/i>\n                                            <\/a>\n\n                                        <\/h4>\n\n                                                                                    <p>\n                                                Le jeudi 26 mars 2026, le Prix de th\u00e8se des\u00a0Entretiens d&rsquo;Aguesseau a \u00e9t\u00e9 remis \u00e0 M. Francesco Tavaglione pour sa th\u00e8se sur <a href='https:\/\/asso.unilim.fr\/daguesseau\/2026\/04\/23\/remise-du-prix-de-these-2026\/' alt='Lire la suite' class='text-readmore-arrow'>[...]<\/a>                                            <\/p>\n                                        \n                                                                            <\/div>\n                                <\/article>\n                            <\/div>\n                        <\/div>\n                                                                        <div class=\"col-sm-4\">\n                            <div class=\"bg-gray-lighter ul-fix-height-to-me\">\n                                <article class=\"\" id=\"post-752\"  role=\"article\" >\n\n                                    <a href=\"https:\/\/asso.unilim.fr\/daguesseau\/2026\/02\/24\/colloque-des-entretiens-daguesseau-27-mars-2026\/\" rel=\"bookmark\" title=\"Colloque des entretiens d&rsquo;Aguesseau &#8211; 27 mars 2026\" class=\"\">\n                                                                                                                                    <img loading=\"lazy\" decoding=\"async\" width=\"640\" height=\"480\" src=\"https:\/\/www.daguesseau.fr\/wp-content\/uploads\/sites\/10\/2026\/02\/PHOTO-2026-02-24-21-12-57-1-640x480.jpg\" class=\"img-responsive wp-post-image\" alt=\"\" \/>                                                                                                                                                                    <\/a>\n\n                                                                        <p class=\"bg-primary text-light text-right ul-bold\" style=\"padding:10px;\">\n                                        <a href=\"https:\/\/asso.unilim.fr\/daguesseau\/category\/actualite\/\" rel=\"category tag\">Actualit\u00e9<\/a>                                        <\/p>\n                                    \n                                    <div class=\"content panel-body\" style=\"padding:10px;\">\n                                        \n                                        <h4 class=\"ul-bold\">\n                                            <a class=\"text-gray header-readmore-arrow\" href=\"https:\/\/asso.unilim.fr\/daguesseau\/2026\/02\/24\/colloque-des-entretiens-daguesseau-27-mars-2026\/\" rel=\"bookmark\" title=\"Colloque des entretiens d&rsquo;Aguesseau &#8211; 27 mars 2026\">\n                                                Colloque des entretiens d&rsquo;Aguesseau &#8211; 27 mars 2026&nbsp;<i class='text-primary fa fa-location-arrow hidden'><\/i>\n                                            <\/a>\n\n                                        <\/h4>\n\n                                                                                    <p>\n                                                Le 27 mars 2026 se tiendra le traditionnel colloque des entretiens d&rsquo;Aguesseau consacr\u00e9 cette ann\u00e9e au th\u00e8me \u00ab\u00a0La justice et les <a href='https:\/\/asso.unilim.fr\/daguesseau\/2026\/02\/24\/colloque-des-entretiens-daguesseau-27-mars-2026\/' alt='Lire la suite' class='text-readmore-arrow'>[...]<\/a>                                            <\/p>\n                                        \n                                                                            <\/div>\n                                <\/article>\n                            <\/div>\n                        <\/div>\n                                                                        <div class=\"col-sm-4\">\n                            <div class=\"bg-gray-lighter ul-fix-height-to-me\">\n                                <article class=\"\" id=\"post-730\"  role=\"article\" >\n\n                                    <a href=\"https:\/\/asso.unilim.fr\/daguesseau\/2025\/12\/04\/laureat-du-prix-de-these-daguesseau-2025\/\" rel=\"bookmark\" title=\"Laur\u00e9at du prix de th\u00e8se D&rsquo;Aguesseau 2025\" class=\"\">\n                                                                                                                                    <img loading=\"lazy\" decoding=\"async\" width=\"640\" height=\"480\" src=\"https:\/\/www.daguesseau.fr\/wp-content\/uploads\/sites\/10\/2025\/12\/2-Henri_Francois_dAguesseau_by_Louis-Denis_Caillouette-640x480.jpg\" class=\"img-responsive wp-post-image\" alt=\"\" \/>                                                                                                                                                                    <\/a>\n\n                                                                        <p class=\"bg-primary text-light text-right ul-bold\" style=\"padding:10px;\">\n                                        <a href=\"https:\/\/asso.unilim.fr\/daguesseau\/category\/actualite\/\" rel=\"category tag\">Actualit\u00e9<\/a>                                        <\/p>\n                                    \n                                    <div class=\"content panel-body\" style=\"padding:10px;\">\n                                        \n                                        <h4 class=\"ul-bold\">\n                                            <a class=\"text-gray header-readmore-arrow\" href=\"https:\/\/asso.unilim.fr\/daguesseau\/2025\/12\/04\/laureat-du-prix-de-these-daguesseau-2025\/\" rel=\"bookmark\" title=\"Laur\u00e9at du prix de th\u00e8se D&rsquo;Aguesseau 2025\">\n                                                Laur\u00e9at du prix de th\u00e8se D&rsquo;Aguesseau 2025&nbsp;<i class='text-primary fa fa-location-arrow hidden'><\/i>\n                                            <\/a>\n\n                                        <\/h4>\n\n                                                                                    <p>\n                                                &nbsp; Le jury du Prix d&rsquo;Aguesseau s&rsquo;est r\u00e9uni le 1er d\u00e9cembre 2025. \u00c0 l&rsquo;unanimit\u00e9 des pr\u00e9sents lors de la d\u00e9lib\u00e9ration, <a href='https:\/\/asso.unilim.fr\/daguesseau\/2025\/12\/04\/laureat-du-prix-de-these-daguesseau-2025\/' alt='Lire la suite' class='text-readmore-arrow'>[...]<\/a>                                            <\/p>\n                                        \n                                                                            <\/div>\n                                <\/article>\n                            <\/div>\n                        <\/div>\n                                                                    <\/div>\n                        <\/div>\n        <\/div>\n            <\/div>\n                  <\/div>\n        \n","protected":false},"excerpt":{"rendered":"","protected":false},"author":97,"featured_media":0,"parent":0,"menu_order":0,"comment_status":"closed","ping_status":"closed","template":"page-le.php","meta":{"footnotes":""},"class_list":["post-42","page","type-page","status-publish","hentry"],"yoast_head":"<!-- This site is optimized with the Yoast SEO plugin v26.3 - https:\/\/yoast.com\/wordpress\/plugins\/seo\/ -->\n<title>Les Entretiens d\u2019Aguesseau - Entretiens d&#039;Aguesseau<\/title>\n<meta name=\"robots\" content=\"index, follow, max-snippet:-1, max-image-preview:large, max-video-preview:-1\" \/>\n<link rel=\"canonical\" href=\"http:\/\/asso.unilim.fr\/daguesseau\/\" \/>\n<meta property=\"og:locale\" content=\"fr_FR\" \/>\n<meta property=\"og:type\" content=\"article\" \/>\n<meta property=\"og:title\" content=\"Les Entretiens d\u2019Aguesseau - Entretiens d&#039;Aguesseau\" \/>\n<meta property=\"og:url\" content=\"http:\/\/asso.unilim.fr\/daguesseau\/\" \/>\n<meta property=\"og:site_name\" content=\"Entretiens d&#039;Aguesseau\" \/>\n<meta property=\"article:modified_time\" content=\"2020-01-14T13:30:48+00:00\" \/>\n<meta name=\"twitter:card\" content=\"summary_large_image\" \/>\n<script type=\"application\/ld+json\" class=\"yoast-schema-graph\">{\"@context\":\"https:\/\/schema.org\",\"@graph\":[{\"@type\":\"WebPage\",\"@id\":\"http:\/\/asso.unilim.fr\/daguesseau\/\",\"url\":\"http:\/\/asso.unilim.fr\/daguesseau\/\",\"name\":\"Les Entretiens d\u2019Aguesseau - Entretiens d&#039;Aguesseau\",\"isPartOf\":{\"@id\":\"http:\/\/asso.unilim.fr\/daguesseau\/#website\"},\"datePublished\":\"2019-10-13T19:08:41+00:00\",\"dateModified\":\"2020-01-14T13:30:48+00:00\",\"breadcrumb\":{\"@id\":\"http:\/\/asso.unilim.fr\/daguesseau\/#breadcrumb\"},\"inLanguage\":\"fr-FR\",\"potentialAction\":[{\"@type\":\"ReadAction\",\"target\":[\"http:\/\/asso.unilim.fr\/daguesseau\/\"]}]},{\"@type\":\"BreadcrumbList\",\"@id\":\"http:\/\/asso.unilim.fr\/daguesseau\/#breadcrumb\",\"itemListElement\":[{\"@type\":\"ListItem\",\"position\":1,\"name\":\"Accueil\",\"item\":\"http:\/\/asso.unilim.fr\/daguesseau\/\"},{\"@type\":\"ListItem\",\"position\":2,\"name\":\"Les Entretiens d\u2019Aguesseau\"}]},{\"@type\":\"WebSite\",\"@id\":\"http:\/\/asso.unilim.fr\/daguesseau\/#website\",\"url\":\"http:\/\/asso.unilim.fr\/daguesseau\/\",\"name\":\"Entretiens d&#039;Aguesseau\",\"description\":\"universit\u00e9 ouverte source de r\u00e9ussites\",\"potentialAction\":[{\"@type\":\"SearchAction\",\"target\":{\"@type\":\"EntryPoint\",\"urlTemplate\":\"http:\/\/asso.unilim.fr\/daguesseau\/?s={search_term_string}\"},\"query-input\":{\"@type\":\"PropertyValueSpecification\",\"valueRequired\":true,\"valueName\":\"search_term_string\"}}],\"inLanguage\":\"fr-FR\"}]}<\/script>\n<!-- \/ Yoast SEO plugin. -->","yoast_head_json":{"title":"Les Entretiens d\u2019Aguesseau - Entretiens d&#039;Aguesseau","robots":{"index":"index","follow":"follow","max-snippet":"max-snippet:-1","max-image-preview":"max-image-preview:large","max-video-preview":"max-video-preview:-1"},"canonical":"http:\/\/asso.unilim.fr\/daguesseau\/","og_locale":"fr_FR","og_type":"article","og_title":"Les Entretiens d\u2019Aguesseau - Entretiens d&#039;Aguesseau","og_url":"http:\/\/asso.unilim.fr\/daguesseau\/","og_site_name":"Entretiens d&#039;Aguesseau","article_modified_time":"2020-01-14T13:30:48+00:00","twitter_card":"summary_large_image","schema":{"@context":"https:\/\/schema.org","@graph":[{"@type":"WebPage","@id":"http:\/\/asso.unilim.fr\/daguesseau\/","url":"http:\/\/asso.unilim.fr\/daguesseau\/","name":"Les Entretiens d\u2019Aguesseau - Entretiens d&#039;Aguesseau","isPartOf":{"@id":"http:\/\/asso.unilim.fr\/daguesseau\/#website"},"datePublished":"2019-10-13T19:08:41+00:00","dateModified":"2020-01-14T13:30:48+00:00","breadcrumb":{"@id":"http:\/\/asso.unilim.fr\/daguesseau\/#breadcrumb"},"inLanguage":"fr-FR","potentialAction":[{"@type":"ReadAction","target":["http:\/\/asso.unilim.fr\/daguesseau\/"]}]},{"@type":"BreadcrumbList","@id":"http:\/\/asso.unilim.fr\/daguesseau\/#breadcrumb","itemListElement":[{"@type":"ListItem","position":1,"name":"Accueil","item":"http:\/\/asso.unilim.fr\/daguesseau\/"},{"@type":"ListItem","position":2,"name":"Les Entretiens d\u2019Aguesseau"}]},{"@type":"WebSite","@id":"http:\/\/asso.unilim.fr\/daguesseau\/#website","url":"http:\/\/asso.unilim.fr\/daguesseau\/","name":"Entretiens d&#039;Aguesseau","description":"universit\u00e9 ouverte source de r\u00e9ussites","potentialAction":[{"@type":"SearchAction","target":{"@type":"EntryPoint","urlTemplate":"http:\/\/asso.unilim.fr\/daguesseau\/?s={search_term_string}"},"query-input":{"@type":"PropertyValueSpecification","valueRequired":true,"valueName":"search_term_string"}}],"inLanguage":"fr-FR"}]}},"_links":{"self":[{"href":"https:\/\/asso.unilim.fr\/daguesseau\/wp-json\/wp\/v2\/pages\/42","targetHints":{"allow":["GET"]}}],"collection":[{"href":"https:\/\/asso.unilim.fr\/daguesseau\/wp-json\/wp\/v2\/pages"}],"about":[{"href":"https:\/\/asso.unilim.fr\/daguesseau\/wp-json\/wp\/v2\/types\/page"}],"author":[{"embeddable":true,"href":"https:\/\/asso.unilim.fr\/daguesseau\/wp-json\/wp\/v2\/users\/97"}],"replies":[{"embeddable":true,"href":"https:\/\/asso.unilim.fr\/daguesseau\/wp-json\/wp\/v2\/comments?post=42"}],"version-history":[{"count":0,"href":"https:\/\/asso.unilim.fr\/daguesseau\/wp-json\/wp\/v2\/pages\/42\/revisions"}],"wp:attachment":[{"href":"https:\/\/asso.unilim.fr\/daguesseau\/wp-json\/wp\/v2\/media?parent=42"}],"curies":[{"name":"wp","href":"https:\/\/api.w.org\/{rel}","templated":true}]}}