{"id":408,"date":"2021-03-29T17:35:44","date_gmt":"2021-03-29T15:35:44","guid":{"rendered":"http:\/\/asso.unilim.fr\/daguesseau\/?page_id=408"},"modified":"2021-03-29T17:41:33","modified_gmt":"2021-03-29T15:41:33","slug":"justice-et-etat-de-droit-regards-sur-letat-durgence-en-france-et-a-letranger","status":"publish","type":"page","link":"https:\/\/asso.unilim.fr\/daguesseau\/justice-et-etat-de-droit-regards-sur-letat-durgence-en-france-et-a-letranger\/","title":{"rendered":"Justice et \u00e9tat de droit &#8211; Regards sur l&rsquo;\u00e9tat d&rsquo;urgence en France et \u00e0 l&rsquo;\u00e9tranger"},"content":{"rendered":"<p><strong>Justice et \u00e9tat de droit &#8211; Regards sur l&rsquo;\u00e9tat d&rsquo;urgence en France et \u00e0 l&rsquo;\u00e9tranger<br \/>\n<\/strong><\/p>\n<p>Colloque tenu \u00e0 Limoges, 13 octobre 2017<\/p>\n<p class=\"hide-if-no-js\"><img loading=\"lazy\" decoding=\"async\" class=\"size-medium wp-image-410 alignright\" src=\"https:\/\/www.daguesseau.fr\/wp-content\/uploads\/sites\/10\/2021\/03\/justice-et-etat-de-droit-9782842877453-193x300.jpg\" alt=\"\" width=\"193\" height=\"300\" srcset=\"https:\/\/www.daguesseau.fr\/wp-content\/uploads\/sites\/10\/2021\/03\/justice-et-etat-de-droit-9782842877453-193x300.jpg 193w, https:\/\/www.daguesseau.fr\/wp-content\/uploads\/sites\/10\/2021\/03\/justice-et-etat-de-droit-9782842877453.jpg 400w\" sizes=\"auto, (max-width: 193px) 100vw, 193px\" \/><\/p>\n<p>Coordination \u00e9ditoriale par H\u00e9l\u00e8ne Pauliat, Eric N\u00e9gron et Laurent Berthier<\/p>\n<p>Le colloque \u00ab Justice et \u00c9tat de droit \u00bb se penche sur la question du r\u00f4le du juge pendant l\u2019\u00e9tat d\u2019urgence, sur celle de la vigilance de la soci\u00e9t\u00e9 civile et des moyens d\u2019action de cette derni\u00e8re, avant d\u2019examiner les solutions apport\u00e9es \u00e0 l\u2019\u00e9tranger dans le cas de menaces similaires. En r\u00e9unissant le D\u00e9fenseur des droits, de hauts magistrats, des avocats, des personnalit\u00e9s qualifi\u00e9es et des universitaires fran\u00e7ais et \u00e9trangers, ce colloque offre l\u2019occasion d\u2019une remise en perspective de l\u2019\u00e9tat d\u2019urgence par ceux qui en contr\u00f4lent ces effets, examinent sa port\u00e9e sur les droits et libert\u00e9s des citoyens et interrogent son efficacit\u00e9.<\/p>\n<p>Collection : Entretiens d\u2019Aguesseau<br \/>\nAnn\u00e9e de publication : 2019<br \/>\nLangue : Fran\u00e7ais<\/p>\n<p>ISBN 10 2-84287-745-3<br \/>\nISBN 13 9782842877453<br \/>\n204 pages<\/p>\n","protected":false},"excerpt":{"rendered":"<p>Justice et \u00e9tat de droit &#8211; Regards sur l&rsquo;\u00e9tat d&rsquo;urgence en France et \u00e0 l&rsquo;\u00e9tranger Colloque tenu \u00e0 Limoges, 13 octobre 2017 Coordination \u00e9ditoriale par H\u00e9l\u00e8ne Pauliat, Eric N\u00e9gron et Laurent Berthier Le colloque \u00ab Justice et \u00c9tat de droit \u00bb se penche sur la question du r\u00f4le du juge pendant l\u2019\u00e9tat d\u2019urgence, sur celle [&hellip;]<\/p>\n","protected":false},"author":97,"featured_media":0,"parent":0,"menu_order":0,"comment_status":"closed","ping_status":"closed","template":"","meta":{"footnotes":""},"class_list":["post-408","page","type-page","status-publish","hentry"],"yoast_head":"<!-- This site is optimized with the Yoast SEO plugin v26.3 - https:\/\/yoast.com\/wordpress\/plugins\/seo\/ -->\n<title>Justice et \u00e9tat de droit - Regards sur l&#039;\u00e9tat d&#039;urgence en France et \u00e0 l&#039;\u00e9tranger - Entretiens d&#039;Aguesseau<\/title>\n<meta name=\"robots\" content=\"index, follow, max-snippet:-1, max-image-preview:large, max-video-preview:-1\" \/>\n<link rel=\"canonical\" href=\"http:\/\/asso.unilim.fr\/daguesseau\/justice-et-etat-de-droit-regards-sur-letat-durgence-en-france-et-a-letranger\/\" \/>\n<meta property=\"og:locale\" content=\"fr_FR\" \/>\n<meta property=\"og:type\" content=\"article\" \/>\n<meta property=\"og:title\" content=\"Justice et \u00e9tat de droit - Regards sur l&#039;\u00e9tat d&#039;urgence en France et \u00e0 l&#039;\u00e9tranger - Entretiens d&#039;Aguesseau\" \/>\n<meta property=\"og:description\" content=\"Justice et \u00e9tat de droit &#8211; Regards sur l&rsquo;\u00e9tat d&rsquo;urgence en France et \u00e0 l&rsquo;\u00e9tranger Colloque tenu \u00e0 Limoges, 13 octobre 2017 Coordination \u00e9ditoriale par H\u00e9l\u00e8ne Pauliat, Eric N\u00e9gron et Laurent Berthier Le colloque \u00ab Justice et \u00c9tat de droit \u00bb se penche sur la question du r\u00f4le du juge pendant l\u2019\u00e9tat d\u2019urgence, sur celle [&hellip;]\" \/>\n<meta property=\"og:url\" content=\"http:\/\/asso.unilim.fr\/daguesseau\/justice-et-etat-de-droit-regards-sur-letat-durgence-en-france-et-a-letranger\/\" \/>\n<meta property=\"og:site_name\" content=\"Entretiens d&#039;Aguesseau\" \/>\n<meta property=\"article:modified_time\" content=\"2021-03-29T15:41:33+00:00\" \/>\n<meta property=\"og:image\" content=\"https:\/\/www.daguesseau.fr\/wp-content\/uploads\/sites\/10\/2021\/03\/justice-et-etat-de-droit-9782842877453-193x300.jpg\" \/>\n<meta name=\"twitter:card\" content=\"summary_large_image\" \/>\n<meta name=\"twitter:label1\" content=\"Dur\u00e9e de lecture estim\u00e9e\" \/>\n\t<meta name=\"twitter:data1\" content=\"1 minute\" \/>\n<script type=\"application\/ld+json\" class=\"yoast-schema-graph\">{\"@context\":\"https:\/\/schema.org\",\"@graph\":[{\"@type\":\"WebPage\",\"@id\":\"http:\/\/asso.unilim.fr\/daguesseau\/justice-et-etat-de-droit-regards-sur-letat-durgence-en-france-et-a-letranger\/\",\"url\":\"http:\/\/asso.unilim.fr\/daguesseau\/justice-et-etat-de-droit-regards-sur-letat-durgence-en-france-et-a-letranger\/\",\"name\":\"Justice et \u00e9tat de droit - Regards sur l'\u00e9tat d'urgence en France et \u00e0 l'\u00e9tranger - Entretiens d&#039;Aguesseau\",\"isPartOf\":{\"@id\":\"http:\/\/asso.unilim.fr\/daguesseau\/#website\"},\"primaryImageOfPage\":{\"@id\":\"http:\/\/asso.unilim.fr\/daguesseau\/justice-et-etat-de-droit-regards-sur-letat-durgence-en-france-et-a-letranger\/#primaryimage\"},\"image\":{\"@id\":\"http:\/\/asso.unilim.fr\/daguesseau\/justice-et-etat-de-droit-regards-sur-letat-durgence-en-france-et-a-letranger\/#primaryimage\"},\"thumbnailUrl\":\"https:\/\/www.daguesseau.fr\/wp-content\/uploads\/sites\/10\/2021\/03\/justice-et-etat-de-droit-9782842877453-193x300.jpg\",\"datePublished\":\"2021-03-29T15:35:44+00:00\",\"dateModified\":\"2021-03-29T15:41:33+00:00\",\"breadcrumb\":{\"@id\":\"http:\/\/asso.unilim.fr\/daguesseau\/justice-et-etat-de-droit-regards-sur-letat-durgence-en-france-et-a-letranger\/#breadcrumb\"},\"inLanguage\":\"fr-FR\",\"potentialAction\":[{\"@type\":\"ReadAction\",\"target\":[\"http:\/\/asso.unilim.fr\/daguesseau\/justice-et-etat-de-droit-regards-sur-letat-durgence-en-france-et-a-letranger\/\"]}]},{\"@type\":\"ImageObject\",\"inLanguage\":\"fr-FR\",\"@id\":\"http:\/\/asso.unilim.fr\/daguesseau\/justice-et-etat-de-droit-regards-sur-letat-durgence-en-france-et-a-letranger\/#primaryimage\",\"url\":\"https:\/\/www.daguesseau.fr\/wp-content\/uploads\/sites\/10\/2021\/03\/justice-et-etat-de-droit-9782842877453-193x300.jpg\",\"contentUrl\":\"https:\/\/www.daguesseau.fr\/wp-content\/uploads\/sites\/10\/2021\/03\/justice-et-etat-de-droit-9782842877453-193x300.jpg\"},{\"@type\":\"BreadcrumbList\",\"@id\":\"http:\/\/asso.unilim.fr\/daguesseau\/justice-et-etat-de-droit-regards-sur-letat-durgence-en-france-et-a-letranger\/#breadcrumb\",\"itemListElement\":[{\"@type\":\"ListItem\",\"position\":1,\"name\":\"Accueil\",\"item\":\"http:\/\/asso.unilim.fr\/daguesseau\/\"},{\"@type\":\"ListItem\",\"position\":2,\"name\":\"Justice et \u00e9tat de droit &#8211; Regards sur l&rsquo;\u00e9tat d&rsquo;urgence en France et \u00e0 l&rsquo;\u00e9tranger\"}]},{\"@type\":\"WebSite\",\"@id\":\"http:\/\/asso.unilim.fr\/daguesseau\/#website\",\"url\":\"http:\/\/asso.unilim.fr\/daguesseau\/\",\"name\":\"Entretiens d&#039;Aguesseau\",\"description\":\"universit\u00e9 ouverte source de r\u00e9ussites\",\"potentialAction\":[{\"@type\":\"SearchAction\",\"target\":{\"@type\":\"EntryPoint\",\"urlTemplate\":\"http:\/\/asso.unilim.fr\/daguesseau\/?s={search_term_string}\"},\"query-input\":{\"@type\":\"PropertyValueSpecification\",\"valueRequired\":true,\"valueName\":\"search_term_string\"}}],\"inLanguage\":\"fr-FR\"}]}<\/script>\n<!-- \/ Yoast SEO plugin. -->","yoast_head_json":{"title":"Justice et \u00e9tat de droit - Regards sur l'\u00e9tat d'urgence en France et \u00e0 l'\u00e9tranger - Entretiens d&#039;Aguesseau","robots":{"index":"index","follow":"follow","max-snippet":"max-snippet:-1","max-image-preview":"max-image-preview:large","max-video-preview":"max-video-preview:-1"},"canonical":"http:\/\/asso.unilim.fr\/daguesseau\/justice-et-etat-de-droit-regards-sur-letat-durgence-en-france-et-a-letranger\/","og_locale":"fr_FR","og_type":"article","og_title":"Justice et \u00e9tat de droit - Regards sur l'\u00e9tat d'urgence en France et \u00e0 l'\u00e9tranger - Entretiens d&#039;Aguesseau","og_description":"Justice et \u00e9tat de droit &#8211; Regards sur l&rsquo;\u00e9tat d&rsquo;urgence en France et \u00e0 l&rsquo;\u00e9tranger Colloque tenu \u00e0 Limoges, 13 octobre 2017 Coordination \u00e9ditoriale par H\u00e9l\u00e8ne Pauliat, Eric N\u00e9gron et Laurent Berthier Le colloque \u00ab Justice et \u00c9tat de droit \u00bb se penche sur la question du r\u00f4le du juge pendant l\u2019\u00e9tat d\u2019urgence, sur celle [&hellip;]","og_url":"http:\/\/asso.unilim.fr\/daguesseau\/justice-et-etat-de-droit-regards-sur-letat-durgence-en-france-et-a-letranger\/","og_site_name":"Entretiens d&#039;Aguesseau","article_modified_time":"2021-03-29T15:41:33+00:00","og_image":[{"url":"https:\/\/www.daguesseau.fr\/wp-content\/uploads\/sites\/10\/2021\/03\/justice-et-etat-de-droit-9782842877453-193x300.jpg","type":"","width":"","height":""}],"twitter_card":"summary_large_image","twitter_misc":{"Dur\u00e9e de lecture estim\u00e9e":"1 minute"},"schema":{"@context":"https:\/\/schema.org","@graph":[{"@type":"WebPage","@id":"http:\/\/asso.unilim.fr\/daguesseau\/justice-et-etat-de-droit-regards-sur-letat-durgence-en-france-et-a-letranger\/","url":"http:\/\/asso.unilim.fr\/daguesseau\/justice-et-etat-de-droit-regards-sur-letat-durgence-en-france-et-a-letranger\/","name":"Justice et \u00e9tat de droit - Regards sur l'\u00e9tat d'urgence en France et \u00e0 l'\u00e9tranger - Entretiens d&#039;Aguesseau","isPartOf":{"@id":"http:\/\/asso.unilim.fr\/daguesseau\/#website"},"primaryImageOfPage":{"@id":"http:\/\/asso.unilim.fr\/daguesseau\/justice-et-etat-de-droit-regards-sur-letat-durgence-en-france-et-a-letranger\/#primaryimage"},"image":{"@id":"http:\/\/asso.unilim.fr\/daguesseau\/justice-et-etat-de-droit-regards-sur-letat-durgence-en-france-et-a-letranger\/#primaryimage"},"thumbnailUrl":"https:\/\/www.daguesseau.fr\/wp-content\/uploads\/sites\/10\/2021\/03\/justice-et-etat-de-droit-9782842877453-193x300.jpg","datePublished":"2021-03-29T15:35:44+00:00","dateModified":"2021-03-29T15:41:33+00:00","breadcrumb":{"@id":"http:\/\/asso.unilim.fr\/daguesseau\/justice-et-etat-de-droit-regards-sur-letat-durgence-en-france-et-a-letranger\/#breadcrumb"},"inLanguage":"fr-FR","potentialAction":[{"@type":"ReadAction","target":["http:\/\/asso.unilim.fr\/daguesseau\/justice-et-etat-de-droit-regards-sur-letat-durgence-en-france-et-a-letranger\/"]}]},{"@type":"ImageObject","inLanguage":"fr-FR","@id":"http:\/\/asso.unilim.fr\/daguesseau\/justice-et-etat-de-droit-regards-sur-letat-durgence-en-france-et-a-letranger\/#primaryimage","url":"https:\/\/www.daguesseau.fr\/wp-content\/uploads\/sites\/10\/2021\/03\/justice-et-etat-de-droit-9782842877453-193x300.jpg","contentUrl":"https:\/\/www.daguesseau.fr\/wp-content\/uploads\/sites\/10\/2021\/03\/justice-et-etat-de-droit-9782842877453-193x300.jpg"},{"@type":"BreadcrumbList","@id":"http:\/\/asso.unilim.fr\/daguesseau\/justice-et-etat-de-droit-regards-sur-letat-durgence-en-france-et-a-letranger\/#breadcrumb","itemListElement":[{"@type":"ListItem","position":1,"name":"Accueil","item":"http:\/\/asso.unilim.fr\/daguesseau\/"},{"@type":"ListItem","position":2,"name":"Justice et \u00e9tat de droit &#8211; Regards sur l&rsquo;\u00e9tat d&rsquo;urgence en France et \u00e0 l&rsquo;\u00e9tranger"}]},{"@type":"WebSite","@id":"http:\/\/asso.unilim.fr\/daguesseau\/#website","url":"http:\/\/asso.unilim.fr\/daguesseau\/","name":"Entretiens d&#039;Aguesseau","description":"universit\u00e9 ouverte source de r\u00e9ussites","potentialAction":[{"@type":"SearchAction","target":{"@type":"EntryPoint","urlTemplate":"http:\/\/asso.unilim.fr\/daguesseau\/?s={search_term_string}"},"query-input":{"@type":"PropertyValueSpecification","valueRequired":true,"valueName":"search_term_string"}}],"inLanguage":"fr-FR"}]}},"_links":{"self":[{"href":"https:\/\/asso.unilim.fr\/daguesseau\/wp-json\/wp\/v2\/pages\/408","targetHints":{"allow":["GET"]}}],"collection":[{"href":"https:\/\/asso.unilim.fr\/daguesseau\/wp-json\/wp\/v2\/pages"}],"about":[{"href":"https:\/\/asso.unilim.fr\/daguesseau\/wp-json\/wp\/v2\/types\/page"}],"author":[{"embeddable":true,"href":"https:\/\/asso.unilim.fr\/daguesseau\/wp-json\/wp\/v2\/users\/97"}],"replies":[{"embeddable":true,"href":"https:\/\/asso.unilim.fr\/daguesseau\/wp-json\/wp\/v2\/comments?post=408"}],"version-history":[{"count":0,"href":"https:\/\/asso.unilim.fr\/daguesseau\/wp-json\/wp\/v2\/pages\/408\/revisions"}],"wp:attachment":[{"href":"https:\/\/asso.unilim.fr\/daguesseau\/wp-json\/wp\/v2\/media?parent=408"}],"curies":[{"name":"wp","href":"https:\/\/api.w.org\/{rel}","templated":true}]}}