{"id":105,"date":"2019-08-23T16:39:52","date_gmt":"2019-08-23T14:39:52","guid":{"rendered":"http:\/\/asso.unilim.fr\/daguesseau\/?page_id=105"},"modified":"2019-08-23T16:46:08","modified_gmt":"2019-08-23T14:46:08","slug":"justice-et-etat-de-droit","status":"publish","type":"page","link":"https:\/\/asso.unilim.fr\/daguesseau\/justice-et-etat-de-droit\/","title":{"rendered":"Justice et Etat de droit"},"content":{"rendered":"<p>Justice et Etat de droit<\/p>\n<p>Colloque tenu \u00e0 Limoges, 13 octobre 2017<\/p>\n<p>En r\u00e9ponse \u00e0 la menace terroriste, la mise en place de l\u2019\u00e9tat d\u2019urgence a entra\u00een\u00e9 l\u2019instauration d\u2019une l\u00e9galit\u00e9 de crise, se manifestant par une extension sensible des pouvoirs des autorit\u00e9s publiques. A partir de novembre 2015, des milliers de perquisitions administratives ont \u00e9t\u00e9 men\u00e9es, plus de mille mesures d\u2019assignation \u00e0 r\u00e9sidence prononc\u00e9es, ainsi que de nombreuses mesures d\u2019interdiction de manifestation ou de fermetures de lieux de culte. D\u2019une ampleur in\u00e9dite, cet \u00e9tat d\u2019urgence interroge quant \u00e0 ses r\u00e9percussions sur l\u2019Etat de droit et notamment sur la protection des droits et libert\u00e9s du citoyen. Par principe, l\u2019\u00e9tat d\u2019urgence suppose que les autorit\u00e9s administratives soient habilit\u00e9es \u00e0 restreindre les libert\u00e9s pour garantir ou restaurer la s\u00e9curit\u00e9 et l&rsquo;ordre publics. Mais il doit, dans ce cadre, relever d\u2019effets limit\u00e9s dans le temps et dans l\u2019espace. Or les prorogations successives vot\u00e9es par le Parlement inscrivent cet \u00e9tat d\u2019exception dans la dur\u00e9e et tendent aujourd\u2019hui \u00e0 le banaliser, laissant craindre un d\u00e9placement de l&rsquo;\u00e9quilibre entre ordre public et libert\u00e9s.<\/p>\n<p>L\u2019actualit\u00e9 donne ainsi une acuit\u00e9 particuli\u00e8re \u00e0 la question de la compatibilit\u00e9 de l\u2019\u00e9tat d\u2019urgence avec l\u2019Etat de droit. Elle oblige \u00e0 s\u2019interroger sur les garanties qui entourent la mise en \u0153uvre de ce dernier, mais \u00e9galement sur la logique propre \u00e0 cette solution.<br \/>\nAfin d\u2019\u00e9clairer ces diff\u00e9rentes probl\u00e9matiques, le colloque \u00ab Justice et Etat de droit \u00bb se penche tour \u00e0 tour sur la question du r\u00f4le du juge pendant l\u2019Etat d\u2019urgence, sur celle de la vigilance de la soci\u00e9t\u00e9 civile et des moyens d\u2019action de cette derni\u00e8re, avant d\u2019examiner les solutions apport\u00e9es \u00e0 l\u2019\u00e9tranger dans le cas de menaces similaires. En r\u00e9unissant le D\u00e9fenseur des droits, de hauts magistrats, des avocats, des personnalit\u00e9s qualifi\u00e9es et des universitaires fran\u00e7ais et \u00e9trangers, ce colloque offre l\u2019occasion d\u2019une remise en perspective de l\u2019\u00e9tat d\u2019urgence par ceux qui en contr\u00f4lent ces effets, examinent sa port\u00e9e sur les droits et libert\u00e9s des citoyens et interrogent son efficacit\u00e9.<\/p>\n","protected":false},"excerpt":{"rendered":"<p>Justice et Etat de droit Colloque tenu \u00e0 Limoges, 13 octobre 2017 En r\u00e9ponse \u00e0 la menace terroriste, la mise en place de l\u2019\u00e9tat d\u2019urgence a entra\u00een\u00e9 l\u2019instauration d\u2019une l\u00e9galit\u00e9 de crise, se manifestant par une extension sensible des pouvoirs des autorit\u00e9s publiques. A partir de novembre 2015, des milliers de perquisitions administratives ont \u00e9t\u00e9 [&hellip;]<\/p>\n","protected":false},"author":97,"featured_media":0,"parent":0,"menu_order":0,"comment_status":"closed","ping_status":"closed","template":"","meta":{"footnotes":""},"class_list":["post-105","page","type-page","status-publish","hentry"],"yoast_head":"<!-- This site is optimized with the Yoast SEO plugin v26.3 - https:\/\/yoast.com\/wordpress\/plugins\/seo\/ -->\n<title>Justice et Etat de droit - Entretiens d&#039;Aguesseau<\/title>\n<meta name=\"robots\" content=\"index, follow, max-snippet:-1, max-image-preview:large, max-video-preview:-1\" \/>\n<link rel=\"canonical\" href=\"http:\/\/asso.unilim.fr\/daguesseau\/justice-et-etat-de-droit\/\" \/>\n<meta property=\"og:locale\" content=\"fr_FR\" \/>\n<meta property=\"og:type\" content=\"article\" \/>\n<meta property=\"og:title\" content=\"Justice et Etat de droit - Entretiens d&#039;Aguesseau\" \/>\n<meta property=\"og:description\" content=\"Justice et Etat de droit Colloque tenu \u00e0 Limoges, 13 octobre 2017 En r\u00e9ponse \u00e0 la menace terroriste, la mise en place de l\u2019\u00e9tat d\u2019urgence a entra\u00een\u00e9 l\u2019instauration d\u2019une l\u00e9galit\u00e9 de crise, se manifestant par une extension sensible des pouvoirs des autorit\u00e9s publiques. A partir de novembre 2015, des milliers de perquisitions administratives ont \u00e9t\u00e9 [&hellip;]\" \/>\n<meta property=\"og:url\" content=\"http:\/\/asso.unilim.fr\/daguesseau\/justice-et-etat-de-droit\/\" \/>\n<meta property=\"og:site_name\" content=\"Entretiens d&#039;Aguesseau\" \/>\n<meta property=\"article:modified_time\" content=\"2019-08-23T14:46:08+00:00\" \/>\n<meta name=\"twitter:card\" content=\"summary_large_image\" \/>\n<meta name=\"twitter:label1\" content=\"Dur\u00e9e de lecture estim\u00e9e\" \/>\n\t<meta name=\"twitter:data1\" content=\"2 minutes\" \/>\n<script type=\"application\/ld+json\" class=\"yoast-schema-graph\">{\"@context\":\"https:\/\/schema.org\",\"@graph\":[{\"@type\":\"WebPage\",\"@id\":\"http:\/\/asso.unilim.fr\/daguesseau\/justice-et-etat-de-droit\/\",\"url\":\"http:\/\/asso.unilim.fr\/daguesseau\/justice-et-etat-de-droit\/\",\"name\":\"Justice et Etat de droit - Entretiens d&#039;Aguesseau\",\"isPartOf\":{\"@id\":\"http:\/\/asso.unilim.fr\/daguesseau\/#website\"},\"datePublished\":\"2019-08-23T14:39:52+00:00\",\"dateModified\":\"2019-08-23T14:46:08+00:00\",\"breadcrumb\":{\"@id\":\"http:\/\/asso.unilim.fr\/daguesseau\/justice-et-etat-de-droit\/#breadcrumb\"},\"inLanguage\":\"fr-FR\",\"potentialAction\":[{\"@type\":\"ReadAction\",\"target\":[\"http:\/\/asso.unilim.fr\/daguesseau\/justice-et-etat-de-droit\/\"]}]},{\"@type\":\"BreadcrumbList\",\"@id\":\"http:\/\/asso.unilim.fr\/daguesseau\/justice-et-etat-de-droit\/#breadcrumb\",\"itemListElement\":[{\"@type\":\"ListItem\",\"position\":1,\"name\":\"Accueil\",\"item\":\"http:\/\/asso.unilim.fr\/daguesseau\/\"},{\"@type\":\"ListItem\",\"position\":2,\"name\":\"Justice et Etat de droit\"}]},{\"@type\":\"WebSite\",\"@id\":\"http:\/\/asso.unilim.fr\/daguesseau\/#website\",\"url\":\"http:\/\/asso.unilim.fr\/daguesseau\/\",\"name\":\"Entretiens d&#039;Aguesseau\",\"description\":\"universit\u00e9 ouverte source de r\u00e9ussites\",\"potentialAction\":[{\"@type\":\"SearchAction\",\"target\":{\"@type\":\"EntryPoint\",\"urlTemplate\":\"http:\/\/asso.unilim.fr\/daguesseau\/?s={search_term_string}\"},\"query-input\":{\"@type\":\"PropertyValueSpecification\",\"valueRequired\":true,\"valueName\":\"search_term_string\"}}],\"inLanguage\":\"fr-FR\"}]}<\/script>\n<!-- \/ Yoast SEO plugin. -->","yoast_head_json":{"title":"Justice et Etat de droit - Entretiens d&#039;Aguesseau","robots":{"index":"index","follow":"follow","max-snippet":"max-snippet:-1","max-image-preview":"max-image-preview:large","max-video-preview":"max-video-preview:-1"},"canonical":"http:\/\/asso.unilim.fr\/daguesseau\/justice-et-etat-de-droit\/","og_locale":"fr_FR","og_type":"article","og_title":"Justice et Etat de droit - Entretiens d&#039;Aguesseau","og_description":"Justice et Etat de droit Colloque tenu \u00e0 Limoges, 13 octobre 2017 En r\u00e9ponse \u00e0 la menace terroriste, la mise en place de l\u2019\u00e9tat d\u2019urgence a entra\u00een\u00e9 l\u2019instauration d\u2019une l\u00e9galit\u00e9 de crise, se manifestant par une extension sensible des pouvoirs des autorit\u00e9s publiques. A partir de novembre 2015, des milliers de perquisitions administratives ont \u00e9t\u00e9 [&hellip;]","og_url":"http:\/\/asso.unilim.fr\/daguesseau\/justice-et-etat-de-droit\/","og_site_name":"Entretiens d&#039;Aguesseau","article_modified_time":"2019-08-23T14:46:08+00:00","twitter_card":"summary_large_image","twitter_misc":{"Dur\u00e9e de lecture estim\u00e9e":"2 minutes"},"schema":{"@context":"https:\/\/schema.org","@graph":[{"@type":"WebPage","@id":"http:\/\/asso.unilim.fr\/daguesseau\/justice-et-etat-de-droit\/","url":"http:\/\/asso.unilim.fr\/daguesseau\/justice-et-etat-de-droit\/","name":"Justice et Etat de droit - Entretiens d&#039;Aguesseau","isPartOf":{"@id":"http:\/\/asso.unilim.fr\/daguesseau\/#website"},"datePublished":"2019-08-23T14:39:52+00:00","dateModified":"2019-08-23T14:46:08+00:00","breadcrumb":{"@id":"http:\/\/asso.unilim.fr\/daguesseau\/justice-et-etat-de-droit\/#breadcrumb"},"inLanguage":"fr-FR","potentialAction":[{"@type":"ReadAction","target":["http:\/\/asso.unilim.fr\/daguesseau\/justice-et-etat-de-droit\/"]}]},{"@type":"BreadcrumbList","@id":"http:\/\/asso.unilim.fr\/daguesseau\/justice-et-etat-de-droit\/#breadcrumb","itemListElement":[{"@type":"ListItem","position":1,"name":"Accueil","item":"http:\/\/asso.unilim.fr\/daguesseau\/"},{"@type":"ListItem","position":2,"name":"Justice et Etat de droit"}]},{"@type":"WebSite","@id":"http:\/\/asso.unilim.fr\/daguesseau\/#website","url":"http:\/\/asso.unilim.fr\/daguesseau\/","name":"Entretiens d&#039;Aguesseau","description":"universit\u00e9 ouverte source de r\u00e9ussites","potentialAction":[{"@type":"SearchAction","target":{"@type":"EntryPoint","urlTemplate":"http:\/\/asso.unilim.fr\/daguesseau\/?s={search_term_string}"},"query-input":{"@type":"PropertyValueSpecification","valueRequired":true,"valueName":"search_term_string"}}],"inLanguage":"fr-FR"}]}},"_links":{"self":[{"href":"https:\/\/asso.unilim.fr\/daguesseau\/wp-json\/wp\/v2\/pages\/105","targetHints":{"allow":["GET"]}}],"collection":[{"href":"https:\/\/asso.unilim.fr\/daguesseau\/wp-json\/wp\/v2\/pages"}],"about":[{"href":"https:\/\/asso.unilim.fr\/daguesseau\/wp-json\/wp\/v2\/types\/page"}],"author":[{"embeddable":true,"href":"https:\/\/asso.unilim.fr\/daguesseau\/wp-json\/wp\/v2\/users\/97"}],"replies":[{"embeddable":true,"href":"https:\/\/asso.unilim.fr\/daguesseau\/wp-json\/wp\/v2\/comments?post=105"}],"version-history":[{"count":0,"href":"https:\/\/asso.unilim.fr\/daguesseau\/wp-json\/wp\/v2\/pages\/105\/revisions"}],"wp:attachment":[{"href":"https:\/\/asso.unilim.fr\/daguesseau\/wp-json\/wp\/v2\/media?parent=105"}],"curies":[{"name":"wp","href":"https:\/\/api.w.org\/{rel}","templated":true}]}}