{"id":143,"date":"2025-03-12T23:00:00","date_gmt":"2025-02-25T14:10:47","guid":{"rendered":"https:\/\/asso.unilim.fr\/adplim\/?page_id=143"},"modified":"2025-04-16T14:19:10","modified_gmt":"2025-04-16T12:19:10","slug":"talented-le-gala-des-doctorants","status":"publish","type":"page","link":"https:\/\/asso.unilim.fr\/adplim\/evenements\/talented-le-gala-des-doctorants\/","title":{"rendered":"Incroyablement Talent&rsquo;ED"},"content":{"rendered":"        <div class=\"container-fluid  \" style=\"\">\n                      <div class=\"container\">\n                <div class=\"row \" style=\"margin-top: 30px;margin-bottom: 30px\">        <div class=\"col-sm-4 \">\n                    <div class=\"clearfix ul-element-text \">\n            \n<p style=\"text-align: center\"><a class=\"\" href=\"https:\/\/asso.unilim.fr\/adplim\/wp-content\/uploads\/sites\/14\/2025\/02\/talented.png\"><img loading=\"lazy\" decoding=\"async\" class=\"alignnone wp-image-145\" src=\"https:\/\/asso.unilim.fr\/adplim\/wp-content\/uploads\/sites\/14\/2025\/02\/talented-300x82.png\" alt=\"\" width=\"384\" height=\"105\" srcset=\"https:\/\/asso.unilim.fr\/adplim\/wp-content\/uploads\/sites\/14\/2025\/02\/talented-300x82.png 300w, https:\/\/asso.unilim.fr\/adplim\/wp-content\/uploads\/sites\/14\/2025\/02\/talented.png 630w\" sizes=\"auto, (max-width: 384px) 100vw, 384px\" \/><\/a><\/p>\n        <\/div>\n                <\/div>\n                <div class=\"col-sm-8 \">\n                    <div class=\"clearfix ul-element-text \">\n            \n<p>La soir\u00e9e Incroyablement\u00a0 Talent\u2019ED est une version revisit\u00e9e et enrichie du traditionnel Gala des Doctorants !<\/p>\n<p><span style=\"text-decoration: underline\">Qu&rsquo;est-ce que c&rsquo;est<\/span> ?<\/p>\n<p>Cette soir\u00e9e a pour vocation premi\u00e8re de cr\u00e9er un moment de convivialit\u00e9 et d\u2019\u00e9change entre les doctorants, loin des contraintes du quotidien et du stress li\u00e9 \u00e0 la r\u00e9alisation d\u2019une th\u00e8se. Elle offre une opportunit\u00e9 unique de tisser des liens entre doctorants de disciplines vari\u00e9es, tout en mettant en lumi\u00e8re les diff\u00e9rentes associations qui animent la vie universitaire.<\/p>\n<p>Incroyablement Talent\u2019ED c\u00e9l\u00e8bre \u00e9galement la cr\u00e9ativit\u00e9 des doctorants\u00a0 : chant, danse, th\u00e9\u00e2tre, arts visuels, performances cr\u00e9atives sont \u00e0 l\u2019honneur. Cette soir\u00e9e leur offre une sc\u00e8ne pour exprimer leurs talents et partager leur passion avec leurs pairs. Nous croyons fermement que cette initiative contribue \u00e0 construire une communaut\u00e9 plus soud\u00e9e et valoris\u00e9e, tout en enrichissant la vie culturelle et sociale des doctorants.<\/p>\n<p>Dans un esprit de comp\u00e9tition amicale, l\u2019\u00e9v\u00e9nement prend la forme d\u2019un concours o\u00f9 les spectateurs jouent un r\u00f4le cl\u00e9 : \u00e0 l\u2019issue des performances, ils votent pour leurs pr\u00e9sentations pr\u00e9f\u00e9r\u00e9es. Les laur\u00e9ats se verront attribuer des prix valorisant ainsi l\u2019excellence et l\u2019engagement des participants.<\/p>\n<p><span style=\"text-decoration: underline\">Le programme<\/span> ?<\/p>\n<ul>\n<li><strong>Pr\u00e9sentation des talents<\/strong> : performances sur sc\u00e8ne et expositions sur stand pour mettre en lumi\u00e8re les talents vari\u00e9s des doctorants.<\/li>\n<li><strong>Remise des prix<\/strong> : une reconnaissance des meilleures performances avec des r\u00e9compenses offertes par nos partenaires.<\/li>\n<li><strong>Repas festif<\/strong> : un d\u00eener pr\u00e9par\u00e9 par un traiteur, adapt\u00e9 \u00e0 diff\u00e9rents r\u00e9gimes alimentaires (v\u00e9g\u00e9tarien, v\u00e9gan, sans gluten, etc.).<\/li>\n<\/ul>\n        <\/div>\n                <\/div>\n        <\/div>\n            <\/div>\n                  <\/div>\n        \n","protected":false},"excerpt":{"rendered":"","protected":false},"author":255,"featured_media":0,"parent":56,"menu_order":0,"comment_status":"closed","ping_status":"closed","template":"page-le.php","meta":{"footnotes":""},"class_list":["post-143","page","type-page","status-publish","hentry"],"yoast_head":"<!-- This site is optimized with the Yoast SEO plugin v26.3 - https:\/\/yoast.com\/wordpress\/plugins\/seo\/ -->\n<title>Incroyablement Talent&#039;ED - Association des Doctorants Pluridisciplinaires de Limoges<\/title>\n<meta name=\"robots\" content=\"index, follow, max-snippet:-1, max-image-preview:large, max-video-preview:-1\" \/>\n<link rel=\"canonical\" href=\"https:\/\/asso.unilim.fr\/adplim\/evenements\/talented-le-gala-des-doctorants\/\" \/>\n<meta property=\"og:locale\" content=\"fr_FR\" \/>\n<meta property=\"og:type\" content=\"article\" \/>\n<meta property=\"og:title\" content=\"Incroyablement Talent&#039;ED - Association des Doctorants Pluridisciplinaires de Limoges\" \/>\n<meta property=\"og:url\" content=\"https:\/\/asso.unilim.fr\/adplim\/evenements\/talented-le-gala-des-doctorants\/\" \/>\n<meta property=\"og:site_name\" content=\"Association des Doctorants Pluridisciplinaires de Limoges\" \/>\n<meta property=\"article:modified_time\" content=\"2025-04-16T12:19:10+00:00\" \/>\n<meta property=\"og:image\" content=\"https:\/\/asso.unilim.fr\/adplim\/wp-content\/uploads\/sites\/14\/2025\/02\/talented.png\" \/>\n\t<meta property=\"og:image:width\" content=\"630\" \/>\n\t<meta property=\"og:image:height\" content=\"172\" \/>\n\t<meta property=\"og:image:type\" content=\"image\/png\" \/>\n<meta name=\"twitter:card\" content=\"summary_large_image\" \/>\n<meta name=\"twitter:label1\" content=\"Dur\u00e9e de lecture estim\u00e9e\" \/>\n\t<meta name=\"twitter:data1\" content=\"2 minutes\" \/>\n<script type=\"application\/ld+json\" class=\"yoast-schema-graph\">{\"@context\":\"https:\/\/schema.org\",\"@graph\":[{\"@type\":\"WebPage\",\"@id\":\"https:\/\/asso.unilim.fr\/adplim\/evenements\/talented-le-gala-des-doctorants\/\",\"url\":\"https:\/\/asso.unilim.fr\/adplim\/evenements\/talented-le-gala-des-doctorants\/\",\"name\":\"Incroyablement Talent'ED - Association des Doctorants Pluridisciplinaires de Limoges\",\"isPartOf\":{\"@id\":\"https:\/\/asso.unilim.fr\/adplim\/#website\"},\"primaryImageOfPage\":{\"@id\":\"https:\/\/asso.unilim.fr\/adplim\/evenements\/talented-le-gala-des-doctorants\/#primaryimage\"},\"image\":{\"@id\":\"https:\/\/asso.unilim.fr\/adplim\/evenements\/talented-le-gala-des-doctorants\/#primaryimage\"},\"thumbnailUrl\":\"https:\/\/asso.unilim.fr\/adplim\/wp-content\/uploads\/sites\/14\/2025\/02\/talented-300x82.png\",\"datePublished\":\"2025-02-25T14:10:47+00:00\",\"dateModified\":\"2025-04-16T12:19:10+00:00\",\"breadcrumb\":{\"@id\":\"https:\/\/asso.unilim.fr\/adplim\/evenements\/talented-le-gala-des-doctorants\/#breadcrumb\"},\"inLanguage\":\"fr-FR\",\"potentialAction\":[{\"@type\":\"ReadAction\",\"target\":[\"https:\/\/asso.unilim.fr\/adplim\/evenements\/talented-le-gala-des-doctorants\/\"]}]},{\"@type\":\"ImageObject\",\"inLanguage\":\"fr-FR\",\"@id\":\"https:\/\/asso.unilim.fr\/adplim\/evenements\/talented-le-gala-des-doctorants\/#primaryimage\",\"url\":\"https:\/\/asso.unilim.fr\/adplim\/wp-content\/uploads\/sites\/14\/2025\/02\/talented-300x82.png\",\"contentUrl\":\"https:\/\/asso.unilim.fr\/adplim\/wp-content\/uploads\/sites\/14\/2025\/02\/talented-300x82.png\"},{\"@type\":\"BreadcrumbList\",\"@id\":\"https:\/\/asso.unilim.fr\/adplim\/evenements\/talented-le-gala-des-doctorants\/#breadcrumb\",\"itemListElement\":[{\"@type\":\"ListItem\",\"position\":1,\"name\":\"Accueil\",\"item\":\"https:\/\/asso.unilim.fr\/adplim\/\"},{\"@type\":\"ListItem\",\"position\":2,\"name\":\"Ev\u00e8nements\",\"item\":\"https:\/\/asso.unilim.fr\/adplim\/evenements\/\"},{\"@type\":\"ListItem\",\"position\":3,\"name\":\"Incroyablement Talent&rsquo;ED\"}]},{\"@type\":\"WebSite\",\"@id\":\"https:\/\/asso.unilim.fr\/adplim\/#website\",\"url\":\"https:\/\/asso.unilim.fr\/adplim\/\",\"name\":\"Association des Doctorants Pluridisciplinaires de Limoges\",\"description\":\"universit\u00e9 ouverte source de r\u00e9ussites\",\"potentialAction\":[{\"@type\":\"SearchAction\",\"target\":{\"@type\":\"EntryPoint\",\"urlTemplate\":\"https:\/\/asso.unilim.fr\/adplim\/?s={search_term_string}\"},\"query-input\":{\"@type\":\"PropertyValueSpecification\",\"valueRequired\":true,\"valueName\":\"search_term_string\"}}],\"inLanguage\":\"fr-FR\"}]}<\/script>\n<!-- \/ Yoast SEO plugin. -->","yoast_head_json":{"title":"Incroyablement Talent'ED - Association des Doctorants Pluridisciplinaires de Limoges","robots":{"index":"index","follow":"follow","max-snippet":"max-snippet:-1","max-image-preview":"max-image-preview:large","max-video-preview":"max-video-preview:-1"},"canonical":"https:\/\/asso.unilim.fr\/adplim\/evenements\/talented-le-gala-des-doctorants\/","og_locale":"fr_FR","og_type":"article","og_title":"Incroyablement Talent'ED - Association des Doctorants Pluridisciplinaires de Limoges","og_url":"https:\/\/asso.unilim.fr\/adplim\/evenements\/talented-le-gala-des-doctorants\/","og_site_name":"Association des Doctorants Pluridisciplinaires de Limoges","article_modified_time":"2025-04-16T12:19:10+00:00","og_image":[{"width":630,"height":172,"url":"https:\/\/asso.unilim.fr\/adplim\/wp-content\/uploads\/sites\/14\/2025\/02\/talented.png","type":"image\/png"}],"twitter_card":"summary_large_image","twitter_misc":{"Dur\u00e9e de lecture estim\u00e9e":"2 minutes"},"schema":{"@context":"https:\/\/schema.org","@graph":[{"@type":"WebPage","@id":"https:\/\/asso.unilim.fr\/adplim\/evenements\/talented-le-gala-des-doctorants\/","url":"https:\/\/asso.unilim.fr\/adplim\/evenements\/talented-le-gala-des-doctorants\/","name":"Incroyablement Talent'ED - Association des Doctorants Pluridisciplinaires de Limoges","isPartOf":{"@id":"https:\/\/asso.unilim.fr\/adplim\/#website"},"primaryImageOfPage":{"@id":"https:\/\/asso.unilim.fr\/adplim\/evenements\/talented-le-gala-des-doctorants\/#primaryimage"},"image":{"@id":"https:\/\/asso.unilim.fr\/adplim\/evenements\/talented-le-gala-des-doctorants\/#primaryimage"},"thumbnailUrl":"https:\/\/asso.unilim.fr\/adplim\/wp-content\/uploads\/sites\/14\/2025\/02\/talented-300x82.png","datePublished":"2025-02-25T14:10:47+00:00","dateModified":"2025-04-16T12:19:10+00:00","breadcrumb":{"@id":"https:\/\/asso.unilim.fr\/adplim\/evenements\/talented-le-gala-des-doctorants\/#breadcrumb"},"inLanguage":"fr-FR","potentialAction":[{"@type":"ReadAction","target":["https:\/\/asso.unilim.fr\/adplim\/evenements\/talented-le-gala-des-doctorants\/"]}]},{"@type":"ImageObject","inLanguage":"fr-FR","@id":"https:\/\/asso.unilim.fr\/adplim\/evenements\/talented-le-gala-des-doctorants\/#primaryimage","url":"https:\/\/asso.unilim.fr\/adplim\/wp-content\/uploads\/sites\/14\/2025\/02\/talented-300x82.png","contentUrl":"https:\/\/asso.unilim.fr\/adplim\/wp-content\/uploads\/sites\/14\/2025\/02\/talented-300x82.png"},{"@type":"BreadcrumbList","@id":"https:\/\/asso.unilim.fr\/adplim\/evenements\/talented-le-gala-des-doctorants\/#breadcrumb","itemListElement":[{"@type":"ListItem","position":1,"name":"Accueil","item":"https:\/\/asso.unilim.fr\/adplim\/"},{"@type":"ListItem","position":2,"name":"Ev\u00e8nements","item":"https:\/\/asso.unilim.fr\/adplim\/evenements\/"},{"@type":"ListItem","position":3,"name":"Incroyablement Talent&rsquo;ED"}]},{"@type":"WebSite","@id":"https:\/\/asso.unilim.fr\/adplim\/#website","url":"https:\/\/asso.unilim.fr\/adplim\/","name":"Association des Doctorants Pluridisciplinaires de Limoges","description":"universit\u00e9 ouverte source de r\u00e9ussites","potentialAction":[{"@type":"SearchAction","target":{"@type":"EntryPoint","urlTemplate":"https:\/\/asso.unilim.fr\/adplim\/?s={search_term_string}"},"query-input":{"@type":"PropertyValueSpecification","valueRequired":true,"valueName":"search_term_string"}}],"inLanguage":"fr-FR"}]}},"_links":{"self":[{"href":"https:\/\/asso.unilim.fr\/adplim\/wp-json\/wp\/v2\/pages\/143","targetHints":{"allow":["GET"]}}],"collection":[{"href":"https:\/\/asso.unilim.fr\/adplim\/wp-json\/wp\/v2\/pages"}],"about":[{"href":"https:\/\/asso.unilim.fr\/adplim\/wp-json\/wp\/v2\/types\/page"}],"author":[{"embeddable":true,"href":"https:\/\/asso.unilim.fr\/adplim\/wp-json\/wp\/v2\/users\/255"}],"replies":[{"embeddable":true,"href":"https:\/\/asso.unilim.fr\/adplim\/wp-json\/wp\/v2\/comments?post=143"}],"version-history":[{"count":15,"href":"https:\/\/asso.unilim.fr\/adplim\/wp-json\/wp\/v2\/pages\/143\/revisions"}],"predecessor-version":[{"id":324,"href":"https:\/\/asso.unilim.fr\/adplim\/wp-json\/wp\/v2\/pages\/143\/revisions\/324"}],"up":[{"embeddable":true,"href":"https:\/\/asso.unilim.fr\/adplim\/wp-json\/wp\/v2\/pages\/56"}],"wp:attachment":[{"href":"https:\/\/asso.unilim.fr\/adplim\/wp-json\/wp\/v2\/media?parent=143"}],"curies":[{"name":"wp","href":"https:\/\/api.w.org\/{rel}","templated":true}]}}